/*
Navicat MySQL Data Transfer

Source Server         : LocalHost
Source Server Version : 50624
Source Host           : localhost:3306
Source Database       : taekwando

Target Server Type    : MYSQL
Target Server Version : 50624
File Encoding         : 65001

Date: 2025-12-30 15:04:23
*/

SET FOREIGN_KEY_CHECKS=0;

-- ----------------------------
-- Table structure for `arbitros`
-- ----------------------------
DROP TABLE IF EXISTS `arbitros`;
CREATE TABLE `arbitros` (
  `id` int(11) NOT NULL AUTO_INCREMENT,
  `nombre` varchar(64) DEFAULT NULL,
  `cedula` varchar(16) DEFAULT NULL,
  `direccion` varchar(100) DEFAULT NULL,
  `telefono` varchar(16) DEFAULT NULL,
  `celular` varchar(16) DEFAULT NULL,
  `tipo` int(11) DEFAULT NULL,
  `grado` int(11) DEFAULT NULL,
  `nota` varchar(1024) DEFAULT NULL,
  PRIMARY KEY (`id`)
) ENGINE=InnoDB AUTO_INCREMENT=8 DEFAULT CHARSET=utf8mb4;

-- ----------------------------
-- Records of arbitros
-- ----------------------------
INSERT INTO `arbitros` VALUES ('1', 'JOSE MANUEL PIMENTEL', null, null, null, null, null, null, null);
INSERT INTO `arbitros` VALUES ('2', 'JUAN CARLOS FARELA', null, null, null, null, null, null, null);
INSERT INTO `arbitros` VALUES ('3', 'PEDRO ANTONIO RODIGUEZ', null, null, null, null, null, null, null);
INSERT INTO `arbitros` VALUES ('4', 'MANUEL ANTONIO CASTRO RODRIGUEZ', null, null, null, null, null, null, null);
INSERT INTO `arbitros` VALUES ('5', 'RICHARD FELIZ SANTOS', null, null, null, null, null, null, null);
INSERT INTO `arbitros` VALUES ('6', 'JUNIO ALMANZAR PIMENTEL', null, null, null, null, null, null, null);
INSERT INTO `arbitros` VALUES ('7', null, null, null, null, null, null, null, null);

-- ----------------------------
-- Table structure for `asociaciones`
-- ----------------------------
DROP TABLE IF EXISTS `asociaciones`;
CREATE TABLE `asociaciones` (
  `id` int(20) NOT NULL AUTO_INCREMENT,
  `nombre` varchar(100) DEFAULT NULL,
  `id_provincia` int(11) DEFAULT '0',
  `id_municipio` int(11) DEFAULT '0',
  `direccion` varchar(150) DEFAULT NULL,
  `email` varchar(100) DEFAULT NULL,
  `telefono` varchar(16) DEFAULT NULL,
  `presidente` varchar(100) DEFAULT NULL,
  `celular_presidente` varchar(20) DEFAULT NULL,
  `vice_presidente1` varchar(100) DEFAULT NULL,
  `celular_vice1` varchar(20) DEFAULT NULL,
  `vice_presidente2` varchar(100) DEFAULT NULL,
  `celular_vice2` varchar(20) DEFAULT NULL,
  `secretario` varchar(100) DEFAULT NULL,
  `celular_secretario` varchar(20) DEFAULT NULL,
  `tesorero` varchar(100) DEFAULT NULL,
  `celular_tesorero` varchar(20) DEFAULT NULL,
  `rel_publica` varchar(100) DEFAULT NULL,
  `celular_rel_publica` varchar(20) DEFAULT NULL,
  `secretario_acta` varchar(100) DEFAULT NULL,
  `celular_sec_acta` varchar(20) DEFAULT NULL,
  `vocal1` varchar(100) DEFAULT NULL,
  `celular_vocal1` varchar(20) DEFAULT NULL,
  `vocal2` varchar(100) DEFAULT NULL,
  `celular_vocal2` varchar(20) DEFAULT NULL,
  `vocal3` varchar(100) DEFAULT NULL,
  `celular_vocal3` varchar(20) DEFAULT NULL,
  `nota` text,
  PRIMARY KEY (`id`)
) ENGINE=InnoDB AUTO_INCREMENT=21 DEFAULT CHARSET=utf8mb4;

-- ----------------------------
-- Records of asociaciones
-- ----------------------------
INSERT INTO `asociaciones` VALUES ('1', 'MONTE PLATA', '19', null, null, null, null, null, null, null, null, null, null, null, null, null, null, null, null, null, null, null, null, null, null, null, null, null);
INSERT INTO `asociaciones` VALUES ('2', 'SAN CRISTOBAL', '25', null, null, null, null, null, null, null, null, null, null, null, null, null, null, null, null, null, null, null, null, null, null, null, null, null);
INSERT INTO `asociaciones` VALUES ('3', 'HERMANAS MIRABAL (SALCEDO)', '11', null, null, null, null, null, null, null, null, null, null, null, null, null, null, null, null, null, null, null, null, null, null, null, null, null);
INSERT INTO `asociaciones` VALUES ('4', 'PROVINCIA SANTO DOMINGO', '31', null, null, null, null, null, null, null, null, null, null, null, null, null, null, null, null, null, null, null, null, null, null, null, null, null);
INSERT INTO `asociaciones` VALUES ('5', 'DISTRITO NACIONAL', '1', null, null, null, null, null, null, null, null, null, null, null, null, null, null, null, null, null, null, null, null, null, null, null, null, null);
INSERT INTO `asociaciones` VALUES ('6', 'LA ROMANA', '14', null, null, null, null, null, null, null, null, null, null, null, null, null, null, null, null, null, null, null, null, null, null, null, null, null);
INSERT INTO `asociaciones` VALUES ('7', 'SAN JUAN DE LA MAGUANA', '27', null, null, null, null, null, null, null, null, null, null, null, null, null, null, null, null, null, null, null, null, null, null, null, null, null);
INSERT INTO `asociaciones` VALUES ('8', 'BARAHORA', '4', null, null, null, null, null, null, null, null, null, null, null, null, null, null, null, null, null, null, null, null, null, null, null, null, null);
INSERT INTO `asociaciones` VALUES ('9', 'JIMANI', '12', null, null, null, null, null, null, null, null, null, null, null, null, null, null, null, null, null, null, null, null, null, null, null, null, null);
INSERT INTO `asociaciones` VALUES ('10', 'LA VEGA', '15', null, null, null, null, null, null, null, null, null, null, null, null, null, null, null, null, null, null, null, null, null, null, null, null, null);
INSERT INTO `asociaciones` VALUES ('11', 'SANTIAGO', '29', null, null, null, null, null, null, null, null, null, null, null, null, null, null, null, null, null, null, null, null, null, null, null, null, null);
INSERT INTO `asociaciones` VALUES ('12', 'MOCA', '9', null, null, null, null, null, null, null, null, null, null, null, null, null, null, null, null, null, null, null, null, null, null, null, null, null);
INSERT INTO `asociaciones` VALUES ('13', 'PUERTO PLATA', '22', null, null, null, null, null, null, null, null, null, null, null, null, null, null, null, null, null, null, null, null, null, null, null, null, null);
INSERT INTO `asociaciones` VALUES ('14', 'SANTO DOMINGO', '31', null, null, null, null, null, null, null, null, null, null, null, null, null, null, null, null, null, null, null, null, null, null, null, null, null);
INSERT INTO `asociaciones` VALUES ('15', 'SAN FRANCISCO', '6', null, null, null, null, null, null, null, null, null, null, null, null, null, null, null, null, null, null, null, null, null, null, null, null, null);
INSERT INTO `asociaciones` VALUES ('17', 'PROVINCIA LA ALTAGRACIA (HIGUEY)', '13', '0', null, null, null, null, null, null, null, null, null, null, null, null, null, null, null, null, null, null, null, null, null, null, null, null);
INSERT INTO `asociaciones` VALUES ('18', 'SAMANA', '23', '0', null, null, null, null, null, null, null, null, null, null, null, null, null, null, null, null, null, null, null, null, null, null, null, null);
INSERT INTO `asociaciones` VALUES ('19', 'EL SEIBO', '8', '0', null, null, null, null, null, null, null, null, null, null, null, null, null, null, null, null, null, null, null, null, null, null, null, null);
INSERT INTO `asociaciones` VALUES ('20', 'HATO MAYOR', '10', '0', null, null, null, null, null, null, null, null, null, null, null, null, null, null, null, null, null, null, null, null, null, null, null, null);

-- ----------------------------
-- Table structure for `escuelas`
-- ----------------------------
DROP TABLE IF EXISTS `escuelas`;
CREATE TABLE `escuelas` (
  `id` int(20) NOT NULL AUTO_INCREMENT,
  `nombre` varchar(100) DEFAULT '',
  `id_asociacion` int(11) DEFAULT NULL,
  `asociacion` varchar(100) DEFAULT NULL,
  `direccion` varchar(150) DEFAULT '',
  `email` varchar(100) DEFAULT NULL,
  `telefono` varchar(16) DEFAULT NULL,
  `presidente` varchar(100) DEFAULT NULL,
  `celular_presidente` varchar(20) DEFAULT NULL,
  `vice_presidente1` varchar(100) DEFAULT NULL,
  `celular_vice1` varchar(20) DEFAULT NULL,
  `vice_presidente2` varchar(100) DEFAULT NULL,
  `celular_vice2` varchar(20) DEFAULT NULL,
  `secretario` varchar(100) DEFAULT NULL,
  `celular_secretario` varchar(20) DEFAULT NULL,
  `tesorero` varchar(100) DEFAULT NULL,
  `celular_tesorero` varchar(20) DEFAULT NULL,
  `rel_publica` varchar(100) DEFAULT NULL,
  `celular_rel_publica` varchar(20) DEFAULT NULL,
  `secretario_acta` varchar(100) DEFAULT NULL,
  `celular_sec_acta` varchar(20) DEFAULT NULL,
  `vocal1` varchar(100) DEFAULT NULL,
  `celular_vocal1` varchar(20) DEFAULT NULL,
  `vocal2` varchar(100) DEFAULT NULL,
  `celular_vocal2` varchar(20) DEFAULT NULL,
  `vocal3` varchar(100) DEFAULT NULL,
  `celular_vocal3` varchar(20) DEFAULT NULL,
  `nota` text,
  `status` int(11) DEFAULT '1',
  PRIMARY KEY (`id`)
) ENGINE=InnoDB AUTO_INCREMENT=57 DEFAULT CHARSET=utf8mb4;

-- ----------------------------
-- Records of escuelas
-- ----------------------------
INSERT INTO `escuelas` VALUES ('3', 'CLUB DIEGO SORIANO', '1', 'MONTE PLATA', '', null, null, null, null, null, null, null, null, null, null, null, null, null, null, null, null, null, null, null, null, null, null, null, '1');
INSERT INTO `escuelas` VALUES ('4', 'Virtud Marcial ', '1', 'MONTE PLATA', '', null, null, null, null, null, null, null, null, null, null, null, null, null, null, null, null, null, null, null, null, null, null, null, '1');
INSERT INTO `escuelas` VALUES ('5', 'Academia de taekwondo Hector Rodriguez', '1', 'MONTE PLATA', '', null, null, null, null, null, null, null, null, null, null, null, null, null, null, null, null, null, null, null, null, null, null, null, '1');
INSERT INTO `escuelas` VALUES ('6', 'RUIZ TKD', '2', 'SAN CRISTOBAL', '', null, null, null, null, null, null, null, null, null, null, null, null, null, null, null, null, null, null, null, null, null, null, null, '1');
INSERT INTO `escuelas` VALUES ('7', 'DAURI TKD', '2', 'SAN CRISTOBAL', '', null, null, null, null, null, null, null, null, null, null, null, null, null, null, null, null, null, null, null, null, null, null, null, '1');
INSERT INTO `escuelas` VALUES ('8', 'ACADEMIA TKD FELIX ', '2', 'SAN CRISTOBAL', '', null, null, null, null, null, null, null, null, null, null, null, null, null, null, null, null, null, null, null, null, null, null, null, '1');
INSERT INTO `escuelas` VALUES ('9', 'YUDI TKD', '2', 'SAN CRISTOBAL', '', null, null, null, null, null, null, null, null, null, null, null, null, null, null, null, null, null, null, null, null, null, null, null, '1');
INSERT INTO `escuelas` VALUES ('10', 'Club Deportivo Mieses Tkd', '2', 'SAN CRISTOBAL', '', null, null, null, null, null, null, null, null, null, null, null, null, null, null, null, null, null, null, null, null, null, null, null, '1');
INSERT INTO `escuelas` VALUES ('11', 'MORA TKD', '16', 'SAN FRANCISCO', '', null, null, null, null, null, null, null, null, null, null, null, null, null, null, null, null, null, null, null, null, null, null, null, '1');
INSERT INTO `escuelas` VALUES ('12', 'TONY TKD CENTER', '3', 'HERMANAS MIRABAL SALCEDO', '', null, null, null, null, null, null, null, null, null, null, null, null, null, null, null, null, null, null, null, null, null, null, null, '1');
INSERT INTO `escuelas` VALUES ('13', 'AMERICAN TKD', '14', 'PROVINCIA SANTO DOMINGO', '', null, null, null, null, null, null, null, null, null, null, null, null, null, null, null, null, null, null, null, null, null, null, null, '1');
INSERT INTO `escuelas` VALUES ('14', 'VICTORIA PARQUE DEL ESTE', '14', 'PROVINCIA SANTO DOMINGO', '', null, null, null, null, null, null, null, null, null, null, null, null, null, null, null, null, null, null, null, null, null, null, null, '1');
INSERT INTO `escuelas` VALUES ('15', 'BENJAMIN TKD', '14', 'PROVINCIA SANTO DOMINGO', '', null, null, null, null, null, null, null, null, null, null, null, null, null, null, null, null, null, null, null, null, null, null, null, '1');
INSERT INTO `escuelas` VALUES ('16', 'LEDESMA TKD', '14', 'PROVINCIA SANTO DOMINGO', '', null, null, null, null, null, null, null, null, null, null, null, null, null, null, null, null, null, null, null, null, null, null, null, '1');
INSERT INTO `escuelas` VALUES ('17', 'Vm TKD ', '14', 'PROVINCIA SANTO DOMINGO', '', null, null, null, null, null, null, null, null, null, null, null, null, null, null, null, null, null, null, null, null, null, null, null, '1');
INSERT INTO `escuelas` VALUES ('18', 'Centro Heros tkd', '14', 'PROVINCIA SANTO DOMINGO', '', null, null, null, null, null, null, null, null, null, null, null, null, null, null, null, null, null, null, null, null, null, null, null, '1');
INSERT INTO `escuelas` VALUES ('19', 'Roberto Taekwondo Universal', '14', 'PROVINCIA SANTO DOMINGO', '', null, null, null, null, null, null, null, null, null, null, null, null, null, null, null, null, null, null, null, null, null, null, null, '1');
INSERT INTO `escuelas` VALUES ('20', 'RENACIMIENTO', '14', 'PROVINCIA SANTO DOMINGO', '', null, null, null, null, null, null, null, null, null, null, null, null, null, null, null, null, null, null, null, null, null, null, null, '1');
INSERT INTO `escuelas` VALUES ('21', 'Academia de tkd Lusito Pie ', '14', 'PROVINCIA SANTO DOMINGO', '', null, null, null, null, null, null, null, null, null, null, null, null, null, null, null, null, null, null, null, null, null, null, null, '1');
INSERT INTO `escuelas` VALUES ('22', 'JINHWAN', '5', 'DISTRITO NACIONAL', '', null, null, null, null, null, null, null, null, null, null, null, null, null, null, null, null, null, null, null, null, null, null, null, '1');
INSERT INTO `escuelas` VALUES ('23', 'LISTAUAS', '5', 'DISTRITO NACIONAL', '', null, null, null, null, null, null, null, null, null, null, null, null, null, null, null, null, null, null, null, null, null, null, null, '1');
INSERT INTO `escuelas` VALUES ('24', 'CLUB ARROYO HONDO', '5', 'DISTRITO NACIONAL', '', null, null, null, null, null, null, null, null, null, null, null, null, null, null, null, null, null, null, null, null, null, null, null, '1');
INSERT INTO `escuelas` VALUES ('25', 'INICIACION', '5', 'DISTRITO NACIONAL', '', null, null, null, null, null, null, null, null, null, null, null, null, null, null, null, null, null, null, null, null, null, null, null, '1');
INSERT INTO `escuelas` VALUES ('26', 'MALDONADO´S TAEKWONDO', '5', 'DISTRITO NACIONAL', '', null, null, null, null, null, null, null, null, null, null, null, null, null, null, null, null, null, null, null, null, null, null, null, '1');
INSERT INTO `escuelas` VALUES ('27', 'VELOZ TKD CENTER', '6', 'LA ROMANA', '', null, null, null, null, null, null, null, null, null, null, null, null, null, null, null, null, null, null, null, null, null, null, null, '1');
INSERT INTO `escuelas` VALUES ('28', 'INTITUTO DE TKD ROMANA', '6', 'LA ROMANA', '', null, null, null, null, null, null, null, null, null, null, null, null, null, null, null, null, null, null, null, null, null, null, null, '1');
INSERT INTO `escuelas` VALUES ('29', 'CLUB PEDRO MONTERO', '7', 'SAN JUAN DE LA MAGUANA', '', null, null, null, null, null, null, null, null, null, null, null, null, null, null, null, null, null, null, null, null, null, null, null, '1');
INSERT INTO `escuelas` VALUES ('30', 'POLIDEPORTIVO DE BARAHONA', '8', 'BARAHONA', '', null, null, null, null, null, null, null, null, null, null, null, null, null, null, null, null, null, null, null, null, null, null, null, '1');
INSERT INTO `escuelas` VALUES ('31', 'POLIDEPORTIVO PROVINCIA INDEPENDENCIA', '9', 'JIMANI', '', null, null, null, null, null, null, null, null, null, null, null, null, null, null, null, null, null, null, null, null, null, null, null, '1');
INSERT INTO `escuelas` VALUES ('32', 'ELITE TAEKWONDO', '10', 'LA VEGA', '', null, null, null, null, null, null, null, null, null, null, null, null, null, null, null, null, null, null, null, null, null, null, null, '1');
INSERT INTO `escuelas` VALUES ('33', 'Centro de Tkd Vctor Sanchez ', '10', 'LA VEGA', '', null, null, null, null, null, null, null, null, null, null, null, null, null, null, null, null, null, null, null, null, null, null, null, '1');
INSERT INTO `escuelas` VALUES ('34', 'Jochi TKD Center ', '10', 'LA VEGA', '', null, null, null, null, null, null, null, null, null, null, null, null, null, null, null, null, null, null, null, null, null, null, null, '1');
INSERT INTO `escuelas` VALUES ('35', 'GRULLON TKD CENTER', '11', 'SANTIAGO', '', null, null, null, null, null, null, null, null, null, null, null, null, null, null, null, null, null, null, null, null, null, null, null, '1');
INSERT INTO `escuelas` VALUES ('36', 'SERRIN TKD', '11', 'SANTIAGO', '', null, null, null, null, null, null, null, null, null, null, null, null, null, null, null, null, null, null, null, null, null, null, null, '1');
INSERT INTO `escuelas` VALUES ('37', 'TAMBORIL', '11', 'SANTIAGO', '', null, null, null, null, null, null, null, null, null, null, null, null, null, null, null, null, null, null, null, null, null, null, null, '1');
INSERT INTO `escuelas` VALUES ('38', 'SAN CRISTOBAL', '11', 'SANTIAGO', '', null, null, null, null, null, null, null, null, null, null, null, null, null, null, null, null, null, null, null, null, null, null, null, '1');
INSERT INTO `escuelas` VALUES ('39', 'Ruiz TKD ', '11', 'SANTIAGO', '', null, null, null, null, null, null, null, null, null, null, null, null, null, null, null, null, null, null, null, null, null, null, null, '1');
INSERT INTO `escuelas` VALUES ('40', 'VALENCIA', '11', 'SANTIAGO', '', null, null, null, null, null, null, null, null, null, null, null, null, null, null, null, null, null, null, null, null, null, null, null, '1');
INSERT INTO `escuelas` VALUES ('41', 'JACAGUA', '11', 'SANTIAGO', '', null, null, null, null, null, null, null, null, null, null, null, null, null, null, null, null, null, null, null, null, null, null, null, '1');
INSERT INTO `escuelas` VALUES ('42', 'CCJ TAEKWONDO', '11', 'SANTIAGO', '', null, null, null, null, null, null, null, null, null, null, null, null, null, null, null, null, null, null, null, null, null, null, null, '1');
INSERT INTO `escuelas` VALUES ('43', 'ANA JIMENEZ', '11', 'SANTIAGO', '', null, null, null, null, null, null, null, null, null, null, null, null, null, null, null, null, null, null, null, null, null, null, null, '1');
INSERT INTO `escuelas` VALUES ('44', 'JOSE LUIS TKD', '12', 'PROVINCIA ESPAILLAT MOCA ', '', null, null, null, null, null, null, null, null, null, null, null, null, null, null, null, null, null, null, null, null, null, null, null, '1');
INSERT INTO `escuelas` VALUES ('45', 'TITO TKD', '12', 'PROVINCIA ESPAILLAT MOCA ', '', null, null, null, null, null, null, null, null, null, null, null, null, null, null, null, null, null, null, null, null, null, null, null, '1');
INSERT INTO `escuelas` VALUES ('46', 'POLIDEPORTIVO MOCA', '12', 'PROVINCIA ESPAILLAT MOCA ', '', null, null, null, null, null, null, null, null, null, null, null, null, null, null, null, null, null, null, null, null, null, null, null, '1');
INSERT INTO `escuelas` VALUES ('47', 'EVELYN GOMEZ TAEKWONDO', '15', 'PUERTO PLATA', '', null, null, null, null, null, null, null, null, null, null, null, null, null, null, null, null, null, null, null, null, null, null, null, '1');
INSERT INTO `escuelas` VALUES ('48', 'FELIX TKD', '2', null, '', null, null, null, null, null, null, null, null, null, null, null, null, null, null, null, null, null, null, null, null, null, null, null, '1');
INSERT INTO `escuelas` VALUES ('49', 'MIESES TKD', '2', null, '', null, null, null, null, null, null, null, null, null, null, null, null, null, null, null, null, null, null, null, null, null, null, null, '1');
INSERT INTO `escuelas` VALUES ('50', 'VICTOR SANCHEZ TKD', '10', null, '', null, null, null, null, null, null, null, null, null, null, null, null, null, null, null, null, null, null, null, null, null, null, null, '1');
INSERT INTO `escuelas` VALUES ('51', 'JIMANI', '9', 'JIMANI', '', null, null, null, null, null, null, null, null, null, null, null, null, null, null, null, null, null, null, null, null, null, null, null, '1');
INSERT INTO `escuelas` VALUES ('52', 'ENTRE DRAGONES', '17', null, '', null, null, null, null, null, null, null, null, null, null, null, null, null, null, null, null, null, null, null, null, null, null, null, '1');
INSERT INTO `escuelas` VALUES ('53', 'ESC. FERMIN MOTA TKD', '18', null, '', null, null, null, null, null, null, null, null, null, null, null, null, null, null, null, null, null, null, null, null, null, null, null, '1');
INSERT INTO `escuelas` VALUES ('54', 'PEQUEÑOS TITANES', '20', null, '', null, null, null, null, null, null, null, null, null, null, null, null, null, null, null, null, null, null, null, null, null, null, null, '1');
INSERT INTO `escuelas` VALUES ('55', 'RIO BOYA TKD', '1', null, '', null, null, null, null, null, null, null, null, null, null, null, null, null, null, null, null, null, null, null, null, null, null, null, '1');
INSERT INTO `escuelas` VALUES ('56', 'TIGRE JUNIOR', '19', null, '', null, null, null, null, null, null, null, null, null, null, null, null, null, null, null, null, null, null, null, null, null, null, null, '1');

-- ----------------------------
-- Table structure for `estudiantes`
-- ----------------------------
DROP TABLE IF EXISTS `estudiantes`;
CREATE TABLE `estudiantes` (
  `id` int(11) NOT NULL AUTO_INCREMENT,
  `nombre` varchar(50) DEFAULT '',
  `apellido` varchar(50) DEFAULT '',
  `id_asociacion` int(11) DEFAULT NULL,
  `asociacion` varchar(100) DEFAULT NULL,
  `id_escuela` int(11) DEFAULT NULL,
  `escuela` varchar(100) DEFAULT NULL,
  `id_provincia` int(11) DEFAULT '0',
  `maestro` varchar(100) DEFAULT NULL,
  `id_grado` int(11) DEFAULT NULL,
  `grado` varchar(32) DEFAULT '',
  `gms` varchar(16) DEFAULT NULL,
  `sexo` varchar(10) DEFAULT NULL,
  `edad` int(11) DEFAULT NULL,
  `peso` int(11) DEFAULT NULL,
  `categoria` varchar(32) DEFAULT NULL,
  `matricula` varchar(20) NOT NULL,
  `cedula` varchar(20) DEFAULT '',
  `carnet` varchar(20) DEFAULT '',
  `celular` varchar(15) DEFAULT NULL,
  `email` varchar(100) DEFAULT NULL,
  `strimagen` varchar(64) DEFAULT NULL,
  `fecha_ingreso` date DEFAULT NULL,
  `fecha_nac` date DEFAULT NULL,
  `direccion` varchar(255) DEFAULT NULL,
  `asociacion_id` int(11) DEFAULT '0',
  `escuela_id` int(11) DEFAULT '0',
  `aula_id` int(11) DEFAULT NULL,
  `grado_id` int(11) DEFAULT NULL,
  `institucion` int(11) DEFAULT NULL,
  `diciplina_id` int(11) DEFAULT NULL,
  `padre` varchar(50) DEFAULT NULL,
  `celular_padre` varchar(15) DEFAULT NULL,
  `email_padre` varchar(100) DEFAULT NULL,
  `profesion_padre` varchar(50) DEFAULT NULL,
  `madre` varchar(50) DEFAULT NULL,
  `celular_madre` varchar(15) DEFAULT NULL,
  `email_madre` varchar(100) DEFAULT NULL,
  `profesion_madre` varchar(50) DEFAULT NULL,
  `nombre_emergencia` varchar(50) DEFAULT NULL,
  `celular_emergencia` varchar(15) DEFAULT NULL,
  `parentesco` varchar(20) DEFAULT NULL,
  `estatura` decimal(5,2) DEFAULT NULL,
  `enfermedad` varchar(100) DEFAULT NULL,
  `seleccion_nacional` tinyint(1) DEFAULT NULL,
  `becado` tinyint(1) DEFAULT NULL,
  `estudios` int(11) DEFAULT NULL,
  `status` int(11) DEFAULT '1',
  `nota` text,
  `sigla` varchar(20) DEFAULT NULL,
  PRIMARY KEY (`id`)
) ENGINE=InnoDB AUTO_INCREMENT=519 DEFAULT CHARSET=utf8mb4;

-- ----------------------------
-- Records of estudiantes
-- ----------------------------
INSERT INTO `estudiantes` VALUES ('2', 'luis Alberto', 'Fabian', '1', 'MONTE PLATA', '3', 'CLUB DIEGO SORIANO', '19', 'JUAN JUNIOR MEJIA', null, 'AZUL', null, 'M', '18', '68', 'SUPERIOR', '', '', '', null, null, null, null, null, null, '0', '0', null, null, null, null, null, null, null, null, null, null, null, null, null, null, null, null, null, null, null, null, '1', null, null);
INSERT INTO `estudiantes` VALUES ('3', 'Junior Rafael', 'Perez', '1', 'MONTE PLATA', '3', 'CLUB DIEGO SORIANO', '19', 'JUAN JUNIOR MEJIA', null, 'BLANCO', null, 'M', '14', '46', 'CADETE', '', '', '', null, null, null, null, null, null, '0', '0', null, null, null, null, null, null, null, null, null, null, null, null, null, null, null, null, null, null, null, null, '1', null, null);
INSERT INTO `estudiantes` VALUES ('4', 'Eiden', 'Ovalles', '1', 'MONTE PLATA', '3', 'CLUB DIEGO SORIANO', '19', 'JUAN JUNIOR MEJIA', null, 'BLANCO', null, 'F', '8', '28', 'INFANTIL', '', '', '', null, null, null, null, null, null, '0', '0', null, null, null, null, null, null, null, null, null, null, null, null, null, null, null, null, null, null, null, null, '1', null, null);
INSERT INTO `estudiantes` VALUES ('5', 'Darianny', 'de Jesus', '1', 'MONTE PLATA', '3', 'CLUB DIEGO SORIANO', '19', 'JUAN JUNIOR MEJIA', '0', 'NEGRO', 'DOM-2405', 'F', '18', '57', 'SUPERIOR', '', '', '', null, null, null, null, null, null, '0', '0', null, null, null, null, null, null, null, null, null, null, null, null, null, null, null, null, null, null, null, null, '1', null, null);
INSERT INTO `estudiantes` VALUES ('6', 'Jesus Manuel', 'Fabian', '1', 'MONTE PLATA', '3', 'CLUB DIEGO SORIANO', '19', 'JUAN JUNIOR MEJIA', '0', 'NEGRO', 'DOM/1854 ', 'M', '19', '74', 'SUPERIOR', '', '', '', null, null, null, null, null, null, '0', '0', null, null, null, null, null, null, null, null, null, null, null, null, null, null, null, null, null, null, null, null, '1', null, null);
INSERT INTO `estudiantes` VALUES ('7', 'Gabriel', 'Santana', '1', 'MONTE PLATA', '3', 'CLUB DIEGO SORIANO', '19', 'JUAN JUNIOR MEJIA', null, 'NEGRO', null, 'M', '18', '57', 'SUPERIOR', '', '', '', null, null, null, null, null, null, '0', '0', null, null, null, null, null, null, null, null, null, null, null, null, null, null, null, null, null, null, null, null, '1', null, null);
INSERT INTO `estudiantes` VALUES ('8', 'Julio', 'Jefferson', '1', 'MONTE PLATA', '3', 'CLUB DIEGO SORIANO', '19', 'JUAN JUNIOR MEJIA', null, 'AZUL', null, 'M', '17', '80', 'JUVENIL', '', '', '', null, null, null, null, null, null, '0', '0', null, null, null, null, null, null, null, null, null, null, null, null, null, null, null, null, null, null, null, null, '1', null, null);
INSERT INTO `estudiantes` VALUES ('9', 'Enyer Gabriel', 'Codia', '1', 'MONTE PLATA', '3', 'CLUB DIEGO SORIANO', '19', 'JUAN JUNIOR MEJIA', null, 'NEGRO', null, 'M', '16', '53', 'JUVENIL', '', '', '', null, null, null, null, null, null, '0', '0', null, null, null, null, null, null, null, null, null, null, null, null, null, null, null, null, null, null, null, null, '1', null, null);
INSERT INTO `estudiantes` VALUES ('10', 'Yarenni ', 'Santana Mota', '1', 'MONTE PLATA', '3', 'CLUB DIEGO SORIANO', '19', 'JUAN JUNIOR MEJIA', null, 'VERDE', null, 'F', '14', null, 'CADETE', '', '', '', null, null, null, null, null, null, '0', '0', null, null, null, null, null, null, null, null, null, null, null, null, null, null, null, null, null, null, null, null, '1', null, null);
INSERT INTO `estudiantes` VALUES ('11', 'Rachel', 'Mercedes Bonnat', '1', 'MONTE PLATA', '3', 'CLUB DIEGO SORIANO', '19', 'JUAN JUNIOR MEJIA', null, 'BLANCO', null, 'F', '10', '37', 'INFANTIL', '', '', '', null, null, null, null, null, null, '0', '0', null, null, null, null, null, null, null, null, null, null, null, null, null, null, null, null, null, null, null, null, '1', null, null);
INSERT INTO `estudiantes` VALUES ('12', 'Nahomy', 'Victor', '1', 'MONTE PLATA', '3', 'CLUB DIEGO SORIANO', '19', 'JUAN JUNIOR MEJIA', '0', 'NEGRO', 'DOM-1662', 'F', '24', '51', 'SUPERIOR', '', '', '', null, null, null, null, null, null, '0', '0', null, null, null, null, null, null, null, null, null, null, null, null, null, null, null, null, null, null, null, null, '1', null, null);
INSERT INTO `estudiantes` VALUES ('13', 'Juan Gabriel', 'Aquino', '1', 'MONTE PLATA', '3', 'CLUB DIEGO SORIANO', '19', 'JUAN JUNIOR MEJIA', null, 'BLANCO', null, 'M', '12', '38', 'CADETE', '', '', '', null, null, null, null, null, null, '0', '0', null, null, null, null, null, null, null, null, null, null, null, null, null, null, null, null, null, null, null, null, '1', null, null);
INSERT INTO `estudiantes` VALUES ('14', 'Francia', 'Desire', '1', 'MONTE PLATA', '3', 'CLUB DIEGO SORIANO', '19', 'JUAN JUNIOR MEJIA', null, 'AZUL', null, 'F', '15', '46', 'JUVENIL', '', '', '', null, null, null, null, null, null, '0', '0', null, null, null, null, null, null, null, null, null, null, null, null, null, null, null, null, null, null, null, null, '1', null, null);
INSERT INTO `estudiantes` VALUES ('15', 'Joelfri', 'Lopez', '1', 'MONTE PLATA', '3', 'CLUB DIEGO SORIANO', '19', 'JUAN JUNIOR MEJIA', '0', 'BLANCO', 'Enproseso ', 'M', '14', '57', 'CADETE', '', '', '', null, null, null, null, null, null, '0', '0', null, null, null, null, null, null, null, null, null, null, null, null, null, null, null, null, null, null, null, null, '1', null, null);
INSERT INTO `estudiantes` VALUES ('16', 'Wilfrido', 'de la Cruz', '1', 'MONTE PLATA', '3', 'CLUB DIEGO SORIANO', '19', 'JUAN JUNIOR MEJIA', '0', 'NEGRO', 'DOM-1864', 'M', '17', '54', 'JUVENIL', '', '', '', null, null, null, null, null, null, '0', '0', null, null, null, null, null, null, null, null, null, null, null, null, null, null, null, null, null, null, null, null, '1', null, null);
INSERT INTO `estudiantes` VALUES ('17', 'Anyelis Abigail', 'Dotel Dias', '1', 'MONTE PLATA', '3', 'CLUB DIEGO SORIANO', '19', 'JUAN JUNIOR MEJIA', null, 'NEGRO', 'Enproseso ', 'F', '16', '46', 'JUVENIL', '', '', '', null, null, null, null, null, null, '0', '0', null, null, null, null, null, null, null, null, null, null, null, null, null, null, null, null, null, null, null, null, '1', null, null);
INSERT INTO `estudiantes` VALUES ('18', 'Jennifer', 'Suriel Luna', '1', 'MONTE PLATA', '3', 'CLUB DIEGO SORIANO', '19', 'JUAN JUNIOR MEJIA', null, 'AZUL', null, 'F', '18', '48', 'SUPERIOR', '', '', '', null, null, null, null, null, null, '0', '0', null, null, null, null, null, null, null, null, null, null, null, null, null, null, null, null, null, null, null, null, '1', null, null);
INSERT INTO `estudiantes` VALUES ('19', 'Ezequiel', 'Ortiz Sentilis', '1', 'MONTE PLATA', '3', 'CLUB DIEGO SORIANO', '19', 'JUAN JUNIOR MEJIA', null, 'AZUL', null, 'M', '21', '70', 'SUPERIOR', '', '', '', null, null, null, null, null, null, '0', '0', null, null, null, null, null, null, null, null, null, null, null, null, null, null, null, null, null, null, null, null, '1', null, null);
INSERT INTO `estudiantes` VALUES ('20', 'Raysmeri', 'Bautista', '1', 'MONTE PLATA', '3', 'CLUB DIEGO SORIANO', '19', 'JUAN JUNIOR MEJIA', null, 'AZUL', null, 'F', '14', '54', 'CADETE', '', '', '', null, null, null, null, null, null, '0', '0', null, null, null, null, null, null, null, null, null, null, null, null, null, null, null, null, null, null, null, null, '1', null, null);
INSERT INTO `estudiantes` VALUES ('21', 'Francis Yunior', 'Beltran', '1', 'MONTE PLATA', '3', 'CLUB DIEGO SORIANO', '19', 'JUAN JUNIOR MEJIA', null, 'AZUL', null, 'M', '11', '54', 'INFANTIL', '', '', '', null, null, null, null, null, null, '0', '0', null, null, null, null, null, null, null, null, null, null, null, null, null, null, null, null, null, null, null, null, '1', null, null);
INSERT INTO `estudiantes` VALUES ('22', 'Brayan ', 'Gil ', '1', 'MONTE PLATA', '3', 'CLUB DIEGO SORIANO', '19', 'JUAN JUNIOR MEJIA', '0', 'NEGRO', 'DOM-1647', 'M', '27', '74', 'SUPERIOR', '', '', '', null, null, null, null, null, null, '0', '0', null, null, null, null, null, null, null, null, null, null, null, null, null, null, null, null, null, null, null, null, '1', null, null);
INSERT INTO `estudiantes` VALUES ('23', 'Jose Manuel ', 'Made garcia', '1', 'MONTE PLATA', '3', 'CLUB DIEGO SORIANO', '19', 'JUAN JUNIOR MEJIA', null, 'NEGRO', null, 'M', '18', '68', 'SUPERIOR', '', '', '', null, null, null, null, null, null, '0', '0', null, null, null, null, null, null, null, null, null, null, null, null, null, null, null, null, null, null, null, null, '1', null, null);
INSERT INTO `estudiantes` VALUES ('24', 'Fernando ', 'Figaro', '1', 'MONTE PLATA', '3', 'CLUB DIEGO SORIANO', '19', 'JUAN JUNIOR MEJIA', null, 'BLONCO', null, 'M', '9', '33', 'INFANTIL', '', '', '', null, null, null, null, null, null, '0', '0', null, null, null, null, null, null, null, null, null, null, null, null, null, null, null, null, null, null, null, null, '1', null, null);
INSERT INTO `estudiantes` VALUES ('25', 'Sugelin michel ', 'Avelino Mejia ', '1', 'MONTE PLATA', '3', 'CLUB DIEGO SORIANO', '19', 'JUAN JUNIOR MEJIA', null, 'AZUL', null, 'M', '17', '55', 'JUVENIL', '', '', '', null, null, null, null, null, null, '0', '0', null, null, null, null, null, null, null, null, null, null, null, null, null, null, null, null, null, null, null, null, '1', null, null);
INSERT INTO `estudiantes` VALUES ('26', 'Pedro Jose', 'Yoseph ', '1', 'MONTE PLATA', '3', 'CLUB DIEGO SORIANO', '19', 'JUAN JUNIOR MEJIA', null, 'NEGRO', null, 'M', '27', '-67', 'SUPERIOR', '', '', '', null, null, null, null, null, null, '0', '0', null, null, null, null, null, null, null, null, null, null, null, null, null, null, null, null, null, null, null, null, '1', null, null);
INSERT INTO `estudiantes` VALUES ('27', 'Juan Jesus ', 'Rivera Leocadio', '1', 'MONTE PLATA', '3', 'CLUB DIEGO SORIANO', '19', 'JUAN JUNIOR MEJIA', null, 'NEGRO', null, 'M', '15', '45', 'JUVENIL', '', '', '', null, null, null, null, null, null, '0', '0', null, null, null, null, null, null, null, null, null, null, null, null, null, null, null, null, null, null, null, null, '1', null, null);
INSERT INTO `estudiantes` VALUES ('28', 'Pablo Jose ', 'Marte Belen ', '1', 'MONTE PLATA', '3', 'CLUB DIEGO SORIANO', '19', 'JUAN JUNIOR MEJIA', null, 'NEGRO', 'Enproseso ', 'M', '17', '51', 'JUVENIL', '', '', '', null, null, null, null, null, null, '0', '0', null, null, null, null, null, null, null, null, null, null, null, null, null, null, null, null, null, null, null, null, '1', null, null);
INSERT INTO `estudiantes` VALUES ('30', 'Juan Carlos ', 'Garcias Pena', '1', 'MONTE PLATA', '3', 'CLUB DIEGO SORIANO', '19', 'JUAN JUNIOR MEJIA', null, 'NEGRO', null, 'M', '23', null, 'SUPERIOR', '', '', '', null, null, null, null, null, null, '0', '0', null, null, null, null, null, null, null, null, null, null, null, null, null, null, null, null, null, null, null, null, '1', null, null);
INSERT INTO `estudiantes` VALUES ('31', 'Yesson ', 'Gregrias', '1', 'MONTE PLATA', '3', 'CLUB DIEGO SORIANO', '19', 'JUAN JUNIOR MEJIA', '0', 'NEGRO', 'DOM-2452 ', 'M', '19', null, 'SUPERIOR', '', '', '', null, null, null, null, null, null, '0', '0', null, null, null, null, null, null, null, null, null, null, null, null, null, null, null, null, null, null, null, null, '1', null, null);
INSERT INTO `estudiantes` VALUES ('32', 'Jaime David ', 'Reyes Pie', '1', 'MONTE PLATA', '3', 'CLUB DIEGO SORIANO', '19', 'JUAN JUNIOR MEJIA', null, 'NEGRO', null, 'M', '22', null, 'SUPERIOR', '', '', '', null, null, null, null, null, null, '0', '0', null, null, null, null, null, null, null, null, null, null, null, null, null, null, null, null, null, null, null, null, '1', null, null);
INSERT INTO `estudiantes` VALUES ('33', 'Wander', 'Gonzalez', '1', 'MONTE PLATA', '3', 'CLUB DIEGO SORIANO', '19', 'JUAN JUNIOR MEJIA', null, '', 'DOM-1705', '', null, null, 'SUPERIOR', '', '', '', null, null, null, null, null, null, '0', '0', null, null, null, null, null, null, null, null, null, null, null, null, null, null, null, null, null, null, null, null, '1', null, null);
INSERT INTO `estudiantes` VALUES ('34', 'CARLOS FELIX', 'REYES PEREZ', '1', 'MONTE PLATA', '3', 'CLUB DIEGO SORIANO', '19', 'JUAN JUNIOR MEJIA', null, 'NEGRO', null, 'M', '23', null, 'SUPERIOR', '', '', '', null, null, null, null, null, null, '0', '0', null, null, null, null, null, null, null, null, null, null, null, null, null, null, null, null, null, null, null, null, '1', null, null);
INSERT INTO `estudiantes` VALUES ('38', 'Maria Isabel', 'Peguero Pujols', '2', 'SAN CRISTOBAL', '6', 'RUIZ TKD', '25', 'SANTIAGO RUIZ', null, 'ROJO P. NEGRA ', null, 'F', '13', null, 'CADETE', '', '', '', null, null, null, null, null, null, '0', '0', null, null, null, null, null, null, null, null, null, null, null, null, null, null, null, null, null, null, null, null, '1', null, null);
INSERT INTO `estudiantes` VALUES ('39', 'Jesus David', 'Dionicio Ramirez', '2', 'SAN CRISTOBAL', '6', 'RUIZ TKD', '25', 'SANTIAGO RUIZ', null, 'AZUL', null, 'M', '16', null, 'JUVENIL', '', '', '', null, null, null, null, null, null, '0', '0', null, null, null, null, null, null, null, null, null, null, null, null, null, null, null, null, null, null, null, null, '1', null, null);
INSERT INTO `estudiantes` VALUES ('40', 'Mariangel', 'Pimentel', '2', 'SAN CRISTOBAL', '6', 'RUIZ TKD', '25', 'SANTIAGO RUIZ', '0', 'NEGRO', 'DOM-2829', 'F', '18', null, 'SUPERIOR', '', '', '', null, null, null, null, null, null, '0', '0', null, null, null, null, null, null, null, null, null, null, null, null, null, null, null, null, null, null, null, null, '1', null, null);
INSERT INTO `estudiantes` VALUES ('41', 'Deiker Enmanuel', 'Fernandez Uribe', '2', 'SAN CRISTOBAL', '6', 'RUIZ TKD', '25', 'SANTIAGO RUIZ', null, 'VERDE', null, 'M', '12', null, 'CADETE', '', '', '', null, null, null, null, null, null, '0', '0', null, null, null, null, null, null, null, null, null, null, null, null, null, null, null, null, null, null, null, null, '1', null, null);
INSERT INTO `estudiantes` VALUES ('42', 'Johsuni', 'Martinez Perez', '2', 'SAN CRISTOBAL', '6', 'RUIZ TKD', '25', 'SANTIAGO RUIZ', null, 'AZUL', null, 'F', '15', null, 'JUVENIL', '', '', '', null, null, null, null, null, null, '0', '0', null, null, null, null, null, null, null, null, null, null, null, null, null, null, null, null, null, null, null, null, '1', null, null);
INSERT INTO `estudiantes` VALUES ('43', 'Albelis', 'Pineda Rosario', '2', 'SAN CRISTOBAL', '6', 'RUIZ TKD', '25', 'SANTIAGO RUIZ', null, 'VERDE', null, 'F', '16', null, 'JUVENIL', '', '', '', null, null, null, null, null, null, '0', '0', null, null, null, null, null, null, null, null, null, null, null, null, null, null, null, null, null, null, null, null, '1', null, null);
INSERT INTO `estudiantes` VALUES ('44', 'Diego Rafael ', 'Natera ', '2', 'SAN CRISTOBAL', '6', 'RUIZ TKD', '25', 'SANTIAGO RUIZ', null, 'NEGRO', null, 'M', '17', null, 'SUPERIOR', '', '', '', null, null, null, null, null, null, '0', '0', null, null, null, null, null, null, null, null, null, null, null, null, null, null, null, null, null, null, null, null, '1', null, null);
INSERT INTO `estudiantes` VALUES ('47', 'Janina Yulianna', 'Mateo Estevez', '2', 'SAN CRISTOBAL', '7', 'DAURI TKD', '25', '', null, 'MARRON', null, 'F', '18', null, 'SUPERIOR', '', '', '', null, null, null, null, null, null, '0', '0', null, null, null, null, null, null, null, null, null, null, null, null, null, null, null, null, null, null, null, null, '1', null, null);
INSERT INTO `estudiantes` VALUES ('48', 'Rafael Sebastian', 'Mateo Estevez', '2', 'SAN CRISTOBAL', '7', 'DAURI TKD', '25', '', null, 'MARRON', null, 'M', '16', null, 'JUVENIL', '', '', '', null, null, null, null, null, null, '0', '0', null, null, null, null, null, null, null, null, null, null, null, null, null, null, null, null, null, null, null, null, '1', null, null);
INSERT INTO `estudiantes` VALUES ('49', 'Samuel David', 'Beltre', '2', 'SAN CRISTOBAL', '7', 'DAURI TKD', '25', '', null, 'NEGRO', null, 'M', '18', null, 'SUPERIOR', '', '', '', null, null, null, null, null, null, '0', '0', null, null, null, null, null, null, null, null, null, null, null, null, null, null, null, null, null, null, null, null, '1', null, null);
INSERT INTO `estudiantes` VALUES ('52', 'Danyer Starliny', 'Feliz Herrera', '2', 'SAN CRISTOBAL', '48', 'FELIX TKD', '25', 'MATEO FELIZ', null, 'MARRON', null, 'M', '14', null, 'CADETE', '', '', '', null, null, null, null, null, null, '0', '0', null, null, null, null, null, null, null, null, null, null, null, null, null, null, null, null, null, null, null, null, '1', null, null);
INSERT INTO `estudiantes` VALUES ('53', 'Pablo Steven', 'Feliz Herrera', '2', 'SAN CRISTOBAL', '48', 'FELIX TKD', '25', 'MATEO FELIZ', null, 'NEGRO', 'DOM-2388', 'M', '17', null, 'JUVENIL', '', '', '', null, null, null, null, null, null, '0', '0', null, null, null, null, null, null, null, null, null, null, null, null, null, null, null, null, null, null, null, null, '1', null, null);
INSERT INTO `estudiantes` VALUES ('56', 'Frank Elias', 'Santana Dipre', '2', 'SAN CRISTOBAL', '9', 'YUDI TKD', '25', '', null, 'VERDE', null, 'M', '15', null, 'JUVENIL', '', '', '', null, null, null, null, null, null, '0', '0', null, null, null, null, null, null, null, null, null, null, null, null, null, null, null, null, null, null, null, null, '1', null, null);
INSERT INTO `estudiantes` VALUES ('57', 'Moises ', 'Contreras Lorenzo', '2', 'SAN CRISTOBAL', '9', 'YUDI TKD', '25', '', null, '', null, 'M', '18', null, 'SUPERIOR', '', '', '', null, null, null, null, null, null, '0', '0', null, null, null, null, null, null, null, null, null, null, null, null, null, null, null, null, null, null, null, null, '1', null, null);
INSERT INTO `estudiantes` VALUES ('58', 'Josiel', 'Contreras Lorenzo', '2', 'SAN CRISTOBAL', '9', 'YUDI TKD', '25', '', null, 'AZUL', null, 'M', '11', null, 'INFANTIL', '', '', '', null, null, null, null, null, null, '0', '0', null, null, null, null, null, null, null, null, null, null, null, null, null, null, null, null, null, null, null, null, '1', null, null);
INSERT INTO `estudiantes` VALUES ('61', 'Iris Neida', 'Herrera Rafael', '2', 'SAN CRISTOBAL', '49', 'MIESES TKD', '25', 'GERMAN MIESES', null, 'AZUL', null, 'F', '14', null, 'CADETE', '', '', '', null, null, null, null, null, null, '0', '0', null, null, null, null, null, null, null, null, null, null, null, null, null, null, null, null, null, null, null, null, '1', null, null);
INSERT INTO `estudiantes` VALUES ('62', 'Arsenio', 'Jhony Javier', '2', 'SAN CRISTOBAL', '49', 'MIESES TKD', '25', 'GERMAN MIESES', null, 'NARANJA', null, 'M', '26', null, 'SUPERIOR', '', '', '', null, null, null, null, null, null, '0', '0', null, null, null, null, null, null, null, null, null, null, null, null, null, null, null, null, null, null, null, null, '1', null, null);
INSERT INTO `estudiantes` VALUES ('63', 'Leonardo F.', 'de Jesus', '2', 'SAN CRISTOBAL', '49', 'MIESES TKD', '25', 'GERMAN MIESES', null, 'BLANCO', null, 'M', '13', null, 'CADETE', '', '', '', null, null, null, null, null, null, '0', '0', null, null, null, null, null, null, null, null, null, null, null, null, null, null, null, null, null, null, null, null, '1', null, null);
INSERT INTO `estudiantes` VALUES ('64', 'Ryan W.', 'guerrero Andujar', '2', 'SAN CRISTOBAL', '49', 'MIESES TKD', '25', 'GERMAN MIESES', null, 'VERDE', null, 'M', '10', null, 'INFANTIL', '', '', '', null, null, null, null, null, null, '0', '0', null, null, null, null, null, null, null, null, null, null, null, null, null, null, null, null, null, null, null, null, '1', null, null);
INSERT INTO `estudiantes` VALUES ('65', 'Hendry Alesander ', 'Santana', '2', 'SAN CRISTOBAL', '49', 'MIESES TKD', '25', 'GERMAN MIESES', null, 'AZUL', null, '', '11', null, 'INFANTIL', '', '', '', null, null, null, null, null, null, '0', '0', null, null, null, null, null, null, null, null, null, null, null, null, null, null, null, null, null, null, null, null, '1', null, null);
INSERT INTO `estudiantes` VALUES ('69', 'Guillermo Nicolás', 'Rivas', '16', 'SAN FRANCISCO', '11', 'MORA TKD', '6', 'PABLO MORA', null, 'AMARILLO', null, 'M', '6', null, 'INFANTIL', '', '', '', null, null, null, null, null, null, '0', '0', null, null, null, null, null, null, null, null, null, null, null, null, null, null, null, null, null, null, null, null, '1', null, null);
INSERT INTO `estudiantes` VALUES ('70', 'Eduardo Daniel', 'Espaillat', '16', 'SAN FRANCISCO', '11', 'MORA TKD', '6', 'PABLO MORA', null, 'NARANJA', null, 'M', '6', null, 'INFANTIL', '', '', '', null, null, null, null, null, null, '0', '0', null, null, null, null, null, null, null, null, null, null, null, null, null, null, null, null, null, null, null, null, '1', null, null);
INSERT INTO `estudiantes` VALUES ('71', 'Nahim', 'Tavarez Espaillat', '16', 'SAN FRANCISCO', '11', 'MORA TKD', '6', 'PABLO MORA', null, 'MARRON', null, 'M', '12', null, 'CADETE', '', '', '', null, null, null, null, null, null, '0', '0', null, null, null, null, null, null, null, null, null, null, null, null, null, null, null, null, null, null, null, null, '1', null, null);
INSERT INTO `estudiantes` VALUES ('72', 'Montserrat', 'Burgos Mieses', '16', 'SAN FRANCISCO', '11', 'MORA TKD', '6', 'PABLO MORA', null, 'NARANJA', null, 'F', '12', null, 'CADETE', '', '', '', null, null, null, null, null, null, '0', '0', null, null, null, null, null, null, null, null, null, null, null, null, null, null, null, null, null, null, null, null, '1', null, null);
INSERT INTO `estudiantes` VALUES ('73', 'Joharleny', 'Lantigua', '16', 'SAN FRANCISCO', '11', 'MORA TKD', '6', 'PABLO MORA', null, 'BLANCO', null, 'F', '13', null, 'CADETE', '', '', '', null, null, null, null, null, null, '0', '0', null, null, null, null, null, null, null, null, null, null, null, null, null, null, null, null, null, null, null, null, '1', null, null);
INSERT INTO `estudiantes` VALUES ('74', 'Realy', 'García Philipots', '16', 'SAN FRANCISCO', '11', 'MORA TKD', '6', 'PABLO MORA', null, 'VERDE', null, 'M', '14', null, 'CADETE', '', '', '', null, null, null, null, null, null, '0', '0', null, null, null, null, null, null, null, null, null, null, null, null, null, null, null, null, null, null, null, null, '1', null, null);
INSERT INTO `estudiantes` VALUES ('75', 'Sergio', 'Santos Peña', '16', 'SAN FRANCISCO', '11', 'MORA TKD', '6', 'PABLO MORA', null, 'NEGRO', null, 'M', '16', null, 'JUVENIL', '', '', '', null, null, null, null, null, null, '0', '0', null, null, null, null, null, null, null, null, null, null, null, null, null, null, null, null, null, null, null, null, '1', null, null);
INSERT INTO `estudiantes` VALUES ('76', 'Dilenny Naiot', 'Hernández', '16', 'SAN FRANCISCO', '11', 'MORA TKD', '6', 'PABLO MORA', null, 'AZUL', null, 'F', '17', null, 'JUVENIL', '', '', '', null, null, null, null, null, null, '0', '0', null, null, null, null, null, null, null, null, null, null, null, null, null, null, null, null, null, null, null, null, '1', null, null);
INSERT INTO `estudiantes` VALUES ('77', 'Edwuard Elizer', 'Ferrer de los Santos ', '16', 'SAN FRANCISCO', '11', 'MORA TKD', '6', 'PABLO MORA', null, 'NARANJA', null, '', '6', null, 'INFANTIL', '', '', '', null, null, null, null, null, null, '0', '0', null, null, null, null, null, null, null, null, null, null, null, null, null, null, null, null, null, null, null, null, '1', null, null);
INSERT INTO `estudiantes` VALUES ('78', 'Alejandro ', 'Figueroa Matrille', '16', 'SAN FRANCISCO', '11', 'MORA TKD', '6', 'PABLO MORA', null, 'NARANJA', null, '', '8', null, 'INFANTIL', '', '', '', null, null, null, null, null, null, '0', '0', null, null, null, null, null, null, null, null, null, null, null, null, null, null, null, null, null, null, null, null, '1', null, null);
INSERT INTO `estudiantes` VALUES ('79', 'Joselys Javier ', 'Padilla', '16', 'SAN FRANCISCO', '11', 'MORA TKD', '6', 'PABLO MORA', null, 'NEGRO', null, '', '15', null, 'JUVENIL', '', '', '', null, null, null, null, null, null, '0', '0', null, null, null, null, null, null, null, null, null, null, null, null, null, null, null, null, null, null, null, null, '1', null, null);
INSERT INTO `estudiantes` VALUES ('80', 'Aimy ', 'Mevoyant', '16', 'SAN FRANCISCO', '11', 'MORA TKD', '6', 'PABLO MORA', null, 'AZUL', null, '', '16', null, 'JUVENIL', '', '', '', null, null, null, null, null, null, '0', '0', null, null, null, null, null, null, null, null, null, null, null, null, null, null, null, null, null, null, null, null, '1', null, null);
INSERT INTO `estudiantes` VALUES ('84', 'Amairy Brynet', 'Ovalles', '3', 'HERMANAS MIRABAL SALCEDO', '12', 'TONY TAEKWONDO', '11', 'JUAN ANTONIO GARCIA', null, 'MORADO', null, 'F', '13', null, 'CADETE', '', '', '', null, null, null, null, null, null, '0', '0', null, null, null, null, null, null, null, null, null, null, null, null, null, null, null, null, null, null, null, null, '1', null, null);
INSERT INTO `estudiantes` VALUES ('85', 'Carolin', 'Gil', '3', 'HERMANAS MIRABAL SALCEDO', '12', 'TONY TAEKWONDO', '11', 'JUAN ANTONIO GARCIA', '0', 'AMARILLO', 'pago', 'F', '12', null, 'CADETE', '', '', '', null, null, null, null, null, null, '0', '0', null, null, null, null, null, null, null, null, null, null, null, null, null, null, null, null, null, null, null, null, '1', null, null);
INSERT INTO `estudiantes` VALUES ('86', 'Daniel', 'Blanco', '3', 'HERMANAS MIRABAL SALCEDO', '12', 'TONY TAEKWONDO', '11', 'JUAN ANTONIO GARCIA', null, 'VERDE', null, 'M', '12', null, 'CADETE', '', '', '', null, null, null, null, null, null, '0', '0', null, null, null, null, null, null, null, null, null, null, null, null, null, null, null, null, null, null, null, null, '1', null, null);
INSERT INTO `estudiantes` VALUES ('87', 'Arianna Miguelina', 'Valerio Acosta', '3', 'HERMANAS MIRABAL SALCEDO', '12', 'TONY TAEKWONDO', '11', 'JUAN ANTONIO GARCIA', null, 'VERDE', null, 'F', '16', null, 'JUVENIL', '', '', '', null, null, null, null, null, null, '0', '0', null, null, null, null, null, null, null, null, null, null, null, null, null, null, null, null, null, null, null, null, '1', null, null);
INSERT INTO `estudiantes` VALUES ('88', 'Witehy', 'Cineus Pierre', '3', 'HERMANAS MIRABAL SALCEDO', '12', 'TONY TAEKWONDO', '11', 'JUAN ANTONIO GARCIA', null, 'Rojo', 'DOM-3180 VENCIDO', 'F', '18', null, 'SUPERIOR', '', '', '', null, null, null, null, null, null, '0', '0', null, null, null, null, null, null, null, null, null, null, null, null, null, null, null, null, null, null, null, null, '1', null, null);
INSERT INTO `estudiantes` VALUES ('89', 'Gerlitza', 'Capellán Fajardo', '3', 'HERMANAS MIRABAL SALCEDO', '12', 'TONY TAEKWONDO', '11', 'JUAN ANTONIO GARCIA', null, 'VERDE', null, 'F', '14', null, 'CADETE', '', '', '', null, null, null, null, null, null, '0', '0', null, null, null, null, null, null, null, null, null, null, null, null, null, null, null, null, null, null, null, null, '1', null, null);
INSERT INTO `estudiantes` VALUES ('90', 'Jaleel Addiel', 'Almanzar mencia', '3', 'HERMANAS MIRABAL SALCEDO', '12', 'TONY TAEKWONDO', '11', 'JUAN ANTONIO GARCIA', null, 'VERDE', null, 'M', '12', null, 'CADETE', '', '', '', null, null, null, null, null, null, '0', '0', null, null, null, null, null, null, null, null, null, null, null, null, null, null, null, null, null, null, null, null, '1', null, null);
INSERT INTO `estudiantes` VALUES ('91', 'Maria Angelica', 'Garcia Reynoso', '3', 'HERMANAS MIRABAL SALCEDO', '12', 'TONY TAEKWONDO', '11', 'JUAN ANTONIO GARCIA', null, 'BLANCO', null, 'F', '7', null, 'INFANTIL', '', '', '', null, null, null, null, null, null, '0', '0', null, null, null, null, null, null, null, null, null, null, null, null, null, null, null, null, null, null, null, null, '1', null, null);
INSERT INTO `estudiantes` VALUES ('92', 'Maria', 'Jimenez', '3', 'HERMANAS MIRABAL SALCEDO', '12', 'TONY TAEKWONDO', '11', 'JUAN ANTONIO GARCIA', null, 'VERDE', null, 'F', '13', null, 'CADETE', '', '', '', null, null, null, null, null, null, '0', '0', null, null, null, null, null, null, null, null, null, null, null, null, null, null, null, null, null, null, null, null, '1', null, null);
INSERT INTO `estudiantes` VALUES ('93', 'Pamela Antonia', 'Rivera Reynoso', '3', 'HERMANAS MIRABAL SALCEDO', '12', 'TONY TAEKWONDO', '11', 'JUAN ANTONIO GARCIA', '3', 'VERDE', '', 'F', '16', null, 'JUVENIL', '', '', '', null, null, null, null, null, null, '0', '0', null, null, null, null, null, null, null, null, null, null, null, null, null, null, null, null, null, null, null, null, '1', null, null);
INSERT INTO `estudiantes` VALUES ('94', 'Ronny Rafael', 'Burgos', '3', 'HERMANAS MIRABAL SALCEDO', '12', 'TONY TAEKWONDO', '11', 'JUAN ANTONIO GARCIA', null, 'VERDE', null, 'M', '10', null, 'INFANTIL', '', '', '', null, null, null, null, null, null, '0', '0', null, null, null, null, null, null, null, null, null, null, null, null, null, null, null, null, null, null, null, null, '1', null, null);
INSERT INTO `estudiantes` VALUES ('95', 'Wilber Jose', 'Martinez', '3', 'HERMANAS MIRABAL SALCEDO', '12', 'TONY TAEKWONDO', '11', 'JUAN ANTONIO GARCIA', null, 'BLANCO', null, 'M', '7', null, 'INFANTIL', '', '', '', null, null, null, null, null, null, '0', '0', null, null, null, null, null, null, null, null, null, null, null, null, null, null, null, null, null, null, null, null, '1', null, null);
INSERT INTO `estudiantes` VALUES ('96', 'Lizamary', 'Burgos sanchez', '3', 'HERMANAS MIRABAL SALCEDO', '12', 'TONY TAEKWONDO', '11', 'JUAN ANTONIO GARCIA', null, 'NEGRO', null, 'F', '18', null, 'SUPERIOR', '', '', '', null, null, null, null, null, null, '0', '0', null, null, null, null, null, null, null, null, null, null, null, null, null, null, null, null, null, null, null, null, '1', null, null);
INSERT INTO `estudiantes` VALUES ('97', 'Diego de Jesus', 'Sanchez', '3', 'HERMANAS MIRABAL SALCEDO', '12', 'TONY TAEKWONDO', '11', 'JUAN ANTONIO GARCIA', null, 'AMARILLO', null, 'M', '8', null, 'INFANTIL', '', '', '', null, null, null, null, null, null, '0', '0', null, null, null, null, null, null, null, null, null, null, null, null, null, null, null, null, null, null, null, null, '1', null, null);
INSERT INTO `estudiantes` VALUES ('98', 'Alianny', 'Parez', '3', 'HERMANAS MIRABAL SALCEDO', '12', 'TONY TAEKWONDO', '11', 'JUAN ANTONIO GARCIA', null, 'VERDE', null, 'F', '13', null, 'CADETE', '', '', '', null, null, null, null, null, null, '0', '0', null, null, null, null, null, null, null, null, null, null, null, null, null, null, null, null, null, null, null, null, '1', null, null);
INSERT INTO `estudiantes` VALUES ('99', 'Marcos Yander', 'Jimenez', '3', 'HERMANAS MIRABAL SALCEDO', '12', 'TONY TAEKWONDO', '11', 'JUAN ANTONIO GARCIA', null, 'VERDE', 'pago', 'M', '13', null, 'CADETE', '', '', '', null, null, null, null, null, null, '0', '0', null, null, null, null, null, null, null, null, null, null, null, null, null, null, null, null, null, null, null, null, '1', null, null);
INSERT INTO `estudiantes` VALUES ('100', 'Francisco ', 'Lora Morel', '3', 'HERMANAS MIRABAL SALCEDO', '12', 'TONY TAEKWONDO', '11', 'JUAN ANTONIO GARCIA', null, 'ROJO', null, 'M', '19', null, 'SUPERIOR', '', '', '', null, null, null, null, null, null, '0', '0', null, null, null, null, null, null, null, null, null, null, null, null, null, null, null, null, null, null, null, null, '1', null, null);
INSERT INTO `estudiantes` VALUES ('101', 'Ashley Cristal', 'Marizan', '3', 'HERMANAS MIRABAL SALCEDO', '12', 'TONY TAEKWONDO', '11', 'JUAN ANTONIO GARCIA', null, 'AMARILLO', null, 'F', '12', null, 'CADETE', '', '', '', null, null, null, null, null, null, '0', '0', null, null, null, null, null, null, null, null, null, null, null, null, null, null, null, null, null, null, null, null, '1', null, null);
INSERT INTO `estudiantes` VALUES ('102', 'Jadiel', 'Camilo de Jesus', '3', 'HERMANAS MIRABAL SALCEDO', '12', 'TONY TAEKWONDO', '11', 'JUAN ANTONIO GARCIA', null, 'BLANCO', null, 'M', '11', null, 'CADETE', '', '', '', null, null, null, null, null, null, '0', '0', null, null, null, null, null, null, null, null, null, null, null, null, null, null, null, null, null, null, null, null, '1', null, null);
INSERT INTO `estudiantes` VALUES ('103', 'Arlin Mishel', 'Camilo de Jesus', '3', 'HERMANAS MIRABAL SALCEDO', '12', 'TONY TAEKWONDO', '11', 'JUAN ANTONIO GARCIA', null, 'BLANCO', 'pago', 'F', '9', null, 'CADETE', '', '', '', null, null, null, null, null, null, '0', '0', null, null, null, null, null, null, null, null, null, null, null, null, null, null, null, null, null, null, null, null, '1', null, null);
INSERT INTO `estudiantes` VALUES ('107', 'Alison', 'Reyes', '4', 'PROVINCIA SANTO DOMINGO', '13', 'AMERICAN TKD', '31', 'CARMELO MENCIA Y LUCRECIA', null, 'AMARILLO', null, 'F', '10', null, 'INFANTIL', '', '', '', null, null, null, null, null, null, '0', '0', null, null, null, null, null, null, null, null, null, null, null, null, null, null, null, null, null, null, null, null, '1', null, null);
INSERT INTO `estudiantes` VALUES ('108', 'Leonel Sebastian', 'Peña Cabral', '4', 'PROVINCIA SANTO DOMINGO', '13', 'AMERICAN TKD', '31', 'CARMELO MENCIA Y LUCRECIA', null, 'AMARILLO', null, 'M', '8', null, 'INFANTIL', '', '', '', null, null, null, null, null, null, '0', '0', null, null, null, null, null, null, null, null, null, null, null, null, null, null, null, null, null, null, null, null, '1', null, null);
INSERT INTO `estudiantes` VALUES ('109', 'Lidia Camila', 'Cabral Pena', '4', 'PROVINCIA SANTO DOMINGO', '13', 'AMERICAN TKD', '31', 'CARMELO MENCIA Y LUCRECIA', null, 'NEGRO', null, 'F', '13', null, 'CADETE', '', '', '', null, null, null, null, null, null, '0', '0', null, null, null, null, null, null, null, null, null, null, null, null, null, null, null, null, null, null, null, null, '1', null, null);
INSERT INTO `estudiantes` VALUES ('110', 'Darmin', 'Perez', '4', 'PROVINCIA SANTO DOMINGO', '13', 'AMERICAN TKD', '31', 'CARMELO MENCIA Y LUCRECIA', null, 'AMARILLO', null, 'M', '7', null, 'INFANTIL', '', '', '', null, null, null, null, null, null, '0', '0', null, null, null, null, null, null, null, null, null, null, null, null, null, null, null, null, null, null, null, null, '1', null, null);
INSERT INTO `estudiantes` VALUES ('111', 'Laila', 'De Leon Rodriguez', '4', 'PROVINCIA SANTO DOMINGO', '13', 'AMERICAN TKD', '31', 'CARMELO MENCIA Y LUCRECIA', null, 'VERDE', null, 'F', '14', null, 'CADETE', '', '', '', null, null, null, null, null, null, '0', '0', null, null, null, null, null, null, null, null, null, null, null, null, null, null, null, null, null, null, null, null, '1', null, null);
INSERT INTO `estudiantes` VALUES ('113', 'Cesar Junior ', 'Perez Hernandez ', '4', 'PROVINCIA SANTO DOMINGO', '14', 'VICTORIA PARQUE DEL ESTE', '31', 'ROBERTO VICTORIA', null, 'VERDE', null, 'M', '19', null, 'SUPERIOR', '', '', '', null, null, null, null, null, null, '0', '0', null, null, null, null, null, null, null, null, null, null, null, null, null, null, null, null, null, null, null, null, '1', null, null);
INSERT INTO `estudiantes` VALUES ('114', 'Alexander ', 'Tifa San Nicolas ', '4', 'PROVINCIA SANTO DOMINGO', '14', 'VICTORIA PARQUE DEL ESTE', '31', 'ROBERTO VICTORIA', null, 'AMARILLO', null, 'M', '11', null, 'INFANTIL', '', '', '', null, null, null, null, null, null, '0', '0', null, null, null, null, null, null, null, null, null, null, null, null, null, null, null, null, null, null, null, null, '1', null, null);
INSERT INTO `estudiantes` VALUES ('115', 'Frandely', 'Rodriguez ', '4', 'PROVINCIA SANTO DOMINGO', '14', 'VICTORIA PARQUE DEL ESTE', '31', 'ROBERTO VICTORIA', null, 'NARANJA ', 'Enproseso ', '', '12', null, 'CADETE', '', '', '', null, null, null, null, null, null, '0', '0', null, null, null, null, null, null, null, null, null, null, null, null, null, null, null, null, null, null, null, null, '1', null, null);
INSERT INTO `estudiantes` VALUES ('116', 'Thiago ', 'Gonzalez', '4', 'PROVINCIA SANTO DOMINGO', '14', 'VICTORIA PARQUE DEL ESTE', '31', 'ROBERTO VICTORIA', '0', 'BLANCO', 'DOM-3575', 'M', '6', null, 'INFANTIL', '', '', '', null, null, null, null, null, null, '0', '0', null, null, null, null, null, null, null, null, null, null, null, null, null, null, null, null, null, null, null, null, '1', null, null);
INSERT INTO `estudiantes` VALUES ('117', 'Daniela Elizabeth', 'Urena Gomez', '4', 'PROVINCIA SANTO DOMINGO', '14', 'VICTORIA PARQUE DEL ESTE', '31', 'ROBERTO VICTORIA', null, 'AMARILLO', 'DOM-3574', 'F', '9', null, 'INFANTIL', '', '', '', null, null, null, null, null, null, '0', '0', null, null, null, null, null, null, null, null, null, null, null, null, null, null, null, null, null, null, null, null, '1', null, null);
INSERT INTO `estudiantes` VALUES ('118', 'Jimena Aime', 'Urena Gomez', '4', 'PROVINCIA SANTO DOMINGO', '14', 'VICTORIA PARQUE DEL ESTE', '31', 'ROBERTO VICTORIA', null, 'AMARILLO', null, 'F', '6', null, 'INFANTIL', '', '', '', null, null, null, null, null, null, '0', '0', null, null, null, null, null, null, null, null, null, null, null, null, null, null, null, null, null, null, null, null, '1', null, null);
INSERT INTO `estudiantes` VALUES ('119', 'Daniel Alejandro ', 'Aponte Urena ', '4', 'PROVINCIA SANTO DOMINGO', '14', 'VICTORIA PARQUE DEL ESTE', '31', 'ROBERTO VICTORIA', null, 'BLANCO P. NEGRA ', null, 'M', '7', null, 'INFANTIL', '', '', '', null, null, null, null, null, null, '0', '0', null, null, null, null, null, null, null, null, null, null, null, null, null, null, null, null, null, null, null, null, '1', null, null);
INSERT INTO `estudiantes` VALUES ('120', 'Marian ', 'Matos Diaz', '4', 'PROVINCIA SANTO DOMINGO', '14', 'VICTORIA PARQUE DEL ESTE', '31', 'ROBERTO VICTORIA', '0', 'BLANCO PUNTA NEGRA ', 'Enproseso ', 'F', '10', null, 'INFANTIL', '', '', '', null, null, null, null, null, null, '0', '0', null, null, null, null, null, null, null, null, null, null, null, null, null, null, null, null, null, null, null, null, '1', null, null);
INSERT INTO `estudiantes` VALUES ('121', 'Irael de Jesus ', 'Robles Nova', '4', 'PROVINCIA SANTO DOMINGO', '14', 'VICTORIA PARQUE DEL ESTE', '31', 'ROBERTO VICTORIA', null, 'AMARILLO', null, 'M', '16', null, 'JUVENIL', '', '', '', null, null, null, null, null, null, '0', '0', null, null, null, null, null, null, null, null, null, null, null, null, null, null, null, null, null, null, null, null, '1', null, null);
INSERT INTO `estudiantes` VALUES ('122', 'Dylan ', 'Montas Castillo ', '4', 'PROVINCIA SANTO DOMINGO', '14', 'VICTORIA PARQUE DEL ESTE', '31', 'ROBERTO VICTORIA', null, 'AMARILLO', ' DOM-3640', 'M', '8', null, 'INFANTIL', '', '', '', null, null, null, null, null, null, '0', '0', null, null, null, null, null, null, null, null, null, null, null, null, null, null, null, null, null, null, null, null, '1', null, null);
INSERT INTO `estudiantes` VALUES ('123', 'Wamer Gael', 'Mota Castillo ', '4', 'PROVINCIA SANTO DOMINGO', '14', 'VICTORIA PARQUE DEL ESTE', '31', 'ROBERTO VICTORIA', null, 'AMARILLO', null, 'M', '6', null, 'INFANTIL', '', '', '', null, null, null, null, null, null, '0', '0', null, null, null, null, null, null, null, null, null, null, null, null, null, null, null, null, null, null, null, null, '1', null, null);
INSERT INTO `estudiantes` VALUES ('124', 'Wiston Enmanuel ', 'Torres Falcon ', '4', 'PROVINCIA SANTO DOMINGO', '14', 'VICTORIA PARQUE DEL ESTE', '31', 'ROBERTO VICTORIA', null, 'BLANCO', null, 'M', '12', null, 'CADETE', '', '', '', null, null, null, null, null, null, '0', '0', null, null, null, null, null, null, null, null, null, null, null, null, null, null, null, null, null, null, null, null, '1', null, null);
INSERT INTO `estudiantes` VALUES ('125', 'Diego Alejandro ', 'Torres Falcon ', '4', 'PROVINCIA SANTO DOMINGO', '14', 'VICTORIA PARQUE DEL ESTE', '31', 'ROBERTO VICTORIA', null, 'BLANCO', null, 'M', '9', null, 'INFANTIL', '', '', '', null, null, null, null, null, null, '0', '0', null, null, null, null, null, null, null, null, null, null, null, null, null, null, null, null, null, null, null, null, '1', null, null);
INSERT INTO `estudiantes` VALUES ('128', 'Alan ', 'Bueno de la Cruz ', '4', 'PROVINCIA SANTO DOMINGO', '15', 'BENJAMIN TKD', '31', 'IDEKEL BENJAMIN', null, 'AZUL', null, '', '9', null, 'INFANTIL', '', '', '', null, null, null, null, null, null, '0', '0', null, null, null, null, null, null, null, null, null, null, null, null, null, null, null, null, null, null, null, null, '1', null, null);
INSERT INTO `estudiantes` VALUES ('129', 'Aurelio Isaac', 'Ramirez Reyes', '4', 'PROVINCIA SANTO DOMINGO', '15', 'BENJAMIN TKD', '31', 'IDEKEL BENJAMIN', null, 'MORADO P. NEGRA', null, '', '13', null, 'CADETE', '', '', '', null, null, null, null, null, null, '0', '0', null, null, null, null, null, null, null, null, null, null, null, null, null, null, null, null, null, null, null, null, '1', null, null);
INSERT INTO `estudiantes` VALUES ('130', 'Alex Emmaanuel ', 'Diaz Mendez', '4', 'PROVINCIA SANTO DOMINGO', '15', 'BENJAMIN TKD', '31', 'IDEKEL BENJAMIN', null, 'VERDE P. NEGRA', null, '', '13', null, 'CADETE', '', '', '', null, null, null, null, null, null, '0', '0', null, null, null, null, null, null, null, null, null, null, null, null, null, null, null, null, null, null, null, null, '1', null, null);
INSERT INTO `estudiantes` VALUES ('131', 'Daniel Andres ', 'Defillo Espinosa', '4', 'PROVINCIA SANTO DOMINGO', '15', 'BENJAMIN TKD', '31', 'IDEKEL BENJAMIN', null, 'AZUL P. NEGRA', null, '', '11', null, 'INFANTIL', '', '', '', null, null, null, null, null, null, '0', '0', null, null, null, null, null, null, null, null, null, null, null, null, null, null, null, null, null, null, null, null, '1', null, null);
INSERT INTO `estudiantes` VALUES ('132', 'Sebastian Alesander', 'Rodriguez Rimer', '4', 'PROVINCIA SANTO DOMINGO', '15', 'BENJAMIN TKD', '31', 'IDEKEL BENJAMIN', null, 'AZUL', null, '', '11', null, 'INFANTIL', '', '', '', null, null, null, null, null, null, '0', '0', null, null, null, null, null, null, null, null, null, null, null, null, null, null, null, null, null, null, null, null, '1', null, null);
INSERT INTO `estudiantes` VALUES ('133', 'Helen ', 'Piantini', '4', 'PROVINCIA SANTO DOMINGO', '15', 'BENJAMIN TKD', '31', 'IDEKEL BENJAMIN', null, 'NARANJA ', null, '', '15', null, 'JUVENIL', '', '', '', null, null, null, null, null, null, '0', '0', null, null, null, null, null, null, null, null, null, null, null, null, null, null, null, null, null, null, null, null, '1', null, null);
INSERT INTO `estudiantes` VALUES ('134', 'Deisel Alox ', 'Mercedes Alcantara', '4', 'PROVINCIA SANTO DOMINGO', '15', 'BENJAMIN TKD', '31', 'IDEKEL BENJAMIN', null, 'NARANJA P. NEGRA', null, '', '8', null, 'INFANTIL', '', '', '', null, null, null, null, null, null, '0', '0', null, null, null, null, null, null, null, null, null, null, null, null, null, null, null, null, null, null, null, null, '1', null, null);
INSERT INTO `estudiantes` VALUES ('135', 'Joseph ', 'de la Rosa', '4', 'PROVINCIA SANTO DOMINGO', '15', 'BENJAMIN TKD', '31', 'IDEKEL BENJAMIN', null, 'NARANJA ', null, '', '7', null, 'INFANTIL', '', '', '', null, null, null, null, null, null, '0', '0', null, null, null, null, null, null, null, null, null, null, null, null, null, null, null, null, null, null, null, null, '1', null, null);
INSERT INTO `estudiantes` VALUES ('136', 'Ismael ', 'Roque ', '4', 'PROVINCIA SANTO DOMINGO', '15', 'BENJAMIN TKD', '31', 'IDEKEL BENJAMIN', null, 'NARANJA P. NEGRA', null, '', '9', null, 'INFANTIL', '', '', '', null, null, null, null, null, null, '0', '0', null, null, null, null, null, null, null, null, null, null, null, null, null, null, null, null, null, null, null, null, '1', null, null);
INSERT INTO `estudiantes` VALUES ('137', 'Hender Yadiel', 'Matos Crespo', '4', 'PROVINCIA SANTO DOMINGO', '15', 'BENJAMIN TKD', '31', 'IDEKEL BENJAMIN', null, 'BLANCO P. AMARILLA', null, '', '10', null, 'INFANTIL', '', '', '', null, null, null, null, null, null, '0', '0', null, null, null, null, null, null, null, null, null, null, null, null, null, null, null, null, null, null, null, null, '1', null, null);
INSERT INTO `estudiantes` VALUES ('138', 'Jeremy ', 'Guzman Beato', '4', 'PROVINCIA SANTO DOMINGO', '15', 'BENJAMIN TKD', '31', 'IDEKEL BENJAMIN', null, 'AZUL', null, '', '9', null, 'INFANTIL', '', '', '', null, null, null, null, null, null, '0', '0', null, null, null, null, null, null, null, null, null, null, null, null, null, null, null, null, null, null, null, null, '1', null, null);
INSERT INTO `estudiantes` VALUES ('139', 'Abril ', 'Checo Sosa', '4', 'PROVINCIA SANTO DOMINGO', '16', 'LEDESMA TKD', '31', 'ROBERTO LEDESMA', null, 'NEGRO', null, 'F', '19', null, 'SUPERIOR', '', '', '', null, null, null, null, null, null, '0', '0', null, null, null, null, null, null, null, null, null, null, null, null, null, null, null, null, null, null, null, null, '1', null, null);
INSERT INTO `estudiantes` VALUES ('140', 'MATIAS', 'VANZETY ACOSTA', '5', 'DISTRITO NACIONAL', '22', 'JINHWA', '1', 'YERFIS AMARANTE', null, 'BLANCO', null, 'M', '6', null, 'INFANTIL', '', '', '', null, null, null, null, null, null, '0', '0', null, null, null, null, null, null, null, null, null, null, null, null, null, null, null, null, null, null, null, null, '1', null, null);
INSERT INTO `estudiantes` VALUES ('141', 'MIRY', 'BELIARD', '5', 'DISTRITO NACIONAL', '22', 'JINHWA', '1', 'YERFIS AMARANTE', null, 'ROJO', null, 'F', '16', null, 'JUVENIL', '', '', '', null, null, null, null, null, null, '0', '0', null, null, null, null, null, null, null, null, null, null, null, null, null, null, null, null, null, null, null, null, '1', null, null);
INSERT INTO `estudiantes` VALUES ('142', 'LUIS MIGUEL', 'DIAZ LOPEZ', '5', 'DISTRITO NACIONAL', '13', 'LISTAUASD', '1', 'LUIS MANUEL GABOT', null, '', 'DOM-3616', 'M', '28', null, 'SUPERIOR', '', '', '', null, null, null, null, null, null, '0', '0', null, null, null, null, null, null, null, null, null, null, null, null, null, null, null, null, null, null, null, null, '1', null, null);
INSERT INTO `estudiantes` VALUES ('143', 'ALEJANDRO JOSE', 'ROARI FEBLES', '5', 'DISTRITO NACIONAL', '13', 'LISTAUAS', '1', 'LUIS MANUEL GABOT', null, '', null, 'M', '21', null, 'SUPERIOR', '', '', '', null, null, null, null, null, null, '0', '0', null, null, null, null, null, null, null, null, null, null, null, null, null, null, null, null, null, null, null, null, '1', null, null);
INSERT INTO `estudiantes` VALUES ('144', 'Marian', 'Victoria Dominguez', '5', 'DISTRITO NACIONAL', '24', 'CLUB ARROYO HONDO', '1', 'CARMELO MENCIA', null, 'NARANJA ', null, 'F', '8', null, 'INFANTIL', '', '', '', null, null, null, null, null, null, '0', '0', null, null, null, null, null, null, null, null, null, null, null, null, null, null, null, null, null, null, null, null, '1', null, null);
INSERT INTO `estudiantes` VALUES ('145', 'Yeico Adriel', 'Arias Burgos', '5', 'DISTRITO NACIONAL', '24', 'CLUB ARROYO HONDO', '1', 'CARMELO MENCIA', null, 'NARANJA ', null, 'M', '8', null, 'INFANTIL', '', '', '', null, null, null, null, null, null, '0', '0', null, null, null, null, null, null, null, null, null, null, null, null, null, null, null, null, null, null, null, null, '1', null, null);
INSERT INTO `estudiantes` VALUES ('146', 'Joshua Harold', 'Dominguez Tejada', '5', 'DISTRITO NACIONAL', '24', 'CLUB ARROYO HONDO', '1', 'CARMELO MENCIA', null, 'MARRON', null, 'M', '16', null, 'JUVENIL', '', '', '', null, null, null, null, null, null, '0', '0', null, null, null, null, null, null, null, null, null, null, null, null, null, null, null, null, null, null, null, null, '1', null, null);
INSERT INTO `estudiantes` VALUES ('147', 'Enyer', 'Sanchez Zoquier', '5', 'DISTRITO NACIONAL', '24', 'CLUB ARROYO HONDO', '1', 'CARMELO MENCIA', null, 'VERDE', null, 'M', '15', null, 'JUVENIL', '', '', '', null, null, null, null, null, null, '0', '0', null, null, null, null, null, null, null, null, null, null, null, null, null, null, null, null, null, null, null, null, '1', null, null);
INSERT INTO `estudiantes` VALUES ('148', 'Esther Maria', 'Liriano Rodriguez', '5', 'DISTRITO NACIONAL', '24', 'CLUB ARROYO HONDO', '1', 'CARMELO MENCIA', '0', 'NARANJA ', 'DOM-2895', 'F', '13', null, 'CADETE', '', '', '', null, null, null, null, null, null, '0', '0', null, null, null, null, null, null, null, null, null, null, null, null, null, null, null, null, null, null, null, null, '1', null, null);
INSERT INTO `estudiantes` VALUES ('149', 'Marlin Nalleli', 'De La Cruz Berroa', '6', 'LA ROMANA', '27', 'VELOZ TKD', '14', 'SANTO VELOZ', '5', 'NEGRO', 'DOM-1644', '', '24', '-73', 'SUPERIOR', '', '', '', null, null, null, null, null, null, '0', '0', null, null, null, null, null, null, null, null, null, null, null, null, null, null, null, null, null, null, null, null, '1', null, null);
INSERT INTO `estudiantes` VALUES ('150', 'Ashley Yosmeiry', 'Carpio Yeantil', '6', 'LA ROMANA', '27', 'VELOZ TKD', '14', 'SANTO VELOZ', '5', 'NEGRO', 'DOM-2232 ', '', '18', '-46', 'SUPERIOR', '', '', '', null, null, null, null, null, null, '0', '0', null, null, null, null, null, null, null, null, null, null, null, null, null, null, null, null, null, null, null, null, '1', null, null);
INSERT INTO `estudiantes` VALUES ('151', 'Mayerlin Yanay ', 'Mejia Matos', '7', 'SAN JUAN DE LA MAGUANA', '29', 'CLUB PEDRO MONTERO', '27', 'PEDRO MONTERO', null, 'NEGRO', null, 'F', '31', null, 'SUPERIOR', '', '', '', null, null, null, null, null, null, '0', '0', null, null, null, null, null, null, null, null, null, null, null, null, null, null, null, null, null, null, null, null, '1', null, null);
INSERT INTO `estudiantes` VALUES ('152', 'VANESSA', 'LARA BERIGUETE', '7', 'SAN JUAN DE LA MAGUANA', '29', 'CLUB PEDRO MONTERO', '27', 'PEDRO MONTERO', '0', 'NEGRO', 'DOM-1659', 'F', '25', null, 'SUPERIOR', '', '', '', null, null, null, null, null, null, '0', '0', null, null, null, null, null, null, null, null, null, null, null, null, null, null, null, null, null, null, null, null, '1', null, null);
INSERT INTO `estudiantes` VALUES ('153', 'Esquivel ', 'Bocio', '8', 'BARAHONA', '30', 'POLIDEPORTIVO DE BARAHONA', '4', 'MANUEL EMILIO FERRERA', '5', 'NEGRO', 'DOM-1701', 'M', null, null, 'SUPERIOR', '', '', '', null, null, null, null, null, null, '0', '0', null, null, null, null, null, null, null, null, null, null, null, null, null, null, null, null, null, null, null, null, '1', null, null);
INSERT INTO `estudiantes` VALUES ('154', 'Mical De Jesus', 'Ulerio Sanchez', '10', 'LA VEGA', '32', 'ELITE TAEKWONDO', '15', 'RICARDO SALDIVA', null, 'AMARILLO', null, 'M', '10', null, 'INFANTIL', '', '', '', null, null, null, null, null, null, '0', '0', null, null, null, null, null, null, null, null, null, null, null, null, null, null, null, null, null, null, null, null, '1', null, null);
INSERT INTO `estudiantes` VALUES ('155', 'Camil', 'Ulerio Sanchez', '10', 'LA VEGA', '32', 'ELITE TAEKWONDO', '15', 'RICARDO SALDIVA', null, 'AMARILLO', null, 'F', '8', null, 'INFANTIL', '', '', '', null, null, null, null, null, null, '0', '0', null, null, null, null, null, null, null, null, null, null, null, null, null, null, null, null, null, null, null, null, '1', null, null);
INSERT INTO `estudiantes` VALUES ('156', 'Dylan de Jesús', 'Caba Rodríguez', '10', 'LA VEGA', '32', 'ELITE TAEKWONDO', '15', 'RICARDO SALDIVA', null, 'BLANCO', null, 'M', '7', null, 'INFANTIL', '', '', '', null, null, null, null, null, null, '0', '0', null, null, null, null, null, null, null, null, null, null, null, null, null, null, null, null, null, null, null, null, '1', null, null);
INSERT INTO `estudiantes` VALUES ('157', 'Yostin de Jesús', 'Paulino morillo', '10', 'LA VEGA', '32', 'ELITE TAEKWONDO', '15', 'RICARDO SALDIVA', null, 'AMARILLO', null, 'M', '13', null, 'CADETE', '', '', '', null, null, null, null, null, null, '0', '0', null, null, null, null, null, null, null, null, null, null, null, null, null, null, null, null, null, null, null, null, '1', null, null);
INSERT INTO `estudiantes` VALUES ('158', 'Luis David', 'Núñez Rodríguez', '10', 'LA VEGA', '32', 'ELITE TAEKWONDO', '15', 'RICARDO SALDIVA', null, 'NARANJA', null, 'M', '11', null, 'INFANTIL', '', '', '', null, null, null, null, null, null, '0', '0', null, null, null, null, null, null, null, null, null, null, null, null, null, null, null, null, null, null, null, null, '1', null, null);
INSERT INTO `estudiantes` VALUES ('159', 'Lisaury', 'Ortiz Quezada', '10', 'LA VEGA', '32', 'ELITE TAEKWONDO', '15', 'RICARDO SALDIVA', null, 'AMARILLO', null, 'F', '9', null, 'INFANTIL', '', '', '', null, null, null, null, null, null, '0', '0', null, null, null, null, null, null, null, null, null, null, null, null, null, null, null, null, null, null, null, null, '1', null, null);
INSERT INTO `estudiantes` VALUES ('160', 'Gerelin Altagracia', 'Marte', '10', 'LA VEGA', '32', 'ELITE TAEKWONDO', '15', 'RICARDO SALDIVA', null, 'BLANCO', null, 'F', '10', null, 'INFANTIL', '', '', '', null, null, null, null, null, null, '0', '0', null, null, null, null, null, null, null, null, null, null, null, null, null, null, null, null, null, null, null, null, '1', null, null);
INSERT INTO `estudiantes` VALUES ('161', 'Russell', 'Lantigua Concepción', '10', 'LA VEGA', '32', 'ELITE TAEKWONDO', '15', 'RICARDO SALDIVA', null, 'AMARILLO', null, 'M', '11', null, 'INFANTIL', '', '', '', null, null, null, null, null, null, '0', '0', null, null, null, null, null, null, null, null, null, null, null, null, null, null, null, null, null, null, null, null, '1', null, null);
INSERT INTO `estudiantes` VALUES ('162', 'Keyla Altagracia', 'Polanco Mejía', '10', 'LA VEGA', '32', 'ELITE TAEKWONDO', '15', 'RICARDO SALDIVA', null, 'NARANJA', null, 'F', '13', null, 'CADETE', '', '', '', null, null, null, null, null, null, '0', '0', null, null, null, null, null, null, null, null, null, null, null, null, null, null, null, null, null, null, null, null, '1', null, null);
INSERT INTO `estudiantes` VALUES ('163', 'Luis David', 'Polanco Mejía', '10', 'LA VEGA', '32', 'ELITE TAEKWONDO', '15', 'RICARDO SALDIVA', null, 'VERDE', null, 'M', '12', null, 'CADETE', '', '', '', null, null, null, null, null, null, '0', '0', null, null, null, null, null, null, null, null, null, null, null, null, null, null, null, null, null, null, null, null, '1', null, null);
INSERT INTO `estudiantes` VALUES ('164', 'Oscar ', 'Guzman Nunez', '10', 'LA VEGA', '32', 'ELITE TAEKWONDO', '15', 'RICARDO SALDIVA', null, 'AMARILLO', null, 'M', '11', null, 'INFANTIL', '', '', '', null, null, null, null, null, null, '0', '0', null, null, null, null, null, null, null, null, null, null, null, null, null, null, null, null, null, null, null, null, '1', null, null);
INSERT INTO `estudiantes` VALUES ('165', 'Treisy shanel', 'Tavarez Payano', '10', 'LA VEGA', '32', 'ELITE TAEKWONDO', '15', 'RICARDO SALDIVA', null, 'VERDE', null, 'F', '10', null, 'INFANTIL', '', '', '', null, null, null, null, null, null, '0', '0', null, null, null, null, null, null, null, null, null, null, null, null, null, null, null, null, null, null, null, null, '1', null, null);
INSERT INTO `estudiantes` VALUES ('166', 'Saúl', 'Brito Jimez', '10', 'LA VEGA', '50', 'VICTOR SANCHEZ TKD', '15', 'VICTOR SANCHEZ', null, 'ROJO', null, 'M', '14', null, 'CADETE', '', '', '', null, null, null, null, null, null, '0', '0', null, null, null, null, null, null, null, null, null, null, null, null, null, null, null, null, null, null, null, null, '1', null, null);
INSERT INTO `estudiantes` VALUES ('167', 'Francisco Jose', 'Martinez Corcino', '10', 'LA VEGA', '50', 'VICTOR SANCHEZ TKD', '15', 'VICTOR SANCHEZ', null, 'BLANCO', null, 'M', '12', null, 'CADETE', '', '', '', null, null, null, null, null, null, '0', '0', null, null, null, null, null, null, null, null, null, null, null, null, null, null, null, null, null, null, null, null, '1', null, null);
INSERT INTO `estudiantes` VALUES ('168', 'José Francisco', 'Martinez Corcino', '10', 'LA VEGA', '50', 'VICTOR SANCHEZ TKD', '15', 'VICTOR SANCHEZ', null, 'BLANCO', null, 'M', '12', null, 'CADETE', '', '', '', null, null, null, null, null, null, '0', '0', null, null, null, null, null, null, null, null, null, null, null, null, null, null, null, null, null, null, null, null, '1', null, null);
INSERT INTO `estudiantes` VALUES ('169', 'Noel Emilio', 'Furcal Quiroz', '10', 'LA VEGA', '50', 'VICTOR SANCHEZ TKD', '15', 'VICTOR SANCHEZ', null, 'BLANCO', null, 'M', '13', null, 'CADETE', '', '', '', null, null, null, null, null, null, '0', '0', null, null, null, null, null, null, null, null, null, null, null, null, null, null, null, null, null, null, null, null, '1', null, null);
INSERT INTO `estudiantes` VALUES ('170', 'Ashley Nicolle', 'Candelario', '10', 'LA VEGA', '50', 'VICTOR SANCHEZ TKD', '15', 'VICTOR SANCHEZ', '0', 'VERDE', 'DOM-3087', 'F', '14', null, 'CADETE', '', '', '', null, null, null, null, null, null, '0', '0', null, null, null, null, null, null, null, null, null, null, null, null, null, null, null, null, null, null, null, null, '1', null, null);
INSERT INTO `estudiantes` VALUES ('171', 'Adriana', 'De León Candelario', '10', 'LA VEGA', '50', 'VICTOR SANCHEZ TKD', '15', 'VICTOR SANCHEZ', null, 'VERDE', null, 'F', '8', null, 'INFANTIL', '', '', '', null, null, null, null, null, null, '0', '0', null, null, null, null, null, null, null, null, null, null, null, null, null, null, null, null, null, null, null, null, '1', null, null);
INSERT INTO `estudiantes` VALUES ('172', 'Jeury Nicolas ', 'de Leon Candelario', '10', 'LA VEGA', '50', 'VICTOR SANCHEZ TKD', '15', 'VICTOR SANCHEZ', null, 'AZUL', null, 'M', '10', null, 'INFANTIL', '', '', '', null, null, null, null, null, null, '0', '0', null, null, null, null, null, null, null, null, null, null, null, null, null, null, null, null, null, null, null, null, '1', null, null);
INSERT INTO `estudiantes` VALUES ('173', 'Ismael', 'Ferrera Sanchez ', '10', 'LA VEGA', '50', 'VICTOR SANCHEZ TKD', '15', 'VICTOR SANCHEZ', null, 'NARANJA', null, 'M', '8', null, 'INFANTIL', '', '', '', null, null, null, null, null, null, '0', '0', null, null, null, null, null, null, null, null, null, null, null, null, null, null, null, null, null, null, null, null, '1', null, null);
INSERT INTO `estudiantes` VALUES ('174', 'Isaias', 'Rojas Nova', '10', 'LA VEGA', '50', 'VICTOR SANCHEZ TKD', '15', 'VICTOR SANCHEZ', null, 'AZUL', 'DOM-2554', 'M', '12', null, 'CADETE', '', '', '', null, null, null, null, null, null, '0', '0', null, null, null, null, null, null, null, null, null, null, null, null, null, null, null, null, null, null, null, null, '1', null, null);
INSERT INTO `estudiantes` VALUES ('175', 'Jose Gregorio ', 'Rojas Nova', '10', 'LA VEGA', '50', 'VICTOR SANCHEZ TKD', '15', 'VICTOR SANCHEZ', '0', 'VERDE', ' DOM-2553', 'M', '9', null, 'INFANTIL', '', '', '', null, null, null, null, null, null, '0', '0', null, null, null, null, null, null, null, null, null, null, null, null, null, null, null, null, null, null, null, null, '1', null, null);
INSERT INTO `estudiantes` VALUES ('176', 'Kazandra Mercedes ', 'Duran Inoa ', '10', 'LA VEGA', '50', 'VICTOR SANCHEZ TKD', '15', 'VICTOR SANCHEZ', null, 'NEGRO', null, 'F', '14', null, 'CADETE', '', '', '', null, null, null, null, null, null, '0', '0', null, null, null, null, null, null, null, null, null, null, null, null, null, null, null, null, null, null, null, null, '1', null, null);
INSERT INTO `estudiantes` VALUES ('177', 'Anderso de Jesus ', 'Reyes Quesada', '10', 'LA VEGA', '50', 'VICTOR SANCHEZ TKD', '15', 'VICTOR SANCHEZ', null, 'VERDE', null, 'M', '14', null, 'CADETE', '', '', '', null, null, null, null, null, null, '0', '0', null, null, null, null, null, null, null, null, null, null, null, null, null, null, null, null, null, null, null, null, '1', null, null);
INSERT INTO `estudiantes` VALUES ('178', 'Eliezer', 'Paniagua Canela ', '10', 'LA VEGA', '50', 'VICTOR SANCHEZ TKD', '15', 'VICTOR SANCHEZ', null, 'NARANJA', null, 'M', '16', null, 'JUVENIL', '', '', '', null, null, null, null, null, null, '0', '0', null, null, null, null, null, null, null, null, null, null, null, null, null, null, null, null, null, null, null, null, '1', null, null);
INSERT INTO `estudiantes` VALUES ('179', 'Ángel', 'Alcántara', '10', 'LA VEGA', '50', 'VICTOR SANCHEZ TKD', '15', 'VICTOR SANCHEZ', null, 'AZUL', null, 'M', '11', null, 'INFANTIL', '', '', '', null, null, null, null, null, null, '0', '0', null, null, null, null, null, null, null, null, null, null, null, null, null, null, null, null, null, null, null, null, '1', null, null);
INSERT INTO `estudiantes` VALUES ('180', 'Carlenis', 'Diaz Tejada', '10', 'LA VEGA', '50', 'VICTOR SANCHEZ TKD', '15', 'VICTOR SANCHEZ', null, 'VERDE', null, 'F', '12', null, 'CADETE', '', '', '', null, null, null, null, null, null, '0', '0', null, null, null, null, null, null, null, null, null, null, null, null, null, null, null, null, null, null, null, null, '1', null, null);
INSERT INTO `estudiantes` VALUES ('181', 'Karen Michelle ', 'Nunez Romero', '10', 'LA VEGA', '50', 'VICTOR SANCHEZ TKD', '15', 'VICTOR SANCHEZ', null, 'AMARILLO', null, 'F', '13', null, 'CADETE', '', '', '', null, null, null, null, null, null, '0', '0', null, null, null, null, null, null, null, null, null, null, null, null, null, null, null, null, null, null, null, null, '1', null, null);
INSERT INTO `estudiantes` VALUES ('182', 'Darlin Manuel ', 'Romero Espinal', '10', 'LA VEGA', '50', 'VICTOR SANCHEZ TKD', '15', 'VICTOR SANCHEZ', null, 'NARANJA', null, 'M', '13', null, 'CADETE', '', '', '', null, null, null, null, null, null, '0', '0', null, null, null, null, null, null, null, null, null, null, null, null, null, null, null, null, null, null, null, null, '1', null, null);
INSERT INTO `estudiantes` VALUES ('183', 'Valeria ', 'Tejada Duran ', '10', 'LA VEGA', '50', 'VICTOR SANCHEZ TKD', '15', 'VICTOR SANCHEZ', '0', 'AZUL', 'DOM-2566', 'F', '12', null, 'CADETE', '', '', '', null, null, null, null, null, null, '0', '0', null, null, null, null, null, null, null, null, null, null, null, null, null, null, null, null, null, null, null, null, '1', null, null);
INSERT INTO `estudiantes` VALUES ('184', 'Jostin Michael ', 'Puntiel Batista', '10', 'LA VEGA', '50', 'VICTOR SANCHEZ TKD', '15', 'VICTOR SANCHEZ', null, 'ROJO', null, 'M', '17', null, 'JUVENIL', '', '', '', null, null, null, null, null, null, '0', '0', null, null, null, null, null, null, null, null, null, null, null, null, null, null, null, null, null, null, null, null, '1', null, null);
INSERT INTO `estudiantes` VALUES ('185', 'MARIA', 'PEÑA PUELLO', '11', 'SANTIAGO', '35', 'GRULLON TKD CENTER', '29', 'RAFAEL GRULLON', '5', 'NEGRO', 'DOM-1803', 'F', '18', '49', 'SUPERIOR', '', '', '', null, null, null, null, null, null, '0', '0', null, null, null, null, null, null, null, null, null, null, null, null, null, null, null, null, null, null, null, null, '1', null, null);
INSERT INTO `estudiantes` VALUES ('186', 'ISAAC', 'SANTOS CHECO', '11', 'SANTIAGO', '35', 'GRULLON TKD CENTER', '29', 'RAFAEL GRULLON', null, 'NEGRO', null, 'M', '14', '52', 'CADETE', '', '', '', null, null, null, null, null, null, '0', '0', null, null, null, null, null, null, null, null, null, null, null, null, null, null, null, null, null, null, null, null, '1', null, null);
INSERT INTO `estudiantes` VALUES ('187', 'CARIANI', 'SANTOS CHECO', '11', 'SANTIAGO', '35', 'GRULLON TKD CENTER', '29', 'RAFAEL GRULLON', null, 'NEGRO', null, 'F', '22', '53', 'SUPERIOR', '', '', '', null, null, null, null, null, null, '0', '0', null, null, null, null, null, null, null, null, null, null, null, null, null, null, null, null, null, null, null, null, '1', null, null);
INSERT INTO `estudiantes` VALUES ('188', 'CAMILA', 'MARTINEZ GRULLON', '11', 'SANTIAGO', '35', 'GRULLON TKD CENTER', '29', 'RAFAEL GRULLON', null, 'NEGRO', null, 'F', '15', '55', 'JUVENIL', '', '', '', null, null, null, null, null, null, '0', '0', null, null, null, null, null, null, null, null, null, null, null, null, null, null, null, null, null, null, null, null, '1', null, null);
INSERT INTO `estudiantes` VALUES ('189', 'GEISHA', 'ACOSTA', '11', 'SANTIAGO', '35', 'GRULLON TKD CENTER', '29', 'RAFAEL GRULLON', null, 'NEGRO', null, 'F', '21', '73', 'SUPERIOR', '', '', '', null, null, null, null, null, null, '0', '0', null, null, null, null, null, null, null, null, null, null, null, null, null, null, null, null, null, null, null, null, '1', null, null);
INSERT INTO `estudiantes` VALUES ('190', 'ANDRIALIS', 'BONILLA', '11', 'SANTIAGO', '35', 'GRULLON TKD CENTER', '29', 'RAFAEL GRULLON', '0', 'NEGRO', '', 'F', '22', '0', 'SUPERIOR', '', '', '', null, null, null, null, null, null, '0', '0', null, null, null, null, null, null, null, null, null, null, null, null, null, null, null, null, null, null, null, null, '1', null, null);
INSERT INTO `estudiantes` VALUES ('191', 'MADELYN', 'RODRIGUEZ', '11', 'SANTIAGO', '35', 'GRULLON TKD CENTER', '29', 'RAFAEL GRULLON', '0', 'NEGRO', '', 'F', '25', '73', 'SUPERIOR', '', '', '', null, null, null, null, null, null, '0', '0', null, null, null, null, null, null, null, null, null, null, null, null, null, null, null, null, null, null, null, null, '1', null, null);
INSERT INTO `estudiantes` VALUES ('192', 'ROSIBEL', 'SANTIAGO', '11', 'SANTIAGO', '35', 'GRULLON TKD CENTER', '29', 'RAFAEL GRULLON', null, 'NEGRO', null, 'M', '17', '50', 'JUVENIL', '', '', '', null, null, null, null, null, null, '0', '0', null, null, null, null, null, null, null, null, null, null, null, null, null, null, null, null, null, null, null, null, '1', null, null);
INSERT INTO `estudiantes` VALUES ('193', 'PEDRO', 'LUIS MARTINEZ', '11', 'SANTIAGO', '35', 'GRULLON TKD CENTER', '29', 'RAFAEL GRULLON', '5', 'NEGRO', 'DOM-1649 ', 'M', '23', '73', 'SUPERIOR', '', '', '', null, null, null, null, null, null, '0', '0', null, null, null, null, null, null, null, null, null, null, null, null, null, null, null, null, null, null, null, null, '1', null, null);
INSERT INTO `estudiantes` VALUES ('194', 'RAFAEL', 'DE LA CRUZ', '11', 'SANTIAGO', '35', 'GRULLON TKD CENTER', '29', 'RAFAEL GRULLON', '0', 'NEGRO', '', 'M', '22', '68', 'SUPERIOR', '', '', '', null, null, null, null, null, null, '0', '0', null, null, null, null, null, null, null, null, null, null, null, null, null, null, null, null, null, null, null, null, '1', null, null);
INSERT INTO `estudiantes` VALUES ('195', 'YUNIOR', 'ANTONI ANDERSON', '11', 'SANTIAGO', '35', 'GRULLON TKD CENTER', '29', 'RAFAEL GRULLON', null, 'NEGRO', null, 'M', '19', '68', 'SUPERIOR', '', '', '', null, null, null, null, null, null, '0', '0', null, null, null, null, null, null, null, null, null, null, null, null, null, null, null, null, null, null, null, null, '1', null, null);
INSERT INTO `estudiantes` VALUES ('196', 'SAUL', 'TAVARES', '11', 'SANTIAGO', '35', 'GRULLON TKD CENTER', '29', 'RAFAEL GRULLON', null, 'NEGRO', null, 'M', '24', '63', 'SUPERIOR', '', '', '', null, null, null, null, null, null, '0', '0', null, null, null, null, null, null, null, null, null, null, null, null, null, null, null, null, null, null, null, null, '1', null, null);
INSERT INTO `estudiantes` VALUES ('197', 'Joely', 'Martinez', '11', 'SANTIAGO', '36', 'SERRIN TKD', '29', 'OMAR DE LEON', '5', 'NEGRO', '', 'F', '15', '50', 'JUVENIL', '', '', '', null, null, null, null, null, null, '0', '0', null, null, null, null, null, null, null, null, null, null, null, null, null, null, null, null, null, null, null, null, '1', null, null);
INSERT INTO `estudiantes` VALUES ('198', 'Michelle', 'Garcia', '11', 'SANTIAGO', '36', 'SERRIN TKD', '29', 'OMAR DE LEON', '5', 'NEGRO', '', 'F', '16', '63', 'JUVENIL', '', '', '', null, null, null, null, null, null, '0', '0', null, null, null, null, null, null, null, null, null, null, null, null, null, null, null, null, null, null, null, null, '1', null, null);
INSERT INTO `estudiantes` VALUES ('199', 'Jeremiah Emilio', 'Hyppolite', '11', 'SANTIAGO', '36', 'SERRIN TKD', '29', 'OMAR DE LEON', null, 'NARANJA', null, 'M', '15', '73', 'JUVENIL', '', '', '', null, null, null, null, null, null, '0', '0', null, null, null, null, null, null, null, null, null, null, null, null, null, null, null, null, null, null, null, null, '1', null, null);
INSERT INTO `estudiantes` VALUES ('200', 'Francis', 'Jones', '11', 'SANTIAGO', '36', 'SERRIN TKD', '29', 'OMAR DE LEON', null, 'NEGRO', null, 'M', '15', '52', 'JUVENIL', '', '', '', null, null, null, null, null, null, '0', '0', null, null, null, null, null, null, null, null, null, null, null, null, null, null, null, null, null, null, null, null, '1', null, null);
INSERT INTO `estudiantes` VALUES ('201', 'Anaylis', 'Rodriguez', '11', 'SANTIAGO', '36', 'SERRIN TKD', '29', 'OMAR DE LEON', '0', 'AZUL', '', 'F', '15', '53', 'JUVENIL', '', '', '', null, null, null, null, null, null, '0', '0', null, null, null, null, null, null, null, null, null, null, null, null, null, null, null, null, null, null, null, null, '1', null, null);
INSERT INTO `estudiantes` VALUES ('202', 'Aura', 'Taveras', '11', 'SANTIAGO', '36', 'SERRIN TKD', '29', 'OMAR DE LEON', '0', 'AZUL', '', 'F', '11', '50', 'INFANTIL', '', '', '', null, null, null, null, null, null, '0', '0', null, null, null, null, null, null, null, null, null, null, null, null, null, null, null, null, null, null, null, null, '1', null, null);
INSERT INTO `estudiantes` VALUES ('203', 'Franchesca', 'Contreras', '11', 'SANTIAGO', '36', 'SERRIN TKD', '29', 'OMAR DE LEON', '1', 'AMARILLO', '', 'F', '16', '68', 'JUVENIL', '', '', '', null, null, null, null, null, null, '0', '0', null, null, null, null, null, null, null, null, null, null, null, null, null, null, null, null, null, null, null, null, '1', null, null);
INSERT INTO `estudiantes` VALUES ('204', 'Mathew', 'Cruz', '11', 'SANTIAGO', '36', 'SERRIN TKD', '29', 'OMAR DE LEON', '4', 'NEGRO', '', 'M', '14', '55', 'CADETE', '', '', '', null, null, null, null, null, null, '0', '0', null, null, null, null, null, null, null, null, null, null, null, null, null, null, null, null, null, null, null, null, '1', null, null);
INSERT INTO `estudiantes` VALUES ('205', 'Francisco', 'Bido', '11', 'SANTIAGO', '36', 'SERRIN TKD', '29', 'OMAR DE LEON', null, 'MORADO', null, 'M', '14', '56', 'CADETE', '', '', '', null, null, null, null, null, null, '0', '0', null, null, null, null, null, null, null, null, null, null, null, null, null, null, null, null, null, null, null, null, '1', null, null);
INSERT INTO `estudiantes` VALUES ('206', 'Yohanny', 'Araujo', '11', 'SANTIAGO', '36', 'SERRIN TKD', '29', 'OMAR DE LEON', '5', 'NEGRO', 'DOM-3506', 'F', '0', '57', 'SUPERIOR', '', '', '', null, null, null, null, null, null, '0', '0', null, null, null, null, null, null, null, null, null, null, null, null, null, null, null, null, null, null, null, null, '1', null, null);
INSERT INTO `estudiantes` VALUES ('207', 'Alexandro', 'Raphael', '11', 'SANTIAGO', '36', 'SERRIN TKD', '29', 'OMAR DE LEON', null, 'NEGRO', null, 'M', '0', '83', 'SUPERIOR', '', '', '', null, null, null, null, null, null, '0', '0', null, null, null, null, null, null, null, null, null, null, null, null, null, null, null, null, null, null, null, null, '1', null, null);
INSERT INTO `estudiantes` VALUES ('208', 'Daera', 'Cabrera', '11', 'SANTIAGO', '36', 'SERRIN TKD', '29', 'OMAR DE LEON', '3', 'VERDE', '', 'F', '14', '60', 'CADETE', '', '', '', null, null, null, null, null, null, '0', '0', null, null, null, null, null, null, null, null, null, null, null, null, null, null, null, null, null, null, null, null, '1', null, null);
INSERT INTO `estudiantes` VALUES ('209', 'Eduardo', 'Stilus', '11', 'SANTIAGO', '36', 'SERRIN TKD', '29', 'OMAR DE LEON', null, 'NEGRO', null, 'M', '16', '57', 'JUVENIL', '', '', '', null, null, null, null, null, null, '0', '0', null, null, null, null, null, null, null, null, null, null, null, null, null, null, null, null, null, null, null, null, '1', null, null);
INSERT INTO `estudiantes` VALUES ('210', 'Christopher', 'Pinales', '11', 'SANTIAGO', '36', 'SERRIN TKD', '29', 'OMAR DE LEON', null, 'NEGRO', null, 'M', '18', '65', 'SUPERIOR', '', '', '', null, null, null, null, null, null, '0', '0', null, null, null, null, null, null, null, null, null, null, null, null, null, null, null, null, null, null, null, null, '1', null, null);
INSERT INTO `estudiantes` VALUES ('211', 'Frandy Eliezer', 'Faña Beaton', '12', 'MOCA', '44', 'JOSE LUIS TKD', '9', 'JOSE LUIS ', null, 'NARANJA', null, 'M', '16', null, 'JUVENIL', '', '', '', null, null, null, null, null, null, '0', '0', null, null, null, null, null, null, null, null, null, null, null, null, null, null, null, null, null, null, null, null, '1', null, null);
INSERT INTO `estudiantes` VALUES ('212', 'Elizabeth Maria', 'Liriano', '12', 'MOCA', '44', 'JOSE LUIS TKD', '9', 'JOSE LUIS ', null, 'AZUL', null, 'F', '16', null, 'JUVENIL', '', '', '', null, null, null, null, null, null, '0', '0', null, null, null, null, null, null, null, null, null, null, null, null, null, null, null, null, null, null, null, null, '1', null, null);
INSERT INTO `estudiantes` VALUES ('213', 'Osvaldo ', 'Ovalle Paulino', '12', 'MOCA', '44', 'JOSE LUIS TKD', '9', 'JOSE LUIS ', null, 'NARANJA', null, 'M', '13', null, 'CADETE', '', '', '', null, null, null, null, null, null, '0', '0', null, null, null, null, null, null, null, null, null, null, null, null, null, null, null, null, null, null, null, null, '1', null, null);
INSERT INTO `estudiantes` VALUES ('214', 'Devalcin ', 'Francois ', '12', 'MOCA', '44', 'JOSE LUIS TKD', '9', 'JOSE LUIS ', null, 'AMARILLO', null, 'M', '23', null, 'SUPERIOR', '', '', '', null, null, null, null, null, null, '0', '0', null, null, null, null, null, null, null, null, null, null, null, null, null, null, null, null, null, null, null, null, '1', null, null);
INSERT INTO `estudiantes` VALUES ('215', 'Alam Junior', 'Polanco Reynoso', '12', 'MOCA', '44', 'JOSE LUIS TKD', '9', 'JOSE LUIS ', null, 'MORADO', null, 'M', '16', null, 'JUVENIL', '', '', '', null, null, null, null, null, null, '0', '0', null, null, null, null, null, null, null, null, null, null, null, null, null, null, null, null, null, null, null, null, '1', null, null);
INSERT INTO `estudiantes` VALUES ('216', 'Eliangel ', 'Gomez Abreu', '12', 'MOCA', '45', 'TITO TKD', '9', 'RAMON AGUSTIN DE LA CRUZ', null, 'MORADO', null, 'M', '13', null, 'CADETE', '', '', '', null, null, null, null, null, null, '0', '0', null, null, null, null, null, null, null, null, null, null, null, null, null, null, null, null, null, null, null, null, '1', null, null);
INSERT INTO `estudiantes` VALUES ('217', 'Brianny ', 'Gomez Abreu', '12', 'MOCA', '45', 'TITO TKD', '9', 'RAMON AGUSTIN DE LA CRUZ', null, 'VERDE', null, 'F', '10', null, 'INFANTIL', '', '', '', null, null, null, null, null, null, '0', '0', null, null, null, null, null, null, null, null, null, null, null, null, null, null, null, null, null, null, null, null, '1', null, null);
INSERT INTO `estudiantes` VALUES ('218', 'Juan Pablo ', 'Santos Rodriguez ', '12', 'MOCA', '45', 'TITO TKD', '9', 'RAMON AGUSTIN DE LA CRUZ', null, 'AMARILLO', null, 'M', '6', null, 'INFANTIL', '', '', '', null, null, null, null, null, null, '0', '0', null, null, null, null, null, null, null, null, null, null, null, null, null, null, null, null, null, null, null, null, '1', null, null);
INSERT INTO `estudiantes` VALUES ('219', 'Sofia Pilar ', 'de Jesus ', '12', 'MOCA', '46', 'POLIDEPORTIVO MOCA', '9', 'ROBERTO AMARANTE', null, 'BLACO', null, 'F', '9', null, 'INFANTIL', '', '', '', null, null, null, null, null, null, '0', '0', null, null, null, null, null, null, null, null, null, null, null, null, null, null, null, null, null, null, null, null, '1', null, null);
INSERT INTO `estudiantes` VALUES ('220', 'Edwim Brailyn', 'Almanzar Martinez ', '12', 'MOCA', '46', 'POLIDEPORTIVO MOCA', '9', 'ROBERTO AMARANTE', null, 'ROJO', null, 'M', '13', null, 'CADETE', '', '', '', null, null, null, null, null, null, '0', '0', null, null, null, null, null, null, null, null, null, null, null, null, null, null, null, null, null, null, null, null, '1', null, null);
INSERT INTO `estudiantes` VALUES ('221', 'Aurora Camil ', 'de Jesus ', '12', 'MOCA', '46', 'POLIDEPORTIVO MOCA', '9', 'ROBERTO AMARANTE', null, 'AMARILLO', 'pago', 'F', '12', null, 'CADETE', '', '', '', null, null, null, null, null, null, '0', '0', null, null, null, null, null, null, null, null, null, null, null, null, null, null, null, null, null, null, null, null, '1', null, null);
INSERT INTO `estudiantes` VALUES ('222', 'Edileny', 'Salcedo Santiago', '12', 'MOCA', '46', 'POLIDEPORTIVO MOCA', '9', 'ROBERTO AMARANTE', null, 'NEGRO', null, 'F', '17', null, 'JUVENIL', '', '', '', null, null, null, null, null, null, '0', '0', null, null, null, null, null, null, null, null, null, null, null, null, null, null, null, null, null, null, null, null, '1', null, null);
INSERT INTO `estudiantes` VALUES ('223', 'Kary ', 'Espaillat', '12', 'MOCA', '46', 'POLIDEPORTIVO MOCA', '9', 'ROBERTO AMARANTE', null, 'AMARILLO', null, 'F', '14', null, 'CADETE', '', '', '', null, null, null, null, null, null, '0', '0', null, null, null, null, null, null, null, null, null, null, null, null, null, null, null, null, null, null, null, null, '1', null, null);
INSERT INTO `estudiantes` VALUES ('224', 'Willi Ramon', 'Camacho Marte ', '12', 'MOCA', '46', 'POLIDEPORTIVO MOCA', '9', 'ROBERTO AMARANTE', null, 'VERDE', 'DOM-1864', 'M', '22', null, 'SUPERIOR', '', '', '', null, null, null, null, null, null, '0', '0', null, null, null, null, null, null, null, null, null, null, null, null, null, null, null, null, null, null, null, null, '1', null, null);
INSERT INTO `estudiantes` VALUES ('225', 'Isaac', 'Melende Compres', '12', 'MOCA', '46', 'POLIDEPORTIVO MOCA', '9', 'ROBERTO AMARANTE', null, 'AMARILLO', null, 'M', '9', null, 'INFANTIL', '', '', '', null, null, null, null, null, null, '0', '0', null, null, null, null, null, null, null, null, null, null, null, null, null, null, null, null, null, null, null, null, '1', null, null);
INSERT INTO `estudiantes` VALUES ('226', 'Jorfri ', 'Melende Compres', '12', 'MOCA', '46', 'POLIDEPORTIVO MOCA', '9', 'ROBERTO AMARANTE', null, 'NARANJA', null, 'M', '13', null, 'CADETE', '', '', '', null, null, null, null, null, null, '0', '0', null, null, null, null, null, null, null, null, null, null, null, null, null, null, null, null, null, null, null, null, '1', null, null);
INSERT INTO `estudiantes` VALUES ('227', 'Lian ', 'Mateo ', '12', 'MOCA', '46', 'POLIDEPORTIVO MOCA', '9', 'ROBERTO AMARANTE', null, 'AMARILLO', null, 'M', '10', null, 'INFANTIL', '', '', '', null, null, null, null, null, null, '0', '0', null, null, null, null, null, null, null, null, null, null, null, null, null, null, null, null, null, null, null, null, '1', null, null);
INSERT INTO `estudiantes` VALUES ('228', 'EDWIN BRIANTY', 'Almanzar Martinez ', '12', 'MOCA', '46', 'POLIDEPORTIVO MOCA', '9', 'ROBERTO AMARANTE', null, 'NEGRO', null, 'M', '12', null, 'CADETE', '', '', '', null, null, null, null, null, null, '0', '0', null, null, null, null, null, null, null, null, null, null, null, null, null, null, null, null, null, null, null, null, '1', null, null);
INSERT INTO `estudiantes` VALUES ('229', 'ERICK SAVIER', 'Salcedo Santiago', '12', 'MOCA', '46', 'POLIDEPORTIVO MOCA', '9', 'ROBERTO AMARANTE', null, 'VERDE', null, 'M', '14', null, 'CADETE', '', '', '', null, null, null, null, null, null, '0', '0', null, null, null, null, null, null, null, null, null, null, null, null, null, null, null, null, null, null, null, null, '1', null, null);
INSERT INTO `estudiantes` VALUES ('230', 'Alice', 'Rochitt Beras', '13', 'PUERTO PLATA', '47', 'EVELYN GOMEZ TAEKWONDO', '22', 'ELVELYN GOMEZ', null, 'NARANJA', null, 'F', '9', null, 'INFANTIL', '', '', '', null, null, null, null, null, null, '0', '0', null, null, null, null, null, null, null, null, null, null, null, null, null, null, null, null, null, null, null, null, '1', null, null);
INSERT INTO `estudiantes` VALUES ('231', 'Anderson ', 'Polanco Feliz ', '13', 'PUERTO PLATA', '47', 'EVELYN GOMEZ TAEKWONDO', '22', 'ELVELYN GOMEZ', null, 'VERDE', null, 'M', '9', null, 'INFANTIL', '', '', '', null, null, null, null, null, null, '0', '0', null, null, null, null, null, null, null, null, null, null, null, null, null, null, null, null, null, null, null, null, '1', null, null);
INSERT INTO `estudiantes` VALUES ('232', 'Denzel Manuel ', 'De Leon Cabrera', '13', 'PUERTO PLATA', '47', 'EVELYN GOMEZ TAEKWONDO', '22', 'ELVELYN GOMEZ', null, 'BLANCO', null, 'M', '7', null, 'INFANTIL', '', '', '', null, null, null, null, null, null, '0', '0', null, null, null, null, null, null, null, null, null, null, null, null, null, null, null, null, null, null, null, null, '1', null, null);
INSERT INTO `estudiantes` VALUES ('233', 'LAIA SOPHIA', 'VASQUEZ MORALES', '13', 'PUERTO PLATA', '47', 'EVELYN GOMEZ TAEKWONDO', '22', 'ELVELYN GOMEZ', null, 'BLANCO', null, 'F', '9', null, 'INFANTIL', '', '', '', null, null, null, null, null, null, '0', '0', null, null, null, null, null, null, null, null, null, null, null, null, null, null, null, null, null, null, null, null, '1', null, null);
INSERT INTO `estudiantes` VALUES ('234', 'ETHAN JAYRICK', 'MARTINEZ MORALES', '13', 'PUERTO PLATA', '47', 'EVELYN GOMEZ TAEKWONDO', '22', 'ELVELYN GOMEZ', null, 'BLANCO', null, 'M', '6', null, 'INFANTIL', '', '', '', null, null, null, null, null, null, '0', '0', null, null, null, null, null, null, null, null, null, null, null, null, null, null, null, null, null, null, null, null, '1', null, null);
INSERT INTO `estudiantes` VALUES ('235', 'Noel ', 'Galeri', '5', 'DISTRITO NACIONAL', '26', 'MALDONADO´S TAEKWONDO', '1', 'OSCAR MALDONADO', null, '', 'pago', null, null, null, null, '', '', '', null, null, null, null, null, null, '0', '0', null, null, null, null, null, null, null, null, null, null, null, null, null, null, null, null, null, null, null, null, '1', null, null);
INSERT INTO `estudiantes` VALUES ('236', 'Mario ', 'Garrido', '5', 'DISTRITO NACIONAL', '26', 'MALDONADO´S TAEKWONDO', '1', null, '0', '', 'pago', null, null, null, null, '', '', '', null, null, null, null, null, null, '0', '0', null, null, null, null, null, null, null, null, null, null, null, null, null, null, null, null, null, null, null, null, '1', null, null);
INSERT INTO `estudiantes` VALUES ('237', 'Mario ', 'Lombas', '5', 'DISTRITO NACIONAL', '26', 'MALDONADO´S TAEKWONDO', '1', null, '0', '', 'pago', null, null, null, null, '', '', '', null, null, null, null, null, null, '0', '0', null, null, null, null, null, null, null, null, null, null, null, null, null, null, null, null, null, null, null, null, '1', null, null);
INSERT INTO `estudiantes` VALUES ('238', 'Luis ', 'Salla', '5', 'DISTRITO NACIONAL', '26', 'MALDONADO´S TAEKWONDO', '1', null, '0', '', 'pago', null, null, null, null, '', '', '', null, null, null, null, null, null, '0', '0', null, null, null, null, null, null, null, null, null, null, null, null, null, null, null, null, null, null, null, null, '1', null, null);
INSERT INTO `estudiantes` VALUES ('239', 'Klaude ', 'Lebrun', '5', 'DISTRITO NACIONAL', '26', 'MALDONADO´S TAEKWONDO', '1', null, '0', '', 'pago', null, null, null, null, '', '', '', null, null, null, null, null, null, '0', '0', null, null, null, null, null, null, null, null, null, null, null, null, null, null, null, null, null, null, null, null, '1', null, null);
INSERT INTO `estudiantes` VALUES ('240', 'Karla ', 'Maldonado', '5', 'DISTRITO NACIONAL', '26', 'MALDONADO´S TAEKWONDO', '1', null, '0', '', 'pago', null, null, null, null, '', '', '', null, null, null, null, null, null, '0', '0', null, null, null, null, null, null, null, null, null, null, null, null, null, null, null, null, null, null, null, null, '1', null, null);
INSERT INTO `estudiantes` VALUES ('241', 'Juan Andres', 'Ortiz', '5', 'DISTRITO NACIONAL', '26', 'MALDONADO´S TAEKWONDO', '1', null, '0', '', 'pago', null, null, null, null, '', '', '', null, null, null, null, null, null, '0', '0', null, null, null, null, null, null, null, null, null, null, null, null, null, null, null, null, null, null, null, null, '1', null, null);
INSERT INTO `estudiantes` VALUES ('242', 'Joshua ', 'Loma', '5', 'DISTRITO NACIONAL', '26', 'MALDONADO´S TAEKWONDO', '1', null, '0', '', 'pago', null, null, null, null, '', '', '', null, null, null, null, null, null, '0', '0', null, null, null, null, null, null, null, null, null, null, null, null, null, null, null, null, null, null, null, null, '1', null, null);
INSERT INTO `estudiantes` VALUES ('243', 'Josephine ', 'Crespo', '5', 'DISTRITO NACIONAL', '26', 'MALDONADO´S TAEKWONDO', '1', null, '0', '', 'pago', null, null, null, null, '', '', '', null, null, null, null, null, null, '0', '0', null, null, null, null, null, null, null, null, null, null, null, null, null, null, null, null, null, null, null, null, '1', null, null);
INSERT INTO `estudiantes` VALUES ('244', 'Emma ', 'Gomez', '5', 'DISTRITO NACIONAL', '26', 'MALDONADO´S TAEKWONDO', '1', null, '0', '', 'pago', null, null, null, null, '', '', '', null, null, null, null, null, null, '0', '0', null, null, null, null, null, null, null, null, null, null, null, null, null, null, null, null, null, null, null, null, '1', null, null);
INSERT INTO `estudiantes` VALUES ('245', 'Elena ', 'Tejada', '5', 'DISTRITO NACIONAL', '26', 'MALDONADO´S TAEKWONDO', '1', null, '0', '', 'pago', null, null, null, null, '', '', '', null, null, null, null, null, null, '0', '0', null, null, null, null, null, null, null, null, null, null, null, null, null, null, null, null, null, null, null, null, '1', null, null);
INSERT INTO `estudiantes` VALUES ('246', 'Delvison ', 'Gomez', '5', 'DISTRITO NACIONAL', '26', 'MALDONADO´S TAEKWONDO', '1', null, '0', '', 'pago', null, null, null, null, '', '', '', null, null, null, null, null, null, '0', '0', null, null, null, null, null, null, null, null, null, null, null, null, null, null, null, null, null, null, null, null, '1', null, null);
INSERT INTO `estudiantes` VALUES ('247', 'Brandon ', 'Blineau', '5', 'DISTRITO NACIONAL', '26', 'MALDONADO´S TAEKWONDO', '1', null, '0', '', 'pago', null, null, null, null, '', '', '', null, null, null, null, null, null, '0', '0', null, null, null, null, null, null, null, null, null, null, null, null, null, null, null, null, null, null, null, null, '1', null, null);
INSERT INTO `estudiantes` VALUES ('248', 'Alonso ', 'Andujar', '5', 'DISTRITO NACIONAL', '26', 'MALDONADO´S TAEKWONDO', '1', null, '0', '', 'pago', null, null, null, null, '', '', '', null, null, null, null, null, null, '0', '0', null, null, null, null, null, null, null, null, null, null, null, null, null, null, null, null, null, null, null, null, '1', null, null);
INSERT INTO `estudiantes` VALUES ('249', 'Alejandra ', 'Espinosa', '5', 'DISTRITO NACIONAL', '26', 'MALDONADO´S TAEKWONDO', '1', null, '0', '', 'pago', null, null, null, null, '', '', '', null, null, null, null, null, null, '0', '0', null, null, null, null, null, null, null, null, null, null, null, null, null, null, null, null, null, null, null, null, '1', null, null);
INSERT INTO `estudiantes` VALUES ('250', 'Aaron ', 'Cruz ', '11', 'SANTIAGO', '41', 'JACAGUA', '29', 'OMAR DE LEON', '3', '', '', null, null, null, null, '', '', '', null, null, null, null, null, null, '0', '0', null, null, null, null, null, null, null, null, null, null, null, null, null, null, null, null, null, null, null, null, '1', null, null);
INSERT INTO `estudiantes` VALUES ('251', 'Abigail ', 'Pion ', '14', 'PROV. SANTO DOMINGO', '18', 'Centro Heros tkd', '31', 'BETANIA CENA', '0', '', 'Enproseso ', null, null, null, null, '', '', '', null, null, null, null, null, null, '0', '0', null, null, null, null, null, null, null, null, null, null, null, null, null, null, null, null, null, null, null, null, '1', null, null);
INSERT INTO `estudiantes` VALUES ('252', 'Abril ', 'Santo ', '11', 'SANTIAGO', '38', 'SAN CRISTOBAL', '29', 'EDWIN GONZALEZ', '0', '', '', null, null, null, null, '', '', '', null, null, null, null, null, null, '0', '0', null, null, null, null, null, null, null, null, null, null, null, null, null, null, null, null, null, null, null, null, '1', null, null);
INSERT INTO `estudiantes` VALUES ('253', 'Adonis ', 'Mardy Mardy', '14', 'PROV. SANTO DOMINGO', '14', 'Vitoria Parque del Este ', '31', '', '0', '', 'pago', null, null, null, null, '', '', '', null, null, null, null, null, null, '0', '0', null, null, null, null, null, null, null, null, null, null, null, null, null, null, null, null, null, null, null, null, '1', null, null);
INSERT INTO `estudiantes` VALUES ('254', 'Adrian ', 'Rosario ', '11', 'SANTIAGO', '40', 'VALENCIA', '29', 'DANIEL VALENCIA', '0', '', '', null, null, null, null, '', '', '', null, null, null, null, null, null, '0', '0', null, null, null, null, null, null, null, null, null, null, null, null, null, null, null, null, null, null, null, null, '1', null, null);
INSERT INTO `estudiantes` VALUES ('255', 'Agel ', 'Rodríguez ', '14', 'PROV. SANTO DOMINGO', '21', 'Academia de tkd Lusito Pie ', '31', 'LUISITO PIE', '0', '', 'DOM-1704', null, null, null, null, '', '', '', null, null, null, null, null, null, '0', '0', null, null, null, null, null, null, null, null, null, null, null, null, null, null, null, null, null, null, null, null, '1', null, null);
INSERT INTO `estudiantes` VALUES ('257', 'Albert ', 'Gómez ', '14', 'PROV. SANTO DOMINGO', '17', 'Vm TKD ', '31', 'CIDRIC MOISES PEGUERO', '0', '', 'Enproseso ', null, null, null, null, '', '', '', null, null, null, null, null, null, '0', '0', null, null, null, null, null, null, null, null, null, null, null, null, null, null, null, null, null, null, null, null, '1', null, null);
INSERT INTO `estudiantes` VALUES ('258', 'Albery ', 'de la Cruz ', '14', 'PROV. SANTO DOMINGO', '19', 'Roberto Taekwondo Universal', '31', '', '0', '', ' DOM-1962', null, null, null, null, '', '', '', null, null, null, null, null, null, '0', '0', null, null, null, null, null, null, null, null, null, null, null, null, null, null, null, null, null, null, null, null, '1', null, null);
INSERT INTO `estudiantes` VALUES ('259', 'Alejandro ', 'Ureña ', '11', 'SANTIAGO', '37', 'TAMBORIL', '29', 'GABRIEL MARTINEZ', '3', '', '', null, null, null, null, '', '', '', null, null, null, null, null, null, '0', '0', null, null, null, null, null, null, null, null, null, null, null, null, null, null, null, null, null, null, null, null, '1', null, null);
INSERT INTO `estudiantes` VALUES ('261', 'Alianny Rasvelis', 'Apón ', '6', 'LA ROMANA', '28', 'INTITUTO DE TKD ROMANA', '14', '', '0', '', 'pago', null, null, null, null, '', '', '', null, null, null, null, null, null, '0', '0', null, null, null, null, null, null, null, null, null, null, null, null, null, null, null, null, null, null, null, null, '1', null, null);
INSERT INTO `estudiantes` VALUES ('262', 'Alina ', 'Muñoz ', '14', 'PROV. SANTO DOMINGO', '20', 'RENACIMIENTO', '31', '', '0', '', 'Enproseso ', null, null, null, null, '', '', '', null, null, null, null, null, null, '0', '0', null, null, null, null, null, null, null, null, null, null, null, null, null, null, null, null, null, null, null, null, '1', null, null);
INSERT INTO `estudiantes` VALUES ('263', 'Amauri ', 'Dotel ', '9', 'JIMANI', '51', '', '12', '', '0', '', 'DOM-2801', null, null, null, null, '', '', '', null, null, null, null, null, null, '0', '0', null, null, null, null, null, null, null, null, null, null, null, null, null, null, null, null, null, null, null, null, '1', null, null);
INSERT INTO `estudiantes` VALUES ('264', 'Analía ', 'Castillo ', '14', 'PROV. SANTO DOMINGO', '18', 'Centro Heros tkd', '31', 'BETANIA CENA', '0', '', 'Enproseso ', null, null, null, null, '', '', '', null, null, null, null, null, null, '0', '0', null, null, null, null, null, null, null, null, null, null, null, null, null, null, null, null, null, null, null, null, '1', null, null);
INSERT INTO `estudiantes` VALUES ('265', 'Anderson ', 'Bautista ', '1', 'MONTE PLATA', '4', 'Virtud Marcial ', '19', '', '0', '', 'Enproseso ', null, null, null, null, '', '', '', null, null, null, null, null, null, '0', '0', null, null, null, null, null, null, null, null, null, null, null, null, null, null, null, null, null, null, null, null, '1', null, null);
INSERT INTO `estudiantes` VALUES ('266', 'Ángel ', 'Matos ', '9', 'JIMANI', '51', '', '12', '', '0', '', 'DOM-1769', null, null, null, null, '', '', '', null, null, null, null, null, null, '0', '0', null, null, null, null, null, null, null, null, null, null, null, null, null, null, null, null, null, null, null, null, '1', null, null);
INSERT INTO `estudiantes` VALUES ('267', 'Ángel Miguel', 'Tejeda ', '10', 'LA VEGA (COSTANZA)', '34', 'Jochi TKD Center ', '15', '', '0', '', '', null, null, null, null, '', '', '', null, null, null, null, null, null, '0', '0', null, null, null, null, null, null, null, null, null, null, null, null, null, null, null, null, null, null, null, null, '1', null, null);
INSERT INTO `estudiantes` VALUES ('268', 'Ángela ', 'Vásquez ', '11', 'SANTIAGO', '37', 'TAMBORIL', '29', 'GABRIEL MARTINEZ', '1', '', '', null, null, null, null, '', '', '', null, null, null, null, null, null, '0', '0', null, null, null, null, null, null, null, null, null, null, null, null, null, null, null, null, null, null, null, null, '1', null, null);
INSERT INTO `estudiantes` VALUES ('269', 'Anna ', 'Auguste ', '14', 'PROV. SANTO DOMINGO', '18', 'Centro Heros tkd', '31', 'BETANIA CENA', '0', '', 'Enproseso ', null, null, null, null, '', '', '', null, null, null, null, null, null, '0', '0', null, null, null, null, null, null, null, null, null, null, null, null, null, null, null, null, null, null, null, null, '1', null, null);
INSERT INTO `estudiantes` VALUES ('273', 'Arturo ', 'Francisco ', '14', 'PROV. SANTO DOMINGO', '17', 'Vm TKD ', '31', 'CIDRIC MOISES PEGUERO', '0', '', 'DOM-3168', null, null, null, null, '', '', '', null, null, null, null, null, null, '0', '0', null, null, null, null, null, null, null, null, null, null, null, null, null, null, null, null, null, null, null, null, '1', null, null);
INSERT INTO `estudiantes` VALUES ('274', 'Ashley E.', 'Clase Candelario', '14', 'PROV. SANTO DOMINGO', '14', 'Vitoria Parque del Este ', '31', '', '0', '', 'pago', null, null, null, null, '', '', '', null, null, null, null, null, null, '0', '0', null, null, null, null, null, null, null, null, null, null, null, null, null, null, null, null, null, null, null, null, '1', null, null);
INSERT INTO `estudiantes` VALUES ('276', 'Avelino ', 'Collado ', '11', 'SANTIAGO', '43', 'ANA JIMENEZ', '29', 'MIGUEL FIGUEROA', '2', '', '', null, null, null, null, '', '', '', null, null, null, null, null, null, '0', '0', null, null, null, null, null, null, null, null, null, null, null, null, null, null, null, null, null, null, null, null, '1', null, null);
INSERT INTO `estudiantes` VALUES ('277', 'Aylan Yassel', 'Mancebo ', '14', 'PROV. SANTO DOMINGO', '21', 'Academia de tkd Lusito Pie ', '31', 'LUISITO PIE', '0', '', 'DOM-3600', null, null, null, null, '', '', '', null, null, null, null, null, null, '0', '0', null, null, null, null, null, null, null, null, null, null, null, null, null, null, null, null, null, null, null, null, '1', null, null);
INSERT INTO `estudiantes` VALUES ('278', 'Azael E.', 'Pérez ', '9', 'JIMANI', '51', '', '12', '', '0', '', 'DOM-3287', null, null, null, null, '', '', '', null, null, null, null, null, null, '0', '0', null, null, null, null, null, null, null, null, null, null, null, null, null, null, null, null, null, null, null, null, '1', null, null);
INSERT INTO `estudiantes` VALUES ('279', 'Banyorie ', 'Cubilete ', '14', 'PROV. SANTO DOMINGO', '20', 'RENACIMIENTO', '31', '', '0', '', 'DOM-3493', null, null, null, null, '', '', '', null, null, null, null, null, null, '0', '0', null, null, null, null, null, null, null, null, null, null, null, null, null, null, null, null, null, null, null, null, '1', null, null);
INSERT INTO `estudiantes` VALUES ('280', 'Belinda ', 'Nina ', '2', 'SAN CRISTOBAL', '39', 'Ruiz TKD ', '25', '', '0', '', 'pago', null, null, null, null, '', '', '', null, null, null, null, null, null, '0', '0', null, null, null, null, null, null, null, null, null, null, null, null, null, null, null, null, null, null, null, null, '1', null, null);
INSERT INTO `estudiantes` VALUES ('281', 'Bernardo  ', 'Pie ', '1', 'MONTE PLATA', '4', 'Virtud Marcial ', '19', '', '0', '', 'DOM-1554', null, null, null, null, '', '', '', null, null, null, null, null, null, '0', '0', null, null, null, null, null, null, null, null, null, null, null, null, null, null, null, null, null, null, null, null, '1', null, null);
INSERT INTO `estudiantes` VALUES ('282', 'Biliani ', 'Pereyra ', '2', 'SAN CRISTOBAL', '8', 'Academia de Tkd Feliz ', '25', '', '0', '', 'pago', null, null, null, null, '', '', '', null, null, null, null, null, null, '0', '0', null, null, null, null, null, null, null, null, null, null, null, null, null, null, null, null, null, null, null, null, '1', null, null);
INSERT INTO `estudiantes` VALUES ('283', 'Bradley ', 'Almonte ', '11', 'SANTIAGO', '35', 'GRULLON TKD CENTER', '29', 'Rafael Grullon', '0', '', '', null, null, null, null, '', '', '', null, null, null, null, null, null, '0', '0', null, null, null, null, null, null, null, null, null, null, null, null, null, null, null, null, null, null, null, null, '1', null, null);
INSERT INTO `estudiantes` VALUES ('284', 'Braidel ', 'Quezada ', '10', 'LA VEGA (COSTANZA)', '34', 'Jochi TKD Center ', '15', '', '0', '', '', null, null, null, null, '', '', '', null, null, null, null, null, null, '0', '0', null, null, null, null, null, null, null, null, null, null, null, null, null, null, null, null, null, null, null, null, '1', null, null);
INSERT INTO `estudiantes` VALUES ('285', 'Brayan ', 'Guzmán ', '11', 'SANTIAGO', '42', 'CCJ', '29', 'CHRISTIAN ORTIZ', '2', '', '', null, null, null, null, '', '', '', null, null, null, null, null, null, '0', '0', null, null, null, null, null, null, null, null, null, null, null, null, null, null, null, null, null, null, null, null, '1', null, null);
INSERT INTO `estudiantes` VALUES ('286', 'Brayan ', 'Feliz ', '2', 'SAN CRISTOBAL', '8', 'Academia de Tkd Feliz ', '25', '', '0', '', 'pago', null, null, null, null, '', '', '', null, null, null, null, null, null, '0', '0', null, null, null, null, null, null, null, null, null, null, null, null, null, null, null, null, null, null, null, null, '1', null, null);
INSERT INTO `estudiantes` VALUES ('287', 'Braylin ', 'Gutiérrez ', '11', 'SANTIAGO', '40', 'VALENCIA', '29', 'DANIEL VALENCIA', '3', '', '', null, null, null, null, '', '', '', null, null, null, null, null, null, '0', '0', null, null, null, null, null, null, null, null, null, null, null, null, null, null, null, null, null, null, null, null, '1', null, null);
INSERT INTO `estudiantes` VALUES ('288', 'Brianny ', 'Almonte ', '11', 'SANTIAGO', '35', 'GRULLON TKD CENTER', '29', 'Rafael Grullon', '3', '', '', null, null, null, null, '', '', '', null, null, null, null, null, null, '0', '0', null, null, null, null, null, null, null, null, null, null, null, null, null, null, null, null, null, null, null, null, '1', null, null);
INSERT INTO `estudiantes` VALUES ('289', 'Britany ', 'de los Santos ', '2', 'SAN CRISTOBAL', '8', 'Academia de Tkd Feliz ', '25', '', '0', '', 'Enproseso ', null, null, null, null, '', '', '', null, null, null, null, null, null, '0', '0', null, null, null, null, null, null, null, null, null, null, null, null, null, null, null, null, null, null, null, null, '1', null, null);
INSERT INTO `estudiantes` VALUES ('290', 'Brittany ', 'Cabrera ', '11', 'SANTIAGO', '42', 'CCJ', '29', 'CHRISTIAN ORTIZ', '2', '', '', null, null, null, null, '', '', '', null, null, null, null, null, null, '0', '0', null, null, null, null, null, null, null, null, null, null, null, null, null, null, null, null, null, null, null, null, '1', null, null);
INSERT INTO `estudiantes` VALUES ('291', 'Camila ', 'Guzmán ', '11', 'SANTIAGO', '35', 'GRULLON TKD CENTER', '29', 'Rafael Grullon', '0', '', '', null, null, null, null, '', '', '', null, null, null, null, null, null, '0', '0', null, null, null, null, null, null, null, null, null, null, null, null, null, null, null, null, null, null, null, null, '1', null, null);
INSERT INTO `estudiantes` VALUES ('294', 'Carlos ', 'Famengo ', '14', 'PROV. SANTO DOMINGO', '17', 'Vm TKD ', '31', 'CIDRIC MOISES PEGUERO', '0', '', 'DOM-3167', null, null, null, null, '', '', '', null, null, null, null, null, null, '0', '0', null, null, null, null, null, null, null, null, null, null, null, null, null, null, null, null, null, null, null, null, '1', null, null);
INSERT INTO `estudiantes` VALUES ('295', 'Carlos Oniel', 'Brito Montaño', '14', 'PROV. SANTO DOMINGO', '21', 'Academia de tkd Lusito Pie ', '31', 'LUISITO PIE', '0', '', 'DOM-3705', null, null, null, null, '', '', '', null, null, null, null, null, null, '0', '0', null, null, null, null, null, null, null, null, null, null, null, null, null, null, null, null, null, null, null, null, '1', null, null);
INSERT INTO `estudiantes` VALUES ('296', 'Christian ', 'David ', '11', 'SANTIAGO', '42', 'CCJ', '29', 'CHRISTIAN ORTIZ', '3', '', '', null, null, null, null, '', '', '', null, null, null, null, null, null, '0', '0', null, null, null, null, null, null, null, null, null, null, null, null, null, null, null, null, null, null, null, null, '1', null, null);
INSERT INTO `estudiantes` VALUES ('297', 'Crisnelys Josefina', 'Guerrero ', '5', 'DISTRITO NACIONAL', '23', 'LITAUASD', '1', '', '0', '', 'DOM-3722', null, null, null, null, '', '', '', null, null, null, null, null, null, '0', '0', null, null, null, null, null, null, null, null, null, null, null, null, null, null, null, null, null, null, null, null, '1', null, null);
INSERT INTO `estudiantes` VALUES ('298', 'Cristal García', 'Pérez ', '14', 'PROV. SANTO DOMINGO', '16', 'Ledesma tkd', '31', 'ROBERTO LEDESMA', '0', '', 'DOM-3348', null, null, null, null, '', '', '', null, null, null, null, null, null, '0', '0', null, null, null, null, null, null, null, null, null, null, null, null, null, null, null, null, null, null, null, null, '1', null, null);
INSERT INTO `estudiantes` VALUES ('299', 'Cristian ', 'mezquita ', '11', 'SANTIAGO', '40', 'VALENCIA', '29', 'DANIEL VALENCIA', '3', '', '', null, null, null, null, '', '', '', null, null, null, null, null, null, '0', '0', null, null, null, null, null, null, null, null, null, null, null, null, null, null, null, null, null, null, null, null, '1', null, null);
INSERT INTO `estudiantes` VALUES ('300', 'Cristofer  ', 'Reyes  ', '1', 'MONTE PLATA', '4', 'Virtud Marcial ', '19', '', '0', '', 'DOM-1700', null, null, null, null, '', '', '', null, null, null, null, null, null, '0', '0', null, null, null, null, null, null, null, null, null, null, null, null, null, null, null, null, null, null, null, null, '1', null, null);
INSERT INTO `estudiantes` VALUES ('301', 'Critofer ', 'Pinales ', '11', 'SANTIAGO', '36', 'SERRIN', '29', 'OMAR DE LEON', '5', '', '', null, null, null, null, '', '', '', null, null, null, null, null, null, '0', '0', null, null, null, null, null, null, null, null, null, null, null, null, null, null, null, null, null, null, null, null, '1', null, null);
INSERT INTO `estudiantes` VALUES ('302', 'Dalvison ', 'Santiago ', '11', 'SANTIAGO', '40', 'VALENCIA', '29', 'DANIEL VALENCIA', '0', '', '', null, null, null, null, '', '', '', null, null, null, null, null, null, '0', '0', null, null, null, null, null, null, null, null, null, null, null, null, null, null, null, null, null, null, null, null, '1', null, null);
INSERT INTO `estudiantes` VALUES ('306', 'Dariel ', 'Blanco ', '3', 'SALCEDO', '12', 'TONY TKD CENTER', '11', '', '0', '', 'pago', null, null, null, null, '', '', '', null, null, null, null, null, null, '0', '0', null, null, null, null, null, null, null, null, null, null, null, null, null, null, null, null, null, null, null, null, '1', null, null);
INSERT INTO `estudiantes` VALUES ('307', 'Darwin Eliezer', 'Montero ', '14', 'PROV. SANTO DOMINGO', '14', 'Vitoria Parque del Este ', '31', '', '0', '', 'DOM-3641', null, null, null, null, '', '', '', null, null, null, null, null, null, '0', '0', null, null, null, null, null, null, null, null, null, null, null, null, null, null, null, null, null, null, null, null, '1', null, null);
INSERT INTO `estudiantes` VALUES ('308', 'David ', 'Sánchez ', '14', 'PROV. SANTO DOMINGO', '18', 'Centro Heros tkd', '31', 'BETANIA CENA', '0', '', 'Enproseso ', null, null, null, null, '', '', '', null, null, null, null, null, null, '0', '0', null, null, null, null, null, null, null, null, null, null, null, null, null, null, null, null, null, null, null, null, '1', null, null);
INSERT INTO `estudiantes` VALUES ('309', 'David Enrique', 'Feliz Jesuru', '14', 'PROV. SANTO DOMINGO', '16', 'Ledesma tkd', '31', 'ROBERTO LEDESMA', '0', '', 'DOM-3498', null, null, null, null, '', '', '', null, null, null, null, null, null, '0', '0', null, null, null, null, null, null, null, null, null, null, null, null, null, null, null, null, null, null, null, null, '1', null, null);
INSERT INTO `estudiantes` VALUES ('310', 'Dayelin ', 'Torres ', '11', 'SANTIAGO', '37', 'TAMBORIL', '29', 'GABRIEL MARTINEZ', '2', '', '', null, null, null, null, '', '', '', null, null, null, null, null, null, '0', '0', null, null, null, null, null, null, null, null, null, null, null, null, null, null, null, null, null, null, null, null, '1', null, null);
INSERT INTO `estudiantes` VALUES ('311', 'Daniel', 'Valencia ', '11', 'SANTIAGO', '40', 'VALENCIA', '29', 'DANIEL VALENCIA', '0', '', '', null, null, null, null, '', '', '', null, null, null, null, null, null, '0', '0', null, null, null, null, null, null, null, null, null, null, null, null, null, null, null, null, null, null, null, null, '1', null, null);
INSERT INTO `estudiantes` VALUES ('312', 'Denzel ', 'Polanco ', '11', 'SANTIAGO', '42', 'CCJ', '29', 'CHRISTIAN ORTIZ', '2', '', '', null, null, null, null, '', '', '', null, null, null, null, null, null, '0', '0', null, null, null, null, null, null, null, null, null, null, null, null, null, null, null, null, null, null, null, null, '1', null, null);
INSERT INTO `estudiantes` VALUES ('313', 'Diego ', 'Alcatara ', '2', 'SAN CRISTOBAL', '8', 'Academia de Tkd Feliz ', '25', '', '0', '', 'pago', null, null, null, null, '', '', '', null, null, null, null, null, null, '0', '0', null, null, null, null, null, null, null, null, null, null, null, null, null, null, null, null, null, null, null, null, '1', null, null);
INSERT INTO `estudiantes` VALUES ('314', 'Dionael ', 'Rojas ', '11', 'SANTIAGO', '41', 'JACAGUA', '29', 'OMAR DE LEON', '3', '', '', null, null, null, null, '', '', '', null, null, null, null, null, null, '0', '0', null, null, null, null, null, null, null, null, null, null, null, null, null, null, null, null, null, null, null, null, '1', null, null);
INSERT INTO `estudiantes` VALUES ('316', 'Dylan ', 'Sánchez ', '14', 'PROV. SANTO DOMINGO', '18', 'Centro Heros tkd', '31', 'BETANIA CENA', '0', '', 'Enproseso ', null, null, null, null, '', '', '', null, null, null, null, null, null, '0', '0', null, null, null, null, null, null, null, null, null, null, null, null, null, null, null, null, null, null, null, null, '1', null, null);
INSERT INTO `estudiantes` VALUES ('317', 'Dylan ', 'Pujol ', '10', 'LA VEGA (COSTANZA)', '34', 'Jochi TKD Center ', '15', '', '0', '', '', null, null, null, null, '', '', '', null, null, null, null, null, null, '0', '0', null, null, null, null, null, null, null, null, null, null, null, null, null, null, null, null, null, null, null, null, '1', null, null);
INSERT INTO `estudiantes` VALUES ('319', 'Edin Braylin', 'Martínez ', '12', 'PROVINCIA ESPAILLAT MOCA ', '46', 'Polideportivo de Moca ', '9', '', '0', '', 'DOM-2537', null, null, null, null, '', '', '', null, null, null, null, null, null, '0', '0', null, null, null, null, null, null, null, null, null, null, null, null, null, null, null, null, null, null, null, null, '1', null, null);
INSERT INTO `estudiantes` VALUES ('321', 'Edwin ', 'Mancebo ', '2', 'SAN CRISTOBAL', '10', 'Club Deportivo Mieses Tkd', '25', 'MIESES', '0', '', 'pago', null, null, null, null, '', '', '', null, null, null, null, null, null, '0', '0', null, null, null, null, null, null, null, null, null, null, null, null, null, null, null, null, null, null, null, null, '1', null, null);
INSERT INTO `estudiantes` VALUES ('322', 'Elaine ', 'Diaz ', '14', 'PROV. SANTO DOMINGO', '18', 'Centro Heros tkd', '31', 'BETANIA CENA', '0', '', 'Enproseso ', null, null, null, null, '', '', '', null, null, null, null, null, null, '0', '0', null, null, null, null, null, null, null, null, null, null, null, null, null, null, null, null, null, null, null, null, '1', null, null);
INSERT INTO `estudiantes` VALUES ('323', 'Elaine', 'Pérez ', '14', 'PROV. SANTO DOMINGO', '21', 'Academia de tkd Lusito Pie ', '31', 'LUISITO PIE', '0', '', ' DOM-3606', null, null, null, null, '', '', '', null, null, null, null, null, null, '0', '0', null, null, null, null, null, null, null, null, null, null, null, null, null, null, null, null, null, null, null, null, '1', null, null);
INSERT INTO `estudiantes` VALUES ('324', 'Elianny ', 'Marte', '11', 'SANTIAGO', '43', 'ANA JIMENEZ', '29', 'MIGUEL FIGUEROA', '3', '', '', null, null, null, null, '', '', '', null, null, null, null, null, null, '0', '0', null, null, null, null, null, null, null, null, null, null, null, null, null, null, null, null, null, null, null, null, '1', null, null);
INSERT INTO `estudiantes` VALUES ('326', 'Elizander ', 'Corporán ', '2', 'SAN CRISTOBAL', '10', 'Club Deportivo Mieses Tkd', '25', 'MIESES', '0', '', 'DOM-3668', null, null, null, null, '', '', '', null, null, null, null, null, null, '0', '0', null, null, null, null, null, null, null, null, null, null, null, null, null, null, null, null, null, null, null, null, '1', null, null);
INSERT INTO `estudiantes` VALUES ('327', 'Elmer ', 'Escalante ', '11', 'SANTIAGO', '35', 'GRULLON TKD CENTER', '29', 'Rafael Grullon', '1', '', '', null, null, null, null, '', '', '', null, null, null, null, null, null, '0', '0', null, null, null, null, null, null, null, null, null, null, null, null, null, null, null, null, null, null, null, null, '1', null, null);
INSERT INTO `estudiantes` VALUES ('328', 'Emely Nicole', 'Rodríguez', '14', 'PROV. SANTO DOMINGO', '21', 'Academia de tkd Lusito Pie ', '31', 'LUISITO PIE', '0', '', 'DOM-3711', null, null, null, null, '', '', '', null, null, null, null, null, null, '0', '0', null, null, null, null, null, null, null, null, null, null, null, null, null, null, null, null, null, null, null, null, '1', null, null);
INSERT INTO `estudiantes` VALUES ('329', 'Emma Jazmín', 'Mateo Mariano', '14', 'PROV. SANTO DOMINGO', '14', 'Vitoria Parque del Este ', '31', '', '0', '', 'pago', null, null, null, null, '', '', '', null, null, null, null, null, null, '0', '0', null, null, null, null, null, null, null, null, null, null, null, null, null, null, null, null, null, null, null, null, '1', null, null);
INSERT INTO `estudiantes` VALUES ('330', 'Emmanuel ', 'de los Santos ', '14', 'PROV. SANTO DOMINGO', '14', 'Vitoria Parque del Este ', '31', '', '0', '', 'Enproseso ', null, null, null, null, '', '', '', null, null, null, null, null, null, '0', '0', null, null, null, null, null, null, null, null, null, null, null, null, null, null, null, null, null, null, null, null, '1', null, null);
INSERT INTO `estudiantes` VALUES ('331', 'Emy ', 'Ovalle ', '3', 'SALCEDO', '12', 'TONY TKD CENTER', '11', '', '0', '', 'pago', null, null, null, null, '', '', '', null, null, null, null, null, null, '0', '0', null, null, null, null, null, null, null, null, null, null, null, null, null, null, null, null, null, null, null, null, '1', null, null);
INSERT INTO `estudiantes` VALUES ('332', 'Endy Antonio', 'Contreras ', '1', 'MONTE PLATA', '3', 'Club Diego Soriano ', '19', 'JUAN JUNIOR MEJIA', '0', '', 'DOM-1863', null, null, null, null, '', '', '', null, null, null, null, null, null, '0', '0', null, null, null, null, null, null, null, null, null, null, null, null, null, null, null, null, null, null, null, null, '1', null, null);
INSERT INTO `estudiantes` VALUES ('333', 'Englina ', 'Rodríguez ', '3', 'SALCEDO', '12', 'TONY TKD CENTER', '11', '', '0', '', 'pago', null, null, null, null, '', '', '', null, null, null, null, null, null, '0', '0', null, null, null, null, null, null, null, null, null, null, null, null, null, null, null, null, null, null, null, null, '1', null, null);
INSERT INTO `estudiantes` VALUES ('334', 'Enma ', 'Camarena ', '5', 'DISTRITO NACIONAL', '22', 'ACADEMIA DE TKD JINHWAN', '1', 'YERFIS AMARANTE', '0', '', 'DOM-3001 ', null, null, null, null, '', '', '', null, null, null, null, null, null, '0', '0', null, null, null, null, null, null, null, null, null, null, null, null, null, null, null, null, null, null, null, null, '1', null, null);
INSERT INTO `estudiantes` VALUES ('335', 'Enmanuel ', 'Batista ', '11', 'SANTIAGO', '42', 'CCJ', '29', 'CHRISTIAN ORTIZ', '2', '', '', null, null, null, null, '', '', '', null, null, null, null, null, null, '0', '0', null, null, null, null, null, null, null, null, null, null, null, null, null, null, null, null, null, null, null, null, '1', null, null);
INSERT INTO `estudiantes` VALUES ('337', 'Ernesto ', 'Acosta ', '14', 'PROV. SANTO DOMINGO', '18', 'Centro Heros tkd', '31', 'BETANIA CENA', '0', '', 'DOM-2997', null, null, null, null, '', '', '', null, null, null, null, null, null, '0', '0', null, null, null, null, null, null, null, null, null, null, null, null, null, null, null, null, null, null, null, null, '1', null, null);
INSERT INTO `estudiantes` VALUES ('338', 'Esteban ', 'Montero Suárez ', '11', 'SANTIAGO', '41', 'JACAGUA', '29', 'OMAR DE LEON', '0', '', '', null, null, null, null, '', '', '', null, null, null, null, null, null, '0', '0', null, null, null, null, null, null, null, null, null, null, null, null, null, null, null, null, null, null, null, null, '1', null, null);
INSERT INTO `estudiantes` VALUES ('340', 'Federico ', 'Úceta ', '11', 'SANTIAGO', '35', 'GRULLON TKD CENTER', '29', 'Rafael Grullon', '0', '', '', null, null, null, null, '', '', '', null, null, null, null, null, null, '0', '0', null, null, null, null, null, null, null, null, null, null, null, null, null, null, null, null, null, null, null, null, '1', null, null);
INSERT INTO `estudiantes` VALUES ('342', 'Fernando ', 'Evora ', '11', 'SANTIAGO', '40', 'VALENCIA', '29', 'DANIEL VALENCIA', '0', '', '', null, null, null, null, '', '', '', null, null, null, null, null, null, '0', '0', null, null, null, null, null, null, null, null, null, null, null, null, null, null, null, null, null, null, null, null, '1', null, null);
INSERT INTO `estudiantes` VALUES ('343', 'Fernando ', 'Dotel ', '9', 'JIMANI', '51', '', '12', '', '0', '', 'DOM-2358', null, null, null, null, '', '', '', null, null, null, null, null, null, '0', '0', null, null, null, null, null, null, null, null, null, null, null, null, null, null, null, null, null, null, null, null, '1', null, null);
INSERT INTO `estudiantes` VALUES ('344', 'Fernando ', 'Jiménez ', '10', 'LA VEGA (COSTANZA)', '34', 'Jochi TKD Center ', '15', '', '0', '', '', null, null, null, null, '', '', '', null, null, null, null, null, null, '0', '0', null, null, null, null, null, null, null, null, null, null, null, null, null, null, null, null, null, null, null, null, '1', null, null);
INSERT INTO `estudiantes` VALUES ('346', 'Francisco ', 'Meran ', '11', 'SANTIAGO', '36', 'SERRIN', '29', 'OMAR DE LEON', '0', '', '', null, null, null, null, '', '', '', null, null, null, null, null, null, '0', '0', null, null, null, null, null, null, null, null, null, null, null, null, null, null, null, null, null, null, null, null, '1', null, null);
INSERT INTO `estudiantes` VALUES ('347', 'François ', 'Rene ', '1', 'MONTE PLATA', '3', 'Club Diego Soriano ', '19', 'JUAN JUNIOR MEJIA', '0', '', 'PAGO', null, null, null, null, '', '', '', null, null, null, null, null, null, '0', '0', null, null, null, null, null, null, null, null, null, null, null, null, null, null, null, null, null, null, null, null, '1', null, null);
INSERT INTO `estudiantes` VALUES ('349', 'Franklin ', 'Santos ', '11', 'SANTIAGO', '41', 'JACAGUA', '29', 'OMAR DE LEON', '0', '', '', null, null, null, null, '', '', '', null, null, null, null, null, null, '0', '0', null, null, null, null, null, null, null, null, null, null, null, null, null, null, null, null, null, null, null, null, '1', null, null);
INSERT INTO `estudiantes` VALUES ('350', 'Franny Camilo', 'Roa ', '14', 'PROV. SANTO DOMINGO', '16', 'Ledesma tkd', '31', 'ROBERTO LEDESMA', '0', '', ' DOM-2784', null, null, null, null, '', '', '', null, null, null, null, null, null, '0', '0', null, null, null, null, null, null, null, null, null, null, null, null, null, null, null, null, null, null, null, null, '1', null, null);
INSERT INTO `estudiantes` VALUES ('351', 'Fransi ', 'Eliezer ', '11', 'SANTIAGO', '36', 'SERRIN', '29', 'OMAR DE LEON', '5', '', '', null, null, null, null, '', '', '', null, null, null, null, null, null, '0', '0', null, null, null, null, null, null, null, null, null, null, null, null, null, null, null, null, null, null, null, null, '1', null, null);
INSERT INTO `estudiantes` VALUES ('352', 'Gabriel ', 'Leandro ', '1', 'MONTE PLATA', '3', 'Club Diego Soriano ', '19', 'JUAN JUNIOR MEJIA', '0', '', 'DOM/2210', null, null, null, null, '', '', '', null, null, null, null, null, null, '0', '0', null, null, null, null, null, null, null, null, null, null, null, null, null, null, null, null, null, null, null, null, '1', null, null);
INSERT INTO `estudiantes` VALUES ('353', 'Gabriel ', 'de Jesús Ortiz', '11', 'SANTIAGO', '41', 'JACAGUA', '29', 'OMAR DE LEON', '3', '', '', null, null, null, null, '', '', '', null, null, null, null, null, null, '0', '0', null, null, null, null, null, null, null, null, null, null, null, null, null, null, null, null, null, null, null, null, '1', null, null);
INSERT INTO `estudiantes` VALUES ('354', 'Gael', 'Santos', '11', 'SANTIAGO', '35', 'GRULLON TKD CENTER', '29', 'Rafael Grullon', '0', '', '', null, null, null, null, '', '', '', null, null, null, null, null, null, '0', '0', null, null, null, null, null, null, null, null, null, null, null, null, null, null, null, null, null, null, null, null, '1', null, null);
INSERT INTO `estudiantes` VALUES ('356', 'Geudy ', 'Rodríguez ', '2', 'SAN CRISTOBAL', '8', 'Academia de Tkd Feliz ', '25', '', '0', '', 'Enproseso ', null, null, null, null, '', '', '', null, null, null, null, null, null, '0', '0', null, null, null, null, null, null, null, null, null, null, null, null, null, null, null, null, null, null, null, null, '1', null, null);
INSERT INTO `estudiantes` VALUES ('357', 'Guy Marlon', 'Mardy ', '14', 'PROV. SANTO DOMINGO', '14', 'Vitoria Parque del Este ', '31', '', '0', '', 'Enproseso ', null, null, null, null, '', '', '', null, null, null, null, null, null, '0', '0', null, null, null, null, null, null, null, null, null, null, null, null, null, null, null, null, null, null, null, null, '1', null, null);
INSERT INTO `estudiantes` VALUES ('358', 'Hema ', 'Valeria Agüero', '14', 'PROV. SANTO DOMINGO', '21', 'Academia de tkd Lusito Pie ', '31', 'LUISITO PIE', '0', '', 'DOM-3710', null, null, null, null, '', '', '', null, null, null, null, null, null, '0', '0', null, null, null, null, null, null, null, null, null, null, null, null, null, null, null, null, null, null, null, null, '1', null, null);
INSERT INTO `estudiantes` VALUES ('359', 'Hendry ', 'González ', '11', 'SANTIAGO', '43', 'ANA JIMENEZ', '29', 'MIGUEL FIGUEROA', '2', '', '', null, null, null, null, '', '', '', null, null, null, null, null, null, '0', '0', null, null, null, null, null, null, null, null, null, null, null, null, null, null, null, null, null, null, null, null, '1', null, null);
INSERT INTO `estudiantes` VALUES ('361', 'Henrry ', 'Custodio ', '1', 'MONTE PLATA', '3', 'Club Diego Soriano ', '19', 'JUAN JUNIOR MEJIA', '0', '', 'Enproseso ', null, null, null, null, '', '', '', null, null, null, null, null, null, '0', '0', null, null, null, null, null, null, null, null, null, null, null, null, null, null, null, null, null, null, null, null, '1', null, null);
INSERT INTO `estudiantes` VALUES ('362', 'Henry ', 'Ramírez ', '1', 'MONTE PLATA', '4', 'Virtud Marcial ', '19', '', '0', '', 'Enproseso ', null, null, null, null, '', '', '', null, null, null, null, null, null, '0', '0', null, null, null, null, null, null, null, null, null, null, null, null, null, null, null, null, null, null, null, null, '1', null, null);
INSERT INTO `estudiantes` VALUES ('363', 'Hilary Camila', 'Báez ', '6', 'LA ROMANA', '28', 'INTITUTO DE TKD ROMANA', '14', '', '0', '', 'pago', null, null, null, null, '', '', '', null, null, null, null, null, null, '0', '0', null, null, null, null, null, null, null, null, null, null, null, null, null, null, null, null, null, null, null, null, '1', null, null);
INSERT INTO `estudiantes` VALUES ('364', 'Hugo ', 'Read ', '11', 'SANTIAGO', '35', 'GRULLON TKD CENTER', '29', 'Rafael Grullon', '0', '', '', null, null, null, null, '', '', '', null, null, null, null, null, null, '0', '0', null, null, null, null, null, null, null, null, null, null, null, null, null, null, null, null, null, null, null, null, '1', null, null);
INSERT INTO `estudiantes` VALUES ('365', 'Iam ', 'Rondón ', '14', 'PROV. SANTO DOMINGO', '18', 'Centro Heros tkd', '31', 'BETANIA CENA', '0', '', 'Enproseso ', null, null, null, null, '', '', '', null, null, null, null, null, null, '0', '0', null, null, null, null, null, null, null, null, null, null, null, null, null, null, null, null, null, null, null, null, '1', null, null);
INSERT INTO `estudiantes` VALUES ('366', 'Ian Noel', 'Madera Álvarez', '11', 'SANTIAGO', '42', 'CCJ', '29', 'CHRISTIAN ORTIZ', '2', '', '', null, null, null, null, '', '', '', null, null, null, null, null, null, '0', '0', null, null, null, null, null, null, null, null, null, null, null, null, null, null, null, null, null, null, null, null, '1', null, null);
INSERT INTO `estudiantes` VALUES ('370', 'Isabela ', 'Gil ', '14', 'PROV. SANTO DOMINGO', '16', 'Ledesma tkd', '31', 'ROBERTO LEDESMA', '0', '', 'pago', null, null, null, null, '', '', '', null, null, null, null, null, null, '0', '0', null, null, null, null, null, null, null, null, null, null, null, null, null, null, null, null, null, null, null, null, '1', null, null);
INSERT INTO `estudiantes` VALUES ('371', 'Isabella ', 'Chalaz Cruz', '5', 'DISTRITO NACIONAL', '22', 'ACADEMIA DE TKD JINHWAN', '1', 'YERFIS AMARANTE', '0', '', 'DOM-3723', null, null, null, null, '', '', '', null, null, null, null, null, null, '0', '0', null, null, null, null, null, null, null, null, null, null, null, null, null, null, null, null, null, null, null, null, '1', null, null);
INSERT INTO `estudiantes` VALUES ('372', 'Isaias ', 'Valencia ', '11', 'SANTIAGO', '40', 'VALENCIA', '29', 'DANIEL VALENCIA', '5', '', '', null, null, null, null, '', '', '', null, null, null, null, null, null, '0', '0', null, null, null, null, null, null, null, null, null, null, null, null, null, null, null, null, null, null, null, null, '1', null, null);
INSERT INTO `estudiantes` VALUES ('374', 'Israel ', 'Castillo ', '3', 'SALCEDO', '12', 'TONY TKD CENTER', '11', '', '0', '', 'pago', null, null, null, null, '', '', '', null, null, null, null, null, null, '0', '0', null, null, null, null, null, null, null, null, null, null, null, null, null, null, null, null, null, null, null, null, '1', null, null);
INSERT INTO `estudiantes` VALUES ('375', 'Israel ', 'de Jesús ', '14', 'PROV. SANTO DOMINGO', '14', 'Vitoria Parque del Este ', '31', '', '0', '', 'pago', null, null, null, null, '', '', '', null, null, null, null, null, null, '0', '0', null, null, null, null, null, null, null, null, null, null, null, null, null, null, null, null, null, null, null, null, '1', null, null);
INSERT INTO `estudiantes` VALUES ('376', 'Itan ', 'Imanol Gonzales', '14', 'PROV. SANTO DOMINGO', '14', 'Vitoria Parque del Este ', '31', '', '0', '', 'Enproseso ', null, null, null, null, '', '', '', null, null, null, null, null, null, '0', '0', null, null, null, null, null, null, null, null, null, null, null, null, null, null, null, null, null, null, null, null, '1', null, null);
INSERT INTO `estudiantes` VALUES ('379', 'Jalfry ', 'Melende ', '12', 'PROVINCIA ESPAILLAT MOCA ', '46', 'Polideportivo de Moca ', '9', '', '0', '', 'PAGO', null, null, null, null, '', '', '', null, null, null, null, null, null, '0', '0', null, null, null, null, null, null, null, null, null, null, null, null, null, null, null, null, null, null, null, null, '1', null, null);
INSERT INTO `estudiantes` VALUES ('380', 'Jameel ', 'Josiah ', '11', 'SANTIAGO', '35', 'GRULLON TKD CENTER', '29', 'Rafael Grullon', '0', '', '', null, null, null, null, '', '', '', null, null, null, null, null, null, '0', '0', null, null, null, null, null, null, null, null, null, null, null, null, null, null, null, null, null, null, null, null, '1', null, null);
INSERT INTO `estudiantes` VALUES ('381', 'Jasmín ', 'Martínez ', '2', 'SAN CRISTOBAL', '39', 'Ruiz TKD ', '25', '', '0', '', 'Enproseso ', null, null, null, null, '', '', '', null, null, null, null, null, null, '0', '0', null, null, null, null, null, null, null, null, null, null, null, null, null, null, null, null, null, null, null, null, '1', null, null);
INSERT INTO `estudiantes` VALUES ('382', 'Jean Carlos', 'Mejía ', '1', 'MONTE PLATA', '3', 'Club Diego Soriano ', '19', 'JUAN JUNIOR MEJIA', '0', '', 'DOM-3532', null, null, null, null, '', '', '', null, null, null, null, null, null, '0', '0', null, null, null, null, null, null, null, null, null, null, null, null, null, null, null, null, null, null, null, null, '1', null, null);
INSERT INTO `estudiantes` VALUES ('383', 'Jefry ', 'Duran ', '14', 'PROV. SANTO DOMINGO', '20', 'RENACIMIENTO', '31', '', '0', '', 'Enproseso ', null, null, null, null, '', '', '', null, null, null, null, null, null, '0', '0', null, null, null, null, null, null, null, null, null, null, null, null, null, null, null, null, null, null, null, null, '1', null, null);
INSERT INTO `estudiantes` VALUES ('384', 'Jeicol Manuel', 'Arbol ', '10', 'LA VEGA (COSTANZA)', '34', 'Jochi TKD Center ', '15', '', '0', '', '', null, null, null, null, '', '', '', null, null, null, null, null, null, '0', '0', null, null, null, null, null, null, null, null, null, null, null, null, null, null, null, null, null, null, null, null, '1', null, null);
INSERT INTO `estudiantes` VALUES ('385', 'Jeiden Javier', 'Ulloa ', '11', 'SANTIAGO', '43', 'ANA JIMENEZ', '29', 'MIGUEL FIGUEROA', '1', '', '', null, null, null, null, '', '', '', null, null, null, null, null, null, '0', '0', null, null, null, null, null, null, null, null, null, null, null, null, null, null, null, null, null, null, null, null, '1', null, null);
INSERT INTO `estudiantes` VALUES ('387', 'Jeremy ', 'Rojas ', '11', 'SANTIAGO', '35', 'GRULLON TKD CENTER', '29', 'Rafael Grullon', '0', '', '', null, null, null, null, '', '', '', null, null, null, null, null, null, '0', '0', null, null, null, null, null, null, null, null, null, null, null, null, null, null, null, null, null, null, null, null, '1', null, null);
INSERT INTO `estudiantes` VALUES ('388', 'Jesús ', 'David ', '2', 'SAN CRISTOBAL', '39', 'Ruiz TKD ', '25', '', '0', '', 'Enproseso ', null, null, null, null, '', '', '', null, null, null, null, null, null, '0', '0', null, null, null, null, null, null, null, null, null, null, null, null, null, null, null, null, null, null, null, null, '1', null, null);
INSERT INTO `estudiantes` VALUES ('389', 'Jeury ', 'de León ', '10', 'LA VEGA', '33', 'Centro de Tkd Vctor Sanchez ', '15', '', '0', '', 'pago', null, null, null, null, '', '', '', null, null, null, null, null, null, '0', '0', null, null, null, null, null, null, null, null, null, null, null, null, null, null, null, null, null, null, null, null, '1', null, null);
INSERT INTO `estudiantes` VALUES ('390', 'Jhonny Javier', 'Asencio ', '2', 'SAN CRISTOBAL', '10', 'Club Deportivo Mieses Tkd', '25', 'MIESES', '0', '', 'pago', null, null, null, null, '', '', '', null, null, null, null, null, null, '0', '0', null, null, null, null, null, null, null, null, null, null, null, null, null, null, null, null, null, null, null, null, '1', null, null);
INSERT INTO `estudiantes` VALUES ('391', 'Jhowell ', 'Grullón ', '11', 'SANTIAGO', '35', 'GRULLON TKD CENTER', '29', 'Rafael Grullon', '1', '', '', null, null, null, null, '', '', '', null, null, null, null, null, null, '0', '0', null, null, null, null, null, null, null, null, null, null, null, null, null, null, null, null, null, null, null, null, '1', null, null);
INSERT INTO `estudiantes` VALUES ('393', 'jJhonny', '', '11', 'SANTIAGO', '40', 'VALENCIA', '29', 'DANIEL VALENCIA', '0', '', '', null, null, null, null, '', '', '', null, null, null, null, null, null, '0', '0', null, null, null, null, null, null, null, null, null, null, null, null, null, null, null, null, null, null, null, null, '1', null, null);
INSERT INTO `estudiantes` VALUES ('394', 'Joan ', 'Peguero ', '14', 'PROV. SANTO DOMINGO', '17', 'Vm TKD ', '31', 'CIDRIC MOISES PEGUERO', '0', '', 'DOM-2569', null, null, null, null, '', '', '', null, null, null, null, null, null, '0', '0', null, null, null, null, null, null, null, null, null, null, null, null, null, null, null, null, null, null, null, null, '1', null, null);
INSERT INTO `estudiantes` VALUES ('395', 'Johan Ezequiel', 'Ramos ', '11', 'SANTIAGO', '37', 'TAMBORIL', '29', 'GABRIEL MARTINEZ', '3', '', '', null, null, null, null, '', '', '', null, null, null, null, null, null, '0', '0', null, null, null, null, null, null, null, null, null, null, null, null, null, null, null, null, null, null, null, null, '1', null, null);
INSERT INTO `estudiantes` VALUES ('396', 'Jonathan', 'Batista ', '11', 'SANTIAGO', '37', 'TAMBORIL', '29', 'GABRIEL MARTINEZ', '0', '', '', null, null, null, null, '', '', '', null, null, null, null, null, null, '0', '0', null, null, null, null, null, null, null, null, null, null, null, null, null, null, null, null, null, null, null, null, '1', null, null);
INSERT INTO `estudiantes` VALUES ('397', 'Joneydy ', 'Carrion ', '11', 'SANTIAGO', '41', 'JACAGUA', '29', 'OMAR DE LEON', '0', '', '', null, null, null, null, '', '', '', null, null, null, null, null, null, '0', '0', null, null, null, null, null, null, null, null, null, null, null, null, null, null, null, null, null, null, null, null, '1', null, null);
INSERT INTO `estudiantes` VALUES ('398', 'Jose Alexander', 'Garcia ', '11', 'SANTIAGO', '43', 'ANA JIMENEZ', '29', 'MIGUEL FIGUEROA', '2', '', '', null, null, null, null, '', '', '', null, null, null, null, null, null, '0', '0', null, null, null, null, null, null, null, null, null, null, null, null, null, null, null, null, null, null, null, null, '1', null, null);
INSERT INTO `estudiantes` VALUES ('399', 'José Enríquez', 'Tiburcio. ', '10', 'LA VEGA (COSTANZA)', '34', 'Jochi TKD Center ', '15', '', '0', '', '', null, null, null, null, '', '', '', null, null, null, null, null, null, '0', '0', null, null, null, null, null, null, null, null, null, null, null, null, null, null, null, null, null, null, null, null, '1', null, null);
INSERT INTO `estudiantes` VALUES ('400', 'José Miguel', 'Mateo ', '14', 'PROV. SANTO DOMINGO', '21', 'Academia de tkd Lusito Pie ', '31', 'LUISITO PIE', '0', '', ' DOM-3681', null, null, null, null, '', '', '', null, null, null, null, null, null, '0', '0', null, null, null, null, null, null, null, null, null, null, null, null, null, null, null, null, null, null, null, null, '1', null, null);
INSERT INTO `estudiantes` VALUES ('401', 'Joseph ', 'Soriano ', '14', 'PROV. SANTO DOMINGO', '18', 'Centro Heros tkd', '31', 'BETANIA CENA', '0', '', 'Enproseso ', null, null, null, null, '', '', '', null, null, null, null, null, null, '0', '0', null, null, null, null, null, null, null, null, null, null, null, null, null, null, null, null, null, null, null, null, '1', null, null);
INSERT INTO `estudiantes` VALUES ('402', 'Joseph ', 'Grullón ', '11', 'SANTIAGO', '35', 'GRULLON TKD CENTER', '29', 'Rafael Grullon', '1', '', '', null, null, null, null, '', '', '', null, null, null, null, null, null, '0', '0', null, null, null, null, null, null, null, null, null, null, null, null, null, null, null, null, null, null, null, null, '1', null, null);
INSERT INTO `estudiantes` VALUES ('403', 'Joshua ', 'Caro ', '14', 'PROV. SANTO DOMINGO', '14', 'Vitoria Parque del Este ', '31', '', '0', '', 'DOM-3646', null, null, null, null, '', '', '', null, null, null, null, null, null, '0', '0', null, null, null, null, null, null, null, null, null, null, null, null, null, null, null, null, null, null, null, null, '1', null, null);
INSERT INTO `estudiantes` VALUES ('404', 'Joshua ', 'Cubilete ', '14', 'PROV. SANTO DOMINGO', '20', 'RENACIMIENTO', '31', '', '0', '', 'DOM-2260', null, null, null, null, '', '', '', null, null, null, null, null, null, '0', '0', null, null, null, null, null, null, null, null, null, null, null, null, null, null, null, null, null, null, null, null, '1', null, null);
INSERT INTO `estudiantes` VALUES ('405', 'Josué David', 'Urbáez Mora', '14', 'PROV. SANTO DOMINGO', '16', 'Ledesma tkd', '31', 'ROBERTO LEDESMA', '0', '', ' DOM-2229', null, null, null, null, '', '', '', null, null, null, null, null, null, '0', '0', null, null, null, null, null, null, null, null, null, null, null, null, null, null, null, null, null, null, null, null, '1', null, null);
INSERT INTO `estudiantes` VALUES ('406', 'Jowell Yadriel', 'González ', '14', 'PROV. SANTO DOMINGO', '16', 'Ledesma tkd', '31', 'ROBERTO LEDESMA', '0', '', ' DOM-3571', null, null, null, null, '', '', '', null, null, null, null, null, null, '0', '0', null, null, null, null, null, null, null, null, null, null, null, null, null, null, null, null, null, null, null, null, '1', null, null);
INSERT INTO `estudiantes` VALUES ('407', 'Jowen ', 'Báez ', '14', 'PROV. SANTO DOMINGO', '18', 'Centro Heros tkd', '31', 'BETANIA CENA', '0', '', 'Enproseso ', null, null, null, null, '', '', '', null, null, null, null, null, null, '0', '0', null, null, null, null, null, null, null, null, null, null, null, null, null, null, null, null, null, null, null, null, '1', null, null);
INSERT INTO `estudiantes` VALUES ('408', 'Juan ', 'Alonso G.', '10', 'LA VEGA (COSTANZA)', '34', 'Jochi TKD Center ', '15', '', '0', '', '', null, null, null, null, '', '', '', null, null, null, null, null, null, '0', '0', null, null, null, null, null, null, null, null, null, null, null, null, null, null, null, null, null, null, null, null, '1', null, null);
INSERT INTO `estudiantes` VALUES ('409', 'Juan Carlos', 'Cepeda ', '10', 'LA VEGA (COSTANZA)', '34', 'Jochi TKD Center ', '15', '', '0', '', '', null, null, null, null, '', '', '', null, null, null, null, null, null, '0', '0', null, null, null, null, null, null, null, null, null, null, null, null, null, null, null, null, null, null, null, null, '1', null, null);
INSERT INTO `estudiantes` VALUES ('410', 'Juan Francisco', 'Shenery ', '14', 'PROV. SANTO DOMINGO', '19', 'Roberto Taekwondo Universal', '31', '', '0', '', 'DOM-3309', null, null, null, null, '', '', '', null, null, null, null, null, null, '0', '0', null, null, null, null, null, null, null, null, null, null, null, null, null, null, null, null, null, null, null, null, '1', null, null);
INSERT INTO `estudiantes` VALUES ('411', 'Julio Jefferson', 'Mancede ', '1', 'MONTE PLATA', '3', 'Club Diego Soriano ', '19', 'JUAN JUNIOR MEJIA', '0', '', 'PAGO', null, null, null, null, '', '', '', null, null, null, null, null, null, '0', '0', null, null, null, null, null, null, null, null, null, null, null, null, null, null, null, null, null, null, null, null, '1', null, null);
INSERT INTO `estudiantes` VALUES ('412', 'Junier ', 'González ', '2', 'SAN CRISTOBAL', '10', 'Club Deportivo Mieses Tkd', '25', 'MIESES', '0', '', 'DOM-3670', null, null, null, null, '', '', '', null, null, null, null, null, null, '0', '0', null, null, null, null, null, null, null, null, null, null, null, null, null, null, null, null, null, null, null, null, '1', null, null);
INSERT INTO `estudiantes` VALUES ('413', 'Junior ', 'Fabián ', '1', 'MONTE PLATA', '3', 'Club Diego Soriano ', '19', 'JUAN JUNIOR MEJIA', '0', '', 'DOM/1660', null, null, null, null, '', '', '', null, null, null, null, null, null, '0', '0', null, null, null, null, null, null, null, null, null, null, null, null, null, null, null, null, null, null, null, null, '1', null, null);
INSERT INTO `estudiantes` VALUES ('414', 'Junior ', 'de Leon ', '11', 'SANTIAGO', '42', 'CCJ', '29', 'CHRISTIAN ORTIZ', '0', '', '', null, null, null, null, '', '', '', null, null, null, null, null, null, '0', '0', null, null, null, null, null, null, null, null, null, null, null, null, null, null, null, null, null, null, null, null, '1', null, null);
INSERT INTO `estudiantes` VALUES ('415', 'Justin ', 'Rosario ', '11', 'SANTIAGO', '40', 'VALENCIA', '29', 'DANIEL VALENCIA', '0', '', '', null, null, null, null, '', '', '', null, null, null, null, null, null, '0', '0', null, null, null, null, null, null, null, null, null, null, null, null, null, null, null, null, null, null, null, null, '1', null, null);
INSERT INTO `estudiantes` VALUES ('416', 'Justin Ariel', 'Mirabal ', '11', 'SANTIAGO', '38', 'SAN CRISTOBAL', '29', 'EDWIN GONZALEZ', '1', '', '', null, null, null, null, '', '', '', null, null, null, null, null, null, '0', '0', null, null, null, null, null, null, null, null, null, null, null, null, null, null, null, null, null, null, null, null, '1', null, null);
INSERT INTO `estudiantes` VALUES ('417', 'Kany ', 'Espaillat ', '12', 'PROVINCIA ESPAILLAT MOCA ', '46', 'Polideportivo de Moca ', '9', '', '0', '', 'PAGO', null, null, null, null, '', '', '', null, null, null, null, null, null, '0', '0', null, null, null, null, null, null, null, null, null, null, null, null, null, null, null, null, null, null, null, null, '1', null, null);
INSERT INTO `estudiantes` VALUES ('418', 'Karla', 'Ramos', '14', 'PROV. SANTO DOMINGO', '16', 'Ledesma tkd', '31', 'ROBERTO LEDESMA', '0', '', '', null, null, null, null, '', '', '', null, null, null, null, null, null, '0', '0', null, null, null, null, null, null, null, null, null, null, null, null, null, null, null, null, null, null, null, null, '1', null, null);
INSERT INTO `estudiantes` VALUES ('419', 'Karla Linette', 'Rodríguez ', '6', 'LA ROMANA', '27', 'VELOZ TKD CENTER', '14', '', '0', '', 'DOM-2100', null, null, null, null, '', '', '', null, null, null, null, null, null, '0', '0', null, null, null, null, null, null, null, null, null, null, null, null, null, null, null, null, null, null, null, null, '1', null, null);
INSERT INTO `estudiantes` VALUES ('421', 'Keysi María', 'Santana ', '6', 'LA ROMANA', '28', 'INTITUTO DE TKD ROMANA', '14', '', '0', '', 'pago', null, null, null, null, '', '', '', null, null, null, null, null, null, '0', '0', null, null, null, null, null, null, null, null, null, null, null, null, null, null, null, null, null, null, null, null, '1', null, null);
INSERT INTO `estudiantes` VALUES ('422', 'Keysy ', 'Pierre Amador', '14', 'PROV. SANTO DOMINGO', '21', 'Academia de tkd Lusito Pie ', '31', 'LUISITO PIE', '0', '', 'DOM-3607', null, null, null, null, '', '', '', null, null, null, null, null, null, '0', '0', null, null, null, null, null, null, null, null, null, null, null, null, null, null, null, null, null, null, null, null, '1', null, null);
INSERT INTO `estudiantes` VALUES ('423', 'Leandro ', 'de Jesús ', '2', 'SAN CRISTOBAL', '10', 'Club Deportivo Mieses Tkd', '25', 'MIESES', '0', '', 'pago', null, null, null, null, '', '', '', null, null, null, null, null, null, '0', '0', null, null, null, null, null, null, null, null, null, null, null, null, null, null, null, null, null, null, null, null, '1', null, null);
INSERT INTO `estudiantes` VALUES ('424', 'Lenin Nahum', 'Valenzuela ', '14', 'PROV. SANTO DOMINGO', '16', 'Ledesma tkd', '31', 'ROBERTO LEDESMA', '0', '', 'DOM-2492', null, null, null, null, '', '', '', null, null, null, null, null, null, '0', '0', null, null, null, null, null, null, null, null, null, null, null, null, null, null, null, null, null, null, null, null, '1', null, null);
INSERT INTO `estudiantes` VALUES ('425', 'Leonel ', 'Marcial ', '14', 'PROV. SANTO DOMINGO', '17', 'Vm TKD ', '31', 'CIDRIC MOISES PEGUERO', '0', '', 'DOM-3223', null, null, null, null, '', '', '', null, null, null, null, null, null, '0', '0', null, null, null, null, null, null, null, null, null, null, null, null, null, null, null, null, null, null, null, null, '1', null, null);
INSERT INTO `estudiantes` VALUES ('426', 'Lía ', 'Rondón ', '14', 'PROV. SANTO DOMINGO', '18', 'Centro Heros tkd', '31', 'BETANIA CENA', '0', '', 'Enproseso ', null, null, null, null, '', '', '', null, null, null, null, null, null, '0', '0', null, null, null, null, null, null, null, null, null, null, null, null, null, null, null, null, null, null, null, null, '1', null, null);
INSERT INTO `estudiantes` VALUES ('427', 'Liam ', 'Castillo ', '14', 'PROV. SANTO DOMINGO', '18', 'Centro Heros tkd', '31', 'BETANIA CENA', '0', '', 'Enproseso ', null, null, null, null, '', '', '', null, null, null, null, null, null, '0', '0', null, null, null, null, null, null, null, null, null, null, null, null, null, null, null, null, null, null, null, null, '1', null, null);
INSERT INTO `estudiantes` VALUES ('428', 'Lían ', 'Monterrasa ', '12', 'PROVINCIA ESPAILLAT MOCA ', '46', 'Polideportivo de Moca ', '9', '', '0', '', 'DOM-3697', null, null, null, null, '', '', '', null, null, null, null, null, null, '0', '0', null, null, null, null, null, null, null, null, null, null, null, null, null, null, null, null, null, null, null, null, '1', null, null);
INSERT INTO `estudiantes` VALUES ('429', 'Lían ', 'Caro ', '14', 'PROV. SANTO DOMINGO', '14', 'Vitoria Parque del Este ', '31', '', '0', '', 'DOM-3535', null, null, null, null, '', '', '', null, null, null, null, null, null, '0', '0', null, null, null, null, null, null, null, null, null, null, null, null, null, null, null, null, null, null, null, null, '1', null, null);
INSERT INTO `estudiantes` VALUES ('430', 'Linne ', 'Auguste ', '14', 'PROV. SANTO DOMINGO', '18', 'Centro Heros tkd', '31', 'BETANIA CENA', '0', '', 'Enproseso ', null, null, null, null, '', '', '', null, null, null, null, null, null, '0', '0', null, null, null, null, null, null, null, null, null, null, null, null, null, null, null, null, null, null, null, null, '1', null, null);
INSERT INTO `estudiantes` VALUES ('431', 'Lizmary ', 'Burgos ', '3', 'SALCEDO', '12', 'TONY TKD CENTER', '11', '', '0', '', 'pago', null, null, null, null, '', '', '', null, null, null, null, null, null, '0', '0', null, null, null, null, null, null, null, null, null, null, null, null, null, null, null, null, null, null, null, null, '1', null, null);
INSERT INTO `estudiantes` VALUES ('432', 'Lorel ', 'López ', '10', 'LA VEGA (COSTANZA)', '34', 'Jochi TKD Center ', '15', '', '0', '', '', null, null, null, null, '', '', '', null, null, null, null, null, null, '0', '0', null, null, null, null, null, null, null, null, null, null, null, null, null, null, null, null, null, null, null, null, '1', null, null);
INSERT INTO `estudiantes` VALUES ('433', 'Luis Gabriel', 'García ', '11', 'SANTIAGO', '37', 'TAMBORIL', '29', 'GABRIEL MARTINEZ', '3', '', '', null, null, null, null, '', '', '', null, null, null, null, null, null, '0', '0', null, null, null, null, null, null, null, null, null, null, null, null, null, null, null, null, null, null, null, null, '1', null, null);
INSERT INTO `estudiantes` VALUES ('434', 'Luis Joel', 'Sasa ', '1', 'MONTE PLATA', '3', 'Club Diego Soriano ', '19', 'JUAN JUNIOR MEJIA', '0', '', 'Enproseso ', null, null, null, null, '', '', '', null, null, null, null, null, null, '0', '0', null, null, null, null, null, null, null, null, null, null, null, null, null, null, null, null, null, null, null, null, '1', null, null);
INSERT INTO `estudiantes` VALUES ('435', 'Luis Manuel', 'Belis ', '11', 'SANTIAGO', '35', 'GRULLON TKD CENTER', '29', 'Rafael Grullon', '0', '', '', null, null, null, null, '', '', '', null, null, null, null, null, null, '0', '0', null, null, null, null, null, null, null, null, null, null, null, null, null, null, null, null, null, null, null, null, '1', null, null);
INSERT INTO `estudiantes` VALUES ('437', 'Luisanna ', 'Martinez ', '11', 'SANTIAGO', '41', 'JACAGUA', '29', 'OMAR DE LEON', '4', '', '', null, null, null, null, '', '', '', null, null, null, null, null, null, '0', '0', null, null, null, null, null, null, null, null, null, null, null, null, null, null, null, null, null, null, null, null, '1', null, null);
INSERT INTO `estudiantes` VALUES ('438', 'Luz ', 'Medrano ', '11', 'SANTIAGO', '41', 'JACAGUA', '29', 'OMAR DE LEON', '2', '', '', null, null, null, null, '', '', '', null, null, null, null, null, null, '0', '0', null, null, null, null, null, null, null, null, null, null, null, null, null, null, null, null, null, null, null, null, '1', null, null);
INSERT INTO `estudiantes` VALUES ('439', 'Madelin Alexa', 'Cordero ', '6', 'LA ROMANA', '28', 'INTITUTO DE TKD ROMANA', '14', '', '0', '', 'pago', null, null, null, null, '', '', '', null, null, null, null, null, null, '0', '0', null, null, null, null, null, null, null, null, null, null, null, null, null, null, null, null, null, null, null, null, '1', null, null);
INSERT INTO `estudiantes` VALUES ('440', 'Maickol ', 'Orozco ', '7', 'SAN JUAN DE LA MAGUANA', '29', 'Club Pedro Montero ', '27', '', '0', '', 'DOM-1669', null, null, null, null, '', '', '', null, null, null, null, null, null, '0', '0', null, null, null, null, null, null, null, null, null, null, null, null, null, null, null, null, null, null, null, null, '1', null, null);
INSERT INTO `estudiantes` VALUES ('441', 'Manuel ', 'Diaz ', '14', 'PROV. SANTO DOMINGO', '20', 'RENACIMIENTO', '31', '', '0', '', 'Enproseso ', null, null, null, null, '', '', '', null, null, null, null, null, null, '0', '0', null, null, null, null, null, null, null, null, null, null, null, null, null, null, null, null, null, null, null, null, '1', null, null);
INSERT INTO `estudiantes` VALUES ('442', 'Marcos ', 'Feliz ', '2', 'SAN CRISTOBAL', '8', 'Academia de Tkd Feliz ', '25', '', '0', '', 'pago', null, null, null, null, '', '', '', null, null, null, null, null, null, '0', '0', null, null, null, null, null, null, null, null, null, null, null, null, null, null, null, null, null, null, null, null, '1', null, null);
INSERT INTO `estudiantes` VALUES ('444', 'Mark ', 'Hydelman ', '11', 'SANTIAGO', '35', 'GRULLON TKD CENTER', '29', 'Rafael Grullon', '0', '', '', null, null, null, null, '', '', '', null, null, null, null, null, null, '0', '0', null, null, null, null, null, null, null, null, null, null, null, null, null, null, null, null, null, null, null, null, '1', null, null);
INSERT INTO `estudiantes` VALUES ('445', 'Maryoli ', 'Batista ', '11', 'SANTIAGO', '37', 'TAMBORIL', '29', 'GABRIEL MARTINEZ', '1', '', '', null, null, null, null, '', '', '', null, null, null, null, null, null, '0', '0', null, null, null, null, null, null, null, null, null, null, null, null, null, null, null, null, null, null, null, null, '1', null, null);
INSERT INTO `estudiantes` VALUES ('446', 'Matías ', 'Pereira ', '14', 'PROV. SANTO DOMINGO', '18', 'Centro Heros tkd', '31', 'BETANIA CENA', '0', '', 'Enproseso ', null, null, null, null, '', '', '', null, null, null, null, null, null, '0', '0', null, null, null, null, null, null, null, null, null, null, null, null, null, null, null, null, null, null, null, null, '1', null, null);
INSERT INTO `estudiantes` VALUES ('447', 'Mauro ', 'Ramírez ', '14', 'PROV. SANTO DOMINGO', '18', 'Centro Heros tkd', '31', 'BETANIA CENA', '0', '', 'Enproseso ', null, null, null, null, '', '', '', null, null, null, null, null, null, '0', '0', null, null, null, null, null, null, null, null, null, null, null, null, null, null, null, null, null, null, null, null, '1', null, null);
INSERT INTO `estudiantes` VALUES ('448', 'Max Yunior', 'Jiménez ', '11', 'SANTIAGO', '40', 'VALENCIA', '29', 'DANIEL VALENCIA', '3', '', '', null, null, null, null, '', '', '', null, null, null, null, null, null, '0', '0', null, null, null, null, null, null, null, null, null, null, null, null, null, null, null, null, null, null, null, null, '1', null, null);
INSERT INTO `estudiantes` VALUES ('449', 'Maximo ', 'Jiménez ', '11', 'SANTIAGO', '40', 'VALENCIA', '29', 'DANIEL VALENCIA', '3', '', '', null, null, null, null, '', '', '', null, null, null, null, null, null, '0', '0', null, null, null, null, null, null, null, null, null, null, null, null, null, null, null, null, null, null, null, null, '1', null, null);
INSERT INTO `estudiantes` VALUES ('451', 'Meralis ', 'Rodríguez ', '11', 'SANTIAGO', '35', 'GRULLON TKD CENTER', '29', 'Rafael Grullon', '1', '', '', null, null, null, null, '', '', '', null, null, null, null, null, null, '0', '0', null, null, null, null, null, null, null, null, null, null, null, null, null, null, null, null, null, null, null, null, '1', null, null);
INSERT INTO `estudiantes` VALUES ('452', 'Mia ', 'Rondón ', '14', 'PROV. SANTO DOMINGO', '18', 'Centro Heros tkd', '31', 'BETANIA CENA', '0', '', 'Enproseso ', null, null, null, null, '', '', '', null, null, null, null, null, null, '0', '0', null, null, null, null, null, null, null, null, null, null, null, null, null, null, null, null, null, null, null, null, '1', null, null);
INSERT INTO `estudiantes` VALUES ('453', 'Mia ', 'Monserrat de León', '14', 'PROV. SANTO DOMINGO', '21', 'Academia de tkd Lusito Pie ', '31', 'LUISITO PIE', '0', '', 'DOM-3603', null, null, null, null, '', '', '', null, null, null, null, null, null, '0', '0', null, null, null, null, null, null, null, null, null, null, null, null, null, null, null, null, null, null, null, null, '1', null, null);
INSERT INTO `estudiantes` VALUES ('454', 'Micaela ', 'Martínez ', '11', 'SANTIAGO', '35', 'GRULLON TKD CENTER', '29', 'Rafael Grullon', '0', '', '', null, null, null, null, '', '', '', null, null, null, null, null, null, '0', '0', null, null, null, null, null, null, null, null, null, null, null, null, null, null, null, null, null, null, null, null, '1', null, null);
INSERT INTO `estudiantes` VALUES ('455', 'MILENA ', 'CASTILLO ', '11', 'SANTIAGO', '35', 'GRULLON TKD CENTER', '29', 'Rafael Grullon', '0', '', '', null, null, null, null, '', '', '', null, null, null, null, null, null, '0', '0', null, null, null, null, null, null, null, null, null, null, null, null, null, null, null, null, null, null, null, null, '1', null, null);
INSERT INTO `estudiantes` VALUES ('456', 'Moisés ', 'Hernández ', '7', 'SAN JUAN DE LA MAGUANA', '29', 'Club Pedro Montero ', '27', '', '0', '', 'DOM-1517', null, null, null, null, '', '', '', null, null, null, null, null, null, '0', '0', null, null, null, null, null, null, null, null, null, null, null, null, null, null, null, null, null, null, null, null, '1', null, null);
INSERT INTO `estudiantes` VALUES ('457', 'Moisés  ', 'Reyes  Pie', '1', 'MONTE PLATA', '4', 'Virtud Marcial ', '19', '', '0', '', 'DOM-1958', null, null, null, null, '', '', '', null, null, null, null, null, null, '0', '0', null, null, null, null, null, null, null, null, null, null, null, null, null, null, null, null, null, null, null, null, '1', null, null);
INSERT INTO `estudiantes` VALUES ('458', 'Nahiomy ', 'Almanzar ', '11', 'SANTIAGO', '35', 'GRULLON TKD CENTER', '29', 'Rafael Grullon', '0', '', '', null, null, null, null, '', '', '', null, null, null, null, null, null, '0', '0', null, null, null, null, null, null, null, null, null, null, null, null, null, null, null, null, null, null, null, null, '1', null, null);
INSERT INTO `estudiantes` VALUES ('459', 'Nashla Patricia', 'Rondón R.', '10', 'LA VEGA (COSTANZA)', '34', 'Jochi TKD Center ', '15', '', '0', '', '', null, null, null, null, '', '', '', null, null, null, null, null, null, '0', '0', null, null, null, null, null, null, null, null, null, null, null, null, null, null, null, null, null, null, null, null, '1', null, null);
INSERT INTO `estudiantes` VALUES ('460', 'Nathanael ', 'Santiago ', '14', 'PROV. SANTO DOMINGO', '19', 'Roberto Taekwondo Universal', '31', '', '0', '', 'DOM-2238', null, null, null, null, '', '', '', null, null, null, null, null, null, '0', '0', null, null, null, null, null, null, null, null, null, null, null, null, null, null, null, null, null, null, null, null, '1', null, null);
INSERT INTO `estudiantes` VALUES ('461', 'Nicolas ', 'Liriano ', '14', 'PROV. SANTO DOMINGO', '18', 'Centro Heros tkd', '31', 'BETANIA CENA', '0', '', 'Enproseso ', null, null, null, null, '', '', '', null, null, null, null, null, null, '0', '0', null, null, null, null, null, null, null, null, null, null, null, null, null, null, null, null, null, null, null, null, '1', null, null);
INSERT INTO `estudiantes` VALUES ('463', 'Noelia ', 'Silverio ', '11', 'SANTIAGO', '42', 'CCJ', '29', 'CHRISTIAN ORTIZ', '3', '', '', null, null, null, null, '', '', '', null, null, null, null, null, null, '0', '0', null, null, null, null, null, null, null, null, null, null, null, null, null, null, null, null, null, null, null, null, '1', null, null);
INSERT INTO `estudiantes` VALUES ('464', 'Noelia ', 'Espinal. ', '10', 'LA VEGA (COSTANZA)', '34', 'Jochi TKD Center ', '15', '', '0', '', '', null, null, null, null, '', '', '', null, null, null, null, null, null, '0', '0', null, null, null, null, null, null, null, null, null, null, null, null, null, null, null, null, null, null, null, null, '1', null, null);
INSERT INTO `estudiantes` VALUES ('466', 'Pablo Junior ', 'Liriano Juan', '1', 'MONTE PLATA', '4', 'Virtud Marcial ', '19', '', '0', '', 'DOM-3654', null, null, null, null, '', '', '', null, null, null, null, null, null, '0', '0', null, null, null, null, null, null, null, null, null, null, null, null, null, null, null, null, null, null, null, null, '1', null, null);
INSERT INTO `estudiantes` VALUES ('468', 'Pavel ', 'García ', '2', 'SAN CRISTOBAL', '8', 'Academia de Tkd Feliz ', '25', '', '0', '', 'DOM-2681', null, null, null, null, '', '', '', null, null, null, null, null, null, '0', '0', null, null, null, null, null, null, null, null, null, null, null, null, null, null, null, null, null, null, null, null, '1', null, null);
INSERT INTO `estudiantes` VALUES ('469', 'Pedro ', 'Joseph ', '1', 'MONTE PLATA', '3', 'Club Diego Soriano ', '19', 'JUAN JUNIOR MEJIA', '0', '', 'DOM-2143 ', null, null, null, null, '', '', '', null, null, null, null, null, null, '0', '0', null, null, null, null, null, null, null, null, null, null, null, null, null, null, null, null, null, null, null, null, '1', null, null);
INSERT INTO `estudiantes` VALUES ('470', 'Pedro ', 'Ortiz Pimentel', '5', 'DISTRITO NACIONAL', '22', 'ACADEMIA DE TKD JINHWAN', '1', 'YERFIS AMARANTE', '0', '', 'DOM-3002 ', null, null, null, null, '', '', '', null, null, null, null, null, null, '0', '0', null, null, null, null, null, null, null, null, null, null, null, null, null, null, null, null, null, null, null, null, '1', null, null);
INSERT INTO `estudiantes` VALUES ('471', 'Pedro Antonio', 'puntiel ', '11', 'SANTIAGO', '43', 'ANA JIMENEZ', '29', 'MIGUEL FIGUEROA', '0', '', '', null, null, null, null, '', '', '', null, null, null, null, null, null, '0', '0', null, null, null, null, null, null, null, null, null, null, null, null, null, null, null, null, null, null, null, null, '1', null, null);
INSERT INTO `estudiantes` VALUES ('472', 'Pedro Luis', 'Marte ', '1', 'MONTE PLATA', '3', 'Club Diego Soriano ', '19', 'JUAN JUNIOR MEJIA', '0', '', 'DOM-2409', null, null, null, null, '', '', '', null, null, null, null, null, null, '0', '0', null, null, null, null, null, null, null, null, null, null, null, null, null, null, null, null, null, null, null, null, '1', null, null);
INSERT INTO `estudiantes` VALUES ('473', 'Perla Maciel', 'Guzmán ', '14', 'PROV. SANTO DOMINGO', '16', 'Ledesma tkd', '31', 'ROBERTO LEDESMA', '0', '', 'DOM-3570', null, null, null, null, '', '', '', null, null, null, null, null, null, '0', '0', null, null, null, null, null, null, null, null, null, null, null, null, null, null, null, null, null, null, null, null, '1', null, null);
INSERT INTO `estudiantes` VALUES ('474', 'Peterson ', 'Belis ', '11', 'SANTIAGO', '35', 'GRULLON TKD CENTER', '29', 'Rafael Grullon', '0', '', '', null, null, null, null, '', '', '', null, null, null, null, null, null, '0', '0', null, null, null, null, null, null, null, null, null, null, null, null, null, null, null, null, null, null, null, null, '1', null, null);
INSERT INTO `estudiantes` VALUES ('475', 'Rainer Adolfo', 'Ramírez ', '14', 'PROV. SANTO DOMINGO', '16', 'Ledesma tkd', '31', 'ROBERTO LEDESMA', '0', '', 'DOM-3715', null, null, null, null, '', '', '', null, null, null, null, null, null, '0', '0', null, null, null, null, null, null, null, null, null, null, null, null, null, null, null, null, null, null, null, null, '1', null, null);
INSERT INTO `estudiantes` VALUES ('476', 'Rangel Miguel', 'Vásquez ', '14', 'PROV. SANTO DOMINGO', '16', 'Ledesma tkd', '31', 'ROBERTO LEDESMA', '0', '', 'DOM-3338', null, null, null, null, '', '', '', null, null, null, null, null, null, '0', '0', null, null, null, null, null, null, null, null, null, null, null, null, null, null, null, null, null, null, null, null, '1', null, null);
INSERT INTO `estudiantes` VALUES ('477', 'Richard ', 'Delgado ', '14', 'PROV. SANTO DOMINGO', '17', 'Vm TKD ', '31', 'CIDRIC MOISES PEGUERO', '0', '', 'DOM-3418', null, null, null, null, '', '', '', null, null, null, null, null, null, '0', '0', null, null, null, null, null, null, null, null, null, null, null, null, null, null, null, null, null, null, null, null, '1', null, null);
INSERT INTO `estudiantes` VALUES ('478', 'Roció ', 'Vitaniana ', '2', 'SAN CRISTOBAL', '39', 'Ruiz TKD ', '25', '', '0', '', 'pago', null, null, null, null, '', '', '', null, null, null, null, null, null, '0', '0', null, null, null, null, null, null, null, null, null, null, null, null, null, null, null, null, null, null, null, null, '1', null, null);
INSERT INTO `estudiantes` VALUES ('479', 'Rosalí ', 'Cabrera ', '11', 'SANTIAGO', '38', 'SAN CRISTOBAL', '29', 'EDWIN GONZALEZ', '1', '', '', null, null, null, null, '', '', '', null, null, null, null, null, null, '0', '0', null, null, null, null, null, null, null, null, null, null, null, null, null, null, null, null, null, null, null, null, '1', null, null);
INSERT INTO `estudiantes` VALUES ('480', 'Rubén Luchi', 'Marte ', '14', 'PROV. SANTO DOMINGO', '21', 'Academia de tkd Lusito Pie ', '31', 'LUISITO PIE', '0', '', 'DOM-3658', null, null, null, null, '', '', '', null, null, null, null, null, null, '0', '0', null, null, null, null, null, null, null, null, null, null, null, null, null, null, null, null, null, null, null, null, '1', null, null);
INSERT INTO `estudiantes` VALUES ('481', 'Saide ', 'Nina ', '2', 'SAN CRISTOBAL', '39', 'Ruiz TKD ', '25', '', '0', '', 'pago', null, null, null, null, '', '', '', null, null, null, null, null, null, '0', '0', null, null, null, null, null, null, null, null, null, null, null, null, null, null, null, null, null, null, null, null, '1', null, null);
INSERT INTO `estudiantes` VALUES ('482', 'Samantha ', 'Cabrera ', '11', 'SANTIAGO', '38', 'SAN CRISTOBAL', '29', 'EDWIN GONZALEZ', '1', 'Blanco', '', null, null, null, null, '', '', '', null, null, null, null, null, null, '0', '0', null, null, null, null, null, null, null, null, null, null, null, null, null, null, null, null, null, null, null, null, '1', null, null);
INSERT INTO `estudiantes` VALUES ('483', 'Samantha ', 'Pichardo ', '11', 'SANTIAGO', '41', 'JACAGUA', '29', 'OMAR DE LEON', '1', 'Blanco', '', null, null, null, null, '', '', '', null, null, null, null, null, null, '0', '0', null, null, null, null, null, null, null, null, null, null, null, null, null, null, null, null, null, null, null, null, '1', null, null);
INSERT INTO `estudiantes` VALUES ('484', 'Samantha ', 'Auguste ', '14', 'PROV. SANTO DOMINGO', '18', 'Centro Heros tkd', '31', 'BETANIA CENA', '0', '', 'Enproseso ', null, null, null, null, '', '', '', null, null, null, null, null, null, '0', '0', null, null, null, null, null, null, null, null, null, null, null, null, null, null, null, null, null, null, null, null, '1', null, null);
INSERT INTO `estudiantes` VALUES ('485', 'Samira ', 'Guzmán ', '11', 'SANTIAGO', '35', 'GRULLON TKD CENTER', '29', 'Rafael Grullon', '1', 'Blanco', '', null, null, null, null, '', '', '', null, null, null, null, null, null, '0', '0', null, null, null, null, null, null, null, null, null, null, null, null, null, null, null, null, null, null, null, null, '1', null, null);
INSERT INTO `estudiantes` VALUES ('487', 'Saúl Brito', 'Giménez ', '10', 'LA VEGA', '33', 'Centro de Tkd Vctor Sanchez ', '15', '', '0', '', ' DOM-2556', null, null, null, null, '', '', '', null, null, null, null, null, null, '0', '0', null, null, null, null, null, null, null, null, null, null, null, null, null, null, null, null, null, null, null, null, '1', null, null);
INSERT INTO `estudiantes` VALUES ('488', 'Scarlett ', 'Acosta ', '14', 'PROV. SANTO DOMINGO', '18', 'Centro Heros tkd', '31', 'BETANIA CENA', '0', '', 'Enproseso ', null, null, null, null, '', '', '', null, null, null, null, null, null, '0', '0', null, null, null, null, null, null, null, null, null, null, null, null, null, null, null, null, null, null, null, null, '1', null, null);
INSERT INTO `estudiantes` VALUES ('489', 'Sebastian ', 'Marcelino ', '11', 'SANTIAGO', '40', 'VALENCIA', '29', 'DANIEL VALENCIA', '0', 'Naranja', '', null, null, null, null, '', '', '', null, null, null, null, null, null, '0', '0', null, null, null, null, null, null, null, null, null, null, null, null, null, null, null, null, null, null, null, null, '1', null, null);
INSERT INTO `estudiantes` VALUES ('490', 'Sócrates ', 'Silverio ', '11', 'SANTIAGO', '42', 'CCJ', '29', 'CHRISTIAN ORTIZ', '0', 'Naranja', '', null, null, null, null, '', '', '', null, null, null, null, null, null, '0', '0', null, null, null, null, null, null, null, null, null, null, null, null, null, null, null, null, null, null, null, null, '1', null, null);
INSERT INTO `estudiantes` VALUES ('491', 'Stefan ', 'Masacre ', '11', 'SANTIAGO', '35', 'GRULLON TKD CENTER', '29', 'Rafael Grullon', '3', 'Verde', '', null, null, null, null, '', '', '', null, null, null, null, null, null, '0', '0', null, null, null, null, null, null, null, null, null, null, null, null, null, null, null, null, null, null, null, null, '1', null, null);
INSERT INTO `estudiantes` VALUES ('492', 'Stevenson ', 'Masacre ', '11', 'SANTIAGO', '35', 'GRULLON TKD CENTER', '29', 'Rafael Grullon', '0', 'Morado (Cadete)', '', null, null, null, null, '', '', '', null, null, null, null, null, null, '0', '0', null, null, null, null, null, null, null, null, null, null, null, null, null, null, null, null, null, null, null, null, '1', null, null);
INSERT INTO `estudiantes` VALUES ('493', 'Thiago ', 'Segura ', '14', 'PROV. SANTO DOMINGO', '18', 'Centro Heros tkd', '31', 'BETANIA CENA', '0', '', 'Enproseso ', null, null, null, null, '', '', '', null, null, null, null, null, null, '0', '0', null, null, null, null, null, null, null, null, null, null, null, null, null, null, null, null, null, null, null, null, '1', null, null);
INSERT INTO `estudiantes` VALUES ('494', 'Tomas Daniel', 'Cueto ', '14', 'PROV. SANTO DOMINGO', '16', 'Ledesma tkd', '31', 'ROBERTO LEDESMA', '0', '', ' DOM-2491', null, null, null, null, '', '', '', null, null, null, null, null, null, '0', '0', null, null, null, null, null, null, null, null, null, null, null, null, null, null, null, null, null, null, null, null, '1', null, null);
INSERT INTO `estudiantes` VALUES ('495', 'Trysha v.', 'Ogando ', '9', 'JIMANI', '51', '', '12', '', '0', '', 'DOM-3724', null, null, null, null, '', '', '', null, null, null, null, null, null, '0', '0', null, null, null, null, null, null, null, null, null, null, null, null, null, null, null, null, null, null, null, null, '1', null, null);
INSERT INTO `estudiantes` VALUES ('496', 'Víctor Daniel', 'Tifa ', '14', 'PROV. SANTO DOMINGO', '21', 'Academia de tkd Lusito Pie ', '31', 'LUISITO PIE', '0', '', ' DOM-3605', null, null, null, null, '', '', '', null, null, null, null, null, null, '0', '0', null, null, null, null, null, null, null, null, null, null, null, null, null, null, null, null, null, null, null, null, '1', null, null);
INSERT INTO `estudiantes` VALUES ('497', 'Víctor Engabriel ', 'Acosta  ', '14', 'PROV. SANTO DOMINGO', '19', 'Roberto Taekwondo Universal', '31', '', '0', '', 'DOM-3202', null, null, null, null, '', '', '', null, null, null, null, null, null, '0', '0', null, null, null, null, null, null, null, null, null, null, null, null, null, null, null, null, null, null, null, null, '1', null, null);
INSERT INTO `estudiantes` VALUES ('498', 'Victoria ', 'Castillo ', '14', 'PROV. SANTO DOMINGO', '18', 'Centro Heros tkd', '31', 'BETANIA CENA', '0', '', 'Enproseso ', null, null, null, null, '', '', '', null, null, null, null, null, null, '0', '0', null, null, null, null, null, null, null, null, null, null, null, null, null, null, null, null, null, null, null, null, '1', null, null);
INSERT INTO `estudiantes` VALUES ('500', 'Wener ', 'Mota ', '14', 'PROV. SANTO DOMINGO', '14', 'Vitoria Parque del Este ', '31', '', '0', '', 'DOM-3642', null, null, null, null, '', '', '', null, null, null, null, null, null, '0', '0', null, null, null, null, null, null, null, null, null, null, null, null, null, null, null, null, null, null, null, null, '1', null, null);
INSERT INTO `estudiantes` VALUES ('501', 'Wibelis ', 'Volquez ', '9', 'JIMANI', '51', '', '12', '', '0', '', 'DOM-3259', null, null, null, null, '', '', '', null, null, null, null, null, null, '0', '0', null, null, null, null, null, null, null, null, null, null, null, null, null, null, null, null, null, null, null, null, '1', null, null);
INSERT INTO `estudiantes` VALUES ('503', 'Wilmady Mariana ', 'Peguero ', '5', 'DISTRITO NACIONAL', '25', 'INICIACION', '1', 'PINALES', '0', '', 'DOM-2004', null, null, null, null, '', '', '', null, null, null, null, null, null, '0', '0', null, null, null, null, null, null, null, null, null, null, null, null, null, null, null, null, null, null, null, null, '1', null, null);
INSERT INTO `estudiantes` VALUES ('504', 'Wismeli ', 'Meléndez ', '11', 'SANTIAGO', '36', 'SERRIN', '29', 'OMAR DE LEON', '1', 'Blanco', '', null, null, null, null, '', '', '', null, null, null, null, null, null, '0', '0', null, null, null, null, null, null, null, null, null, null, null, null, null, null, null, null, null, null, null, null, '1', null, null);
INSERT INTO `estudiantes` VALUES ('506', 'Yadiel', 'Valerio ', '11', 'SANTIAGO', '40', 'VALENCIA', '29', 'DANIEL VALENCIA', '0', '', '', null, null, null, null, '', '', '', null, null, null, null, null, null, '0', '0', null, null, null, null, null, null, null, null, null, null, null, null, null, null, null, null, null, null, null, null, '1', null, null);
INSERT INTO `estudiantes` VALUES ('507', 'Yandry ', 'Ureña ', '11', 'SANTIAGO', '37', 'TAMBORIL', '29', 'GABRIEL MARTINEZ', '4', 'Marron', '', null, null, null, null, '', '', '', null, null, null, null, null, null, '0', '0', null, null, null, null, null, null, null, null, null, null, null, null, null, null, null, null, null, null, null, null, '1', null, null);
INSERT INTO `estudiantes` VALUES ('508', 'Yeili ', 'Montero ', '11', 'SANTIAGO', '41', 'JACAGUA', '29', 'OMAR DE LEON', '3', 'Verde', '', null, null, null, null, '', '', '', null, null, null, null, null, null, '0', '0', null, null, null, null, null, null, null, null, null, null, null, null, null, null, null, null, null, null, null, null, '1', null, null);
INSERT INTO `estudiantes` VALUES ('509', 'Yenifer ', 'Louis ', '6', 'LA ROMANA', '27', 'VELOZ TKD CENTER', '14', '', '0', '', 'DOM-1703', null, null, null, null, '', '', '', null, null, null, null, null, null, '0', '0', null, null, null, null, null, null, null, null, null, null, null, null, null, null, null, null, null, null, null, null, '1', null, null);
INSERT INTO `estudiantes` VALUES ('510', 'Yeremy ', 'Ortega ', '11', 'SANTIAGO', '35', 'GRULLON TKD CENTER', '29', 'Rafael Grullon', '0', 'Morado', '', null, null, null, null, '', '', '', null, null, null, null, null, null, '0', '0', null, null, null, null, null, null, null, null, null, null, null, null, null, null, null, null, null, null, null, null, '1', null, null);
INSERT INTO `estudiantes` VALUES ('511', 'Yerlin Adriel', 'Mancebo ', '14', 'PROV. SANTO DOMINGO', '21', 'Academia de tkd Lusito Pie ', '31', 'LUISITO PIE', '0', '', 'DOM-3598', null, null, null, null, '', '', '', null, null, null, null, null, null, '0', '0', null, null, null, null, null, null, null, null, null, null, null, null, null, null, null, null, null, null, null, null, '1', null, null);
INSERT INTO `estudiantes` VALUES ('512', 'Yoanel ', 'Pérez ', '14', 'PROV. SANTO DOMINGO', '21', 'Academia de tkd Lusito Pie ', '31', 'LUISITO PIE', '0', '', 'DOM-3602', null, null, null, null, '', '', '', null, null, null, null, null, null, '0', '0', null, null, null, null, null, null, null, null, null, null, null, null, null, null, null, null, null, null, null, null, '1', null, null);
INSERT INTO `estudiantes` VALUES ('513', 'Yocairis ', 'Rodríguez ', '14', 'PROV. SANTO DOMINGO', '18', 'Centro Heros tkd', '31', 'BETANIA CENA', '0', '', 'Enproseso ', null, null, null, null, '', '', '', null, null, null, null, null, null, '0', '0', null, null, null, null, null, null, null, null, null, null, null, null, null, null, null, null, null, null, null, null, '1', null, null);
INSERT INTO `estudiantes` VALUES ('514', 'Yorguellysh ', 'Mirabal ', '11', 'SANTIAGO', '38', 'SAN CRISTOBAL', '29', 'EDWIN GONZALEZ', '1', 'Blanco', '', null, null, null, null, '', '', '', null, null, null, null, null, null, '0', '0', null, null, null, null, null, null, null, null, null, null, null, null, null, null, null, null, null, null, null, null, '1', null, null);
INSERT INTO `estudiantes` VALUES ('515', 'Yoselis ', 'Matos ', '11', 'SANTIAGO', '41', 'JACAGUA', '29', 'OMAR DE LEON', '3', 'Verde', '', null, null, null, null, '', '', '', null, null, null, null, null, null, '0', '0', null, null, null, null, null, null, null, null, null, null, null, null, null, null, null, null, null, null, null, null, '1', null, null);
INSERT INTO `estudiantes` VALUES ('516', 'Yostin ', 'Paulino ', '12', 'PROVINCIA ESPAILLAT MOCA ', '46', 'Polideportivo de Moca ', '9', '', '0', '', 'DOM-2541', null, null, null, null, '', '', '', null, null, null, null, null, null, '0', '0', null, null, null, null, null, null, null, null, null, null, null, null, null, null, null, null, null, null, null, null, '1', null, null);
INSERT INTO `estudiantes` VALUES ('517', 'YOSTIN MICHAEL', 'PUNTIER BATISTA', '10', 'LA VEGA', '33', 'Centro de Tkd Vctor Sanchez ', '15', '', '0', '', 'DOM-3172', null, null, null, null, '', '', '', null, null, null, null, null, null, '0', '0', null, null, null, null, null, null, null, null, null, null, null, null, null, null, null, null, null, null, null, null, '1', null, null);
INSERT INTO `estudiantes` VALUES ('518', 'Yunior Rafael', 'Pérez ', '1', 'MONTE PLATA', '3', 'Club Diego Soriano ', '19', 'JUAN JUNIOR MEJIA', '0', '', 'PAGO', null, null, null, null, '', '', '', null, null, null, null, null, null, '0', '0', null, null, null, null, null, null, null, null, null, null, null, null, null, null, null, null, null, null, null, null, '1', null, null);

-- ----------------------------
-- Table structure for `grados`
-- ----------------------------
DROP TABLE IF EXISTS `grados`;
CREATE TABLE `grados` (
  `id` int(11) NOT NULL AUTO_INCREMENT,
  `nombre` varchar(50) DEFAULT '',
  `nivel` varchar(8) DEFAULT NULL,
  `nota` varchar(1024) DEFAULT NULL,
  PRIMARY KEY (`id`)
) ENGINE=InnoDB AUTO_INCREMENT=15 DEFAULT CHARSET=utf8mb4;

-- ----------------------------
-- Records of grados
-- ----------------------------
INSERT INTO `grados` VALUES ('1', 'BLANCO', null, null);
INSERT INTO `grados` VALUES ('2', 'AMARILLO', null, null);
INSERT INTO `grados` VALUES ('3', 'VERDE', null, null);
INSERT INTO `grados` VALUES ('4', 'MARRON', null, null);
INSERT INTO `grados` VALUES ('5', 'NEGRO', null, null);
INSERT INTO `grados` VALUES ('6', 'AZUL', null, null);
INSERT INTO `grados` VALUES ('7', 'AZUL P. NEGRA', null, null);
INSERT INTO `grados` VALUES ('8', 'BLANCO P. AMARILLA', null, null);
INSERT INTO `grados` VALUES ('9', 'BLANCO P. NEGRA', null, null);
INSERT INTO `grados` VALUES ('10', 'MORADO', null, null);
INSERT INTO `grados` VALUES ('11', 'MORADO P. NEGRA', null, null);
INSERT INTO `grados` VALUES ('12', 'NARANJA', null, null);
INSERT INTO `grados` VALUES ('13', 'NARANJA P. NEGRA', null, null);
INSERT INTO `grados` VALUES ('14', 'VERDE P. NEGRA', null, null);

-- ----------------------------
-- Table structure for `municipios`
-- ----------------------------
DROP TABLE IF EXISTS `municipios`;
CREATE TABLE `municipios` (
  `codigo` int(11) NOT NULL AUTO_INCREMENT,
  `id_dep` varchar(4) DEFAULT NULL,
  `id_pro` varchar(4) DEFAULT NULL,
  `descripcion` varchar(30) DEFAULT '',
  `det_pro` varchar(30) DEFAULT NULL,
  `codprovincia` int(11) DEFAULT NULL,
  `provincia` varchar(30) DEFAULT NULL,
  PRIMARY KEY (`codigo`),
  KEY `provincias` (`provincia`)
) ENGINE=MyISAM AUTO_INCREMENT=1068 DEFAULT CHARSET=latin1;

-- ----------------------------
-- Records of municipios
-- ----------------------------
INSERT INTO `municipios` VALUES ('1', '2', '1', 'Azua de Compostela', 'Azua de Compostela', '2', 'Azua');
INSERT INTO `municipios` VALUES ('2', '2', '2', 'Estebania', 'Estebania', '2', 'Azua');
INSERT INTO `municipios` VALUES ('3', '2', '3', 'Gayabal', 'Gayabal', '2', 'Azua');
INSERT INTO `municipios` VALUES ('4', '2', '4', 'Las Charcas', 'Las Charcas', '2', 'Azua');
INSERT INTO `municipios` VALUES ('5', '2', '5', 'Las yayas de Viajama', 'Las yayas de Viajama', '2', 'Azua');
INSERT INTO `municipios` VALUES ('6', '2', '6', 'Padre las Casas', 'Padre de las Casas', '2', 'Azua');
INSERT INTO `municipios` VALUES ('7', '2', '7', 'Peralta', 'Peralta', '2', 'Azua');
INSERT INTO `municipios` VALUES ('8', '2', '8', 'Pueblo viejo', 'Pueblo viejo', '2', 'Azua');
INSERT INTO `municipios` VALUES ('9', '2', '9', 'Sabana Yegua', 'Sabana Yegua', '2', 'Azua');
INSERT INTO `municipios` VALUES ('10', '2', '10', 'Tabara Arriba', 'Tabara Arriba', '2', 'Azua');
INSERT INTO `municipios` VALUES ('11', '3', '11', 'Neiba', 'Neibauerra', '3', 'Bahoruco');
INSERT INTO `municipios` VALUES ('12', '3', '12', 'Galvan', 'Galvan', '3', 'Bahoruco');
INSERT INTO `municipios` VALUES ('13', '3', '13', 'Los Rios', 'Los Rios', '3', 'Bahoruco');
INSERT INTO `municipios` VALUES ('14', '3', '14', 'Tamayo', 'Tamayo', '3', 'Bahoruco');
INSERT INTO `municipios` VALUES ('15', '3', '15', 'Villa Jaragua', 'Villa Jaragua', '3', 'Bahoruco');
INSERT INTO `municipios` VALUES ('16', '4', '16', 'Barahona', 'Barahona', '4', 'Barahona');
INSERT INTO `municipios` VALUES ('17', '4', '17', 'Cabral', 'Cabral', '4', 'Barahona');
INSERT INTO `municipios` VALUES ('18', '4', '18', 'El Pe?on', 'El Pe?on', '4', 'Barahona');
INSERT INTO `municipios` VALUES ('19', '4', '19', 'Enriquillo', 'Enriquillo', '4', 'Barahona');
INSERT INTO `municipios` VALUES ('20', '4', '20', 'Fundacion', 'Fundacion', '4', 'Barahona');
INSERT INTO `municipios` VALUES ('21', '4', '21', 'Jaquimeyes', 'Jaquimeyes', '4', 'Barahona');
INSERT INTO `municipios` VALUES ('22', '4', '22', 'La Cienaga', 'La Cienaga', '4', 'Barahona');
INSERT INTO `municipios` VALUES ('23', '4', '23', 'Las Salinas', 'Las Salinas', '4', 'Barahona');
INSERT INTO `municipios` VALUES ('24', '4', '24', 'Paraiso', 'Paraiso', '4', 'Barahona');
INSERT INTO `municipios` VALUES ('25', '4', '25', 'Polo', 'Polo', '4', 'Barahona');
INSERT INTO `municipios` VALUES ('26', '4', '26', 'Vicente Noble', 'Vicente Noble', '4', 'Barahona');
INSERT INTO `municipios` VALUES ('27', '5', '27', 'Dajabon', 'Dajabon', '5', 'Dajabon');
INSERT INTO `municipios` VALUES ('28', '5', '28', 'El Pino', 'El Pino', '5', 'Dajabon');
INSERT INTO `municipios` VALUES ('29', '5', '29', 'Loma de Cabrera', 'Loma de Cabrera', '5', 'Dajabon');
INSERT INTO `municipios` VALUES ('30', '5', '30', 'Partido', 'Partido', '5', 'Dajabon');
INSERT INTO `municipios` VALUES ('31', '5', '31', 'Restauracion', 'Restauracion', '5', 'Dajabon');
INSERT INTO `municipios` VALUES ('32', '6', '32', 'San Francisco de Macoris', 'San Francisco de Macoris', '6', 'Duarte');
INSERT INTO `municipios` VALUES ('33', '6', '33', 'Arenoso', 'Arenoso', '6', 'Duarte');
INSERT INTO `municipios` VALUES ('34', '6', '34', 'Castillo', 'Castillo', '6', 'Duarte');
INSERT INTO `municipios` VALUES ('35', '6', '35', 'Eugenio Maria de Hostos', 'Eugenio Maria de Hostos', '6', 'Duarte');
INSERT INTO `municipios` VALUES ('36', '6', '36', 'Las Guaranas', 'Las Guaranas', '6', 'Duarte');
INSERT INTO `municipios` VALUES ('37', '6', '37', 'Pimentel', 'Pimentel', '6', 'Duarte');
INSERT INTO `municipios` VALUES ('38', '6', '38', 'Villa Riva', 'Villa Riva', '6', 'Duarte');
INSERT INTO `municipios` VALUES ('39', '7', '39', 'El Seibo', 'El Seibo', '7', 'EL SEIBO');
INSERT INTO `municipios` VALUES ('40', '7', '40', 'Miches', 'Miches', '7', 'EL SEIBO');
INSERT INTO `municipios` VALUES ('41', '8', '41', 'Comendador', 'Comendador', '8', 'Elias Pina');
INSERT INTO `municipios` VALUES ('42', '8', '42', 'Banica', 'banica', '8', 'Elias Pina');
INSERT INTO `municipios` VALUES ('43', '8', '42', 'El Llano', 'El Llano', '8', 'Elias Pina');
INSERT INTO `municipios` VALUES ('44', '8', '44', 'Hondo Valle', 'Hondo Valle', '8', 'Elias Pina');
INSERT INTO `municipios` VALUES ('45', '8', '45', 'Juan Santiago', 'Juan Santiago', '8', 'Elias Pina');
INSERT INTO `municipios` VALUES ('46', '8', '46', 'Pedro Santana', 'Pedro Santana', '8', 'Elias Pina');
INSERT INTO `municipios` VALUES ('47', '9', '47', 'Moca', 'Moca', '9', 'Espaillat');
INSERT INTO `municipios` VALUES ('48', '9', '48', 'Cayetano Germosen', 'Cayetano Germosen', '9', 'Espaillat');
INSERT INTO `municipios` VALUES ('49', '9', '49', 'Gaspar Hernandez', 'Gaspar Hernandez', '9', 'Espaillat');
INSERT INTO `municipios` VALUES ('50', '9', '50', 'Jamao al Norte', 'Jamao al Norte', '9', 'Espaillat');
INSERT INTO `municipios` VALUES ('51', '10', '51', 'Hato Mayor del Rey', 'Hato Mayor del Rey', '10', 'Hato Mayor');
INSERT INTO `municipios` VALUES ('52', '10', '52', 'El Valle', 'El Valle', '10', 'Hato Mayor');
INSERT INTO `municipios` VALUES ('53', '10', '53', 'Sabana de la Mar', 'Sabana de la Mar', '10', 'Hato Mayor');
INSERT INTO `municipios` VALUES ('54', '11', '54', 'Hato Mayor del Rey', 'Hato Mayor del Rey', '11', 'Hermanas Mirabal');
INSERT INTO `municipios` VALUES ('55', '11', '55', 'El Valle', 'El Valle', '11', 'Hermanas Mirabal');
INSERT INTO `municipios` VALUES ('56', '11', '56', 'Sabana de la Mar', 'Sabana de la Mar', '11', 'Hermanas Mirabal');
INSERT INTO `municipios` VALUES ('57', '12', '56', 'Jimani', 'Jimani', '12', 'Independencia');
INSERT INTO `municipios` VALUES ('58', '12', '58', 'Cristobal', 'Cristobal', '12', 'Independencia');
INSERT INTO `municipios` VALUES ('59', '12', '59', 'Duverge', 'Duverge', '12', 'Independencia');
INSERT INTO `municipios` VALUES ('60', '12', '60', 'La Descubierta', 'La Descubierta', '12', 'Independencia');
INSERT INTO `municipios` VALUES ('61', '12', '61', 'Mella', 'Mella', '12', 'Independencia');
INSERT INTO `municipios` VALUES ('62', '12', '62', 'Postrer Rio', 'Postrer Rio', '12', 'Independencia');
INSERT INTO `municipios` VALUES ('63', '13', '63', 'Higuey', 'Higuey', '13', 'La Altagracia');
INSERT INTO `municipios` VALUES ('64', '13', '64', 'San Rafael del Yuma', 'San Rafael del Yuma', '13', 'La Altagracia');
INSERT INTO `municipios` VALUES ('65', '14', '65', 'La Romana', 'La Romana', '14', 'La Romana');
INSERT INTO `municipios` VALUES ('66', '14', '66', 'Guaymate', 'Guaymate', '14', 'La Romana');
INSERT INTO `municipios` VALUES ('67', '14', '67', 'Villa Hermosa', 'Villa Hermosa', '14', 'La Romana');
INSERT INTO `municipios` VALUES ('68', '15', '68', 'Concepcion de La Vega', 'Concepcion de La Vega', '15', 'La Vega');
INSERT INTO `municipios` VALUES ('69', '15', '69', 'Constanza', 'Constanza', '15', 'La Vega');
INSERT INTO `municipios` VALUES ('70', '15', '70', 'Jarabacoa', 'Jarabacoa', '15', 'La Vega');
INSERT INTO `municipios` VALUES ('71', '15', '71', 'Jima Abajo', 'Jima Abajo', '15', 'La Vega');
INSERT INTO `municipios` VALUES ('72', '16', '72', 'Nagua', 'Nagua', '16', 'Maria Trinidad Sanchez');
INSERT INTO `municipios` VALUES ('73', '16', '73', 'Cabrera', 'Cabrera', '16', 'Maria Trinidad Sanchez');
INSERT INTO `municipios` VALUES ('74', '16', '74', 'El Factor', 'El Factor', '16', 'Maria Trinidad Sanchez');
INSERT INTO `municipios` VALUES ('75', '16', '75', 'R?o San Juan', 'R?o San Juan', '16', 'Maria Trinidad Sanchez');
INSERT INTO `municipios` VALUES ('76', '17', '76', 'Bonao', 'Bonao', '17', 'Monsenol Nouel');
INSERT INTO `municipios` VALUES ('77', '17', '77', 'Maimon', 'Maimon', '17', 'Monsenol Nouel');
INSERT INTO `municipios` VALUES ('78', '17', '78', 'Piedra Blanca', 'Piedra Blanca', '17', 'Monsenol Nouel');
INSERT INTO `municipios` VALUES ('79', '18', '79', 'Monte Cristi', 'Monte Cristi', '18', 'Monte Cristi');
INSERT INTO `municipios` VALUES ('80', '18', '80', 'Castanuela', 'Castanuela', '18', 'Monte Cristi');
INSERT INTO `municipios` VALUES ('81', '18', '81', 'Guayubin', 'Guayubin', '18', 'Monte Cristi');
INSERT INTO `municipios` VALUES ('82', '18', '82', 'Las Matas de Santa Cruz', 'Las Matas de Santa Cruz', '18', 'Monte Cristi');
INSERT INTO `municipios` VALUES ('83', '18', '83', 'Pepillo Salcedo', 'Pepillo Salcedo', '18', 'Monte Cristi');
INSERT INTO `municipios` VALUES ('84', '18', '84', 'Villa Vasquez', 'Villa Vasquez', '18', 'Monte Cristi');
INSERT INTO `municipios` VALUES ('85', '19', '85', 'Monte Plata', 'Monte Plata', '19', 'Monte Plata');
INSERT INTO `municipios` VALUES ('86', '19', '86', 'Bayaguana', 'Bayaguana', '19', 'Monte Plata');
INSERT INTO `municipios` VALUES ('87', '19', '87', 'Peralvillo', 'Peralvillo', '19', 'Monte Plata');
INSERT INTO `municipios` VALUES ('88', '19', '88', 'Sabana Grande de Boya', 'Sabana Grande de Boya', '19', 'Monte Plata');
INSERT INTO `municipios` VALUES ('89', '19', '89', 'Yamasa', 'Yamasa', '19', 'Monte Plata');
INSERT INTO `municipios` VALUES ('90', '20', '90', 'Pedernales', 'Pedernales', '20', 'Pedernales');
INSERT INTO `municipios` VALUES ('91', '20', '91', 'Oviedo', 'Oviedo', '20', 'Pedernales');
INSERT INTO `municipios` VALUES ('92', '21', '92', 'Bani', 'Bani', '21', 'Peravia');
INSERT INTO `municipios` VALUES ('93', '21', '93', 'Nizao', 'Nizao', '21', 'Peravia');
INSERT INTO `municipios` VALUES ('94', '22', '94', 'Puerto Plata', 'Puerto Plata', '22', 'Puerto Plata');
INSERT INTO `municipios` VALUES ('95', '22', '95', 'Altamira', 'Altamira', '22', 'Puerto Plata');
INSERT INTO `municipios` VALUES ('96', '22', '96', 'Guananico', 'Guananico', '22', 'Puerto Plata');
INSERT INTO `municipios` VALUES ('97', '22', '97', 'Imbert', 'Imbert', '22', 'Puerto Plata');
INSERT INTO `municipios` VALUES ('98', '22', '98', 'Los Hidalgos', 'Los Hidalgos', '22', 'Puerto Plata');
INSERT INTO `municipios` VALUES ('99', '22', '99', 'Luperon', 'Luperon', '22', 'Puerto Plata');
INSERT INTO `municipios` VALUES ('100', '22', '100', 'Sosua', 'Sosua', '22', 'Puerto Plata');
INSERT INTO `municipios` VALUES ('101', '22', '101', 'Villa Isabela', 'Villa Isabela', '22', 'Puerto Plata');
INSERT INTO `municipios` VALUES ('102', '22', '102', 'Villa Montellano', 'Villa Montellano', '22', 'Puerto Plata');
INSERT INTO `municipios` VALUES ('103', '23', '103', 'Samana', 'Samana', '23', 'Samana');
INSERT INTO `municipios` VALUES ('104', '23', '104', 'Las Terrenas', 'Las Terrenas', '23', 'Samana');
INSERT INTO `municipios` VALUES ('105', '23', '105', 'Sanchez', 'Sanchez', '23', 'Samana');
INSERT INTO `municipios` VALUES ('106', '24', '106', 'San Cristobal', 'San Cristobal', '24', 'San Cristobal');
INSERT INTO `municipios` VALUES ('107', '24', '107', 'Haina', 'Haina', '24', 'San Cristobal');
INSERT INTO `municipios` VALUES ('108', '24', '108', 'Cambita Garabito', 'Cambita Garabito', '24', 'San Cristobal');
INSERT INTO `municipios` VALUES ('109', '24', '109', 'Los Cacaos', 'Los Cacaos', '24', 'San Cristobal');
INSERT INTO `municipios` VALUES ('110', '24', '110', 'Sabana Grande de Palenque', 'Sabana Grande de Palenque', '24', 'San Cristobal');
INSERT INTO `municipios` VALUES ('111', '24', '111', 'San Gregorio de Nigua', 'San Gregorio de Nigua', '24', 'San Cristobal');
INSERT INTO `municipios` VALUES ('112', '24', '112', 'Villa Altagracia', 'Villa Altagracia', '17', 'Monsenol Nouel');
INSERT INTO `municipios` VALUES ('113', '24', '113', 'Yaguate', 'Yaguate', '24', 'San Cristobal');
INSERT INTO `municipios` VALUES ('114', '25', '114', 'San Jose de Ocoa', 'San Jose de Ocoa', '25', 'San Jose de Ocoa');
INSERT INTO `municipios` VALUES ('115', '25', '115', 'Rancho Arriba', 'Rancho Arriba', '25', 'San Jose de Ocoa');
INSERT INTO `municipios` VALUES ('116', '25', '116', 'Sabana Larga', 'Sabana Larga', '25', 'San Jose de Ocoa');
INSERT INTO `municipios` VALUES ('117', '26', '117', 'San Juan de la Maguana', 'San Juan de la Maguana', '26', 'San Juan');
INSERT INTO `municipios` VALUES ('118', '26', '118', 'Bohechio', 'Bohechio', '26', 'San Juan');
INSERT INTO `municipios` VALUES ('119', '26', '119', 'El Cercado', 'El Cercado', '26', 'San Juan');
INSERT INTO `municipios` VALUES ('120', '26', '120', 'Juan de Herrera', 'Juan de Herrera', '26', 'San Juan');
INSERT INTO `municipios` VALUES ('121', '26', '121', 'Las Matas de Farfan', 'Las Matas de Farfan', '26', 'San Juan');
INSERT INTO `municipios` VALUES ('122', '26', '122', 'Vallejuelo', 'Vallejuelo', '26', 'San Juan');
INSERT INTO `municipios` VALUES ('123', '27', '123', 'San Pedro de Macoris', 'San Pedro de Macoris', '27', 'San Pedro de Macoris');
INSERT INTO `municipios` VALUES ('124', '27', '124', 'Consuelo', 'Consuelo', '27', 'San Pedro de Macoris');
INSERT INTO `municipios` VALUES ('125', '27', '125', 'Guayacanes', 'Guayacanes', '27', 'San Pedro de Macoris');
INSERT INTO `municipios` VALUES ('126', '27', '126', 'Quisqueya', 'Quisqueya', '27', 'San Pedro de Macoris');
INSERT INTO `municipios` VALUES ('127', '27', '127', 'Ram?n Santana', 'Ram?n Santana', '27', 'San Pedro de Macoris');
INSERT INTO `municipios` VALUES ('128', '27', '128', 'San Jos? de Los Llanos', 'San Jos? de Los Llanos', '27', 'San Pedro de Macoris');
INSERT INTO `municipios` VALUES ('129', '28', '129', 'Cotui', 'Cotui', '28', 'Sanchez Ramirez');
INSERT INTO `municipios` VALUES ('130', '28', '130', 'Cevicos', 'Cevicos', '28', 'Sanchez Ramirez');
INSERT INTO `municipios` VALUES ('132', '28', '132', 'Fantino', 'Fantino', '28', 'Sanchez Ramirez');
INSERT INTO `municipios` VALUES ('133', '28', '133', 'La Mata', 'La Mata', '28', 'Sanchez Ramirez');
INSERT INTO `municipios` VALUES ('134', '29', '134', 'Santiago de los Caballeros', 'Santiago de los Caballeros', '29', 'Santiago');
INSERT INTO `municipios` VALUES ('135', '29', '135', 'Bisono', 'Bisono', '29', 'Santiago');
INSERT INTO `municipios` VALUES ('136', '29', '136', 'Janico', 'Janico', '29', 'Santiago');
INSERT INTO `municipios` VALUES ('137', '29', '137', 'Licey al Medio', 'Licey al Medio', '29', 'Santiago');
INSERT INTO `municipios` VALUES ('138', '29', '138', 'Punal', 'Punal', '29', 'Santiago');
INSERT INTO `municipios` VALUES ('139', '29', '139', 'Sabana Iglesia', 'Sabana Iglesia', '29', 'Santiago');
INSERT INTO `municipios` VALUES ('140', '29', '140', 'San Jose de las Matas', 'San Jose de las Matas', '29', 'Santiago');
INSERT INTO `municipios` VALUES ('141', '29', '141', 'Tamboril', 'Tamboril', '29', 'Santiago');
INSERT INTO `municipios` VALUES ('142', '29', '142', 'Villa Gonzalez', 'Villa Gonzalez', '29', 'Santiago');
INSERT INTO `municipios` VALUES ('143', '30', '143', 'San Ignacio de Sabaneta', 'San Ignacio de Sabaneta', '30', 'Santiago Rodriguez');
INSERT INTO `municipios` VALUES ('144', '30', '144', 'Los Almacigos', 'Los Almacigos', '30', 'Santiago Rodriguez');
INSERT INTO `municipios` VALUES ('145', '30', '145', 'Moncion', 'Moncion', '30', 'Santiago Rodriguez');
INSERT INTO `municipios` VALUES ('146', '31', '146', 'Santo Domingo Este', 'Santo Domingo Este', '31', 'Santo Domingo');
INSERT INTO `municipios` VALUES ('147', '31', '147', 'Boca Chica', 'Boca Chica', '31', 'Santo Domingo');
INSERT INTO `municipios` VALUES ('148', '31', '148', 'Los Alcarrizos', 'Los Alcarrizos', '31', 'Santo Domingo');
INSERT INTO `municipios` VALUES ('149', '31', '149', 'Pedro Brand', 'Pedro Brand', '31', 'Santo Domingo');
INSERT INTO `municipios` VALUES ('150', '31', '150', 'San Antonio de Guerra', 'San Antonio de Guerra', '31', 'Santo Domingo');
INSERT INTO `municipios` VALUES ('151', '31', '151', 'Santo Domingo Norte', 'Santo Domingo Norte', '31', 'Santo Domingo');
INSERT INTO `municipios` VALUES ('152', '31', '152', 'Santo Domingo Oeste', 'Santo Domingo Oeste', '31', 'Santo Domingo');
INSERT INTO `municipios` VALUES ('153', '32', '153', 'Mao', 'Mao', '32', 'Valverde');
INSERT INTO `municipios` VALUES ('154', '32', '154', 'Esperanza', 'Esperanza', '32', 'Valverde');
INSERT INTO `municipios` VALUES ('155', '32', '155', 'Laguna Salada', 'Laguna Salada', '32', 'Valverde');
INSERT INTO `municipios` VALUES ('156', '32', '156', 'Distrito Nacional', 'Distrito Nacional', '32', 'Santo Domingo');
INSERT INTO `municipios` VALUES ('158', '3', '158', 'Bahoruco', 'Bahoruco', '3', 'Bahoruco');
INSERT INTO `municipios` VALUES ('159', '1', '159', 'Distrito Nacional', 'Distrito Nacional', '1', 'Distrito Nacional');
INSERT INTO `municipios` VALUES ('165', '26', '118', 'Hato del Padre', 'Hato del Padre', '26', 'San Juan');
INSERT INTO `municipios` VALUES ('1063', '11', '160', 'Salcedo', 'Salcedo', '11', 'Hermanas Mirabal');
INSERT INTO `municipios` VALUES ('1064', '11', '161', 'Tenares', 'Tenares', '11', 'Hermanas Mirabal');
INSERT INTO `municipios` VALUES ('1065', '29', '162', 'Navarrete', 'Navarete', '29', 'Santiago');
INSERT INTO `municipios` VALUES ('1066', '11', '163', 'Villa Tapia', 'Villa Tapia', '11', 'Hermanas Mirabal');
INSERT INTO `municipios` VALUES ('1067', null, null, '', null, null, null);

-- ----------------------------
-- Table structure for `provincias`
-- ----------------------------
DROP TABLE IF EXISTS `provincias`;
CREATE TABLE `provincias` (
  `codigo` int(11) NOT NULL DEFAULT '0',
  `idprovincia` varchar(2) DEFAULT NULL,
  `descripcion` varchar(30) NOT NULL DEFAULT '',
  `id_dep` varchar(4) DEFAULT NULL,
  `det_dep` varchar(30) DEFAULT NULL,
  `nombdirecadj` varchar(30) DEFAULT NULL,
  `apelldirecadj` varchar(30) DEFAULT NULL,
  `ceduladirecadj` varchar(15) DEFAULT NULL,
  `celuladirecadj` varchar(15) DEFAULT NULL,
  `rangodirecadj` varchar(20) DEFAULT NULL,
  `nombencrecep` varchar(30) DEFAULT NULL,
  `apellencrecep` varchar(30) DEFAULT NULL,
  `cedulaencrecep` varchar(30) DEFAULT NULL,
  `rangoencrecep` varchar(15) DEFAULT NULL,
  `celulaencrecep` varchar(15) DEFAULT NULL,
  `regional` varchar(64) DEFAULT NULL,
  PRIMARY KEY (`codigo`,`descripcion`),
  KEY `provincias` (`descripcion`)
) ENGINE=MyISAM DEFAULT CHARSET=latin1;

-- ----------------------------
-- Records of provincias
-- ----------------------------
INSERT INTO `provincias` VALUES ('1', '1', 'Distrito Nacional', '1', 'Distrito Nacional', null, null, null, null, null, null, null, null, null, null, 'Regional del Distrito');
INSERT INTO `provincias` VALUES ('2', '2', 'Azua', '1', 'Azua', 'Marcial Miguel', 'Perez Garo', '001-0875322-5', '809-342-2453', '809-598-34530', null, null, null, null, null, 'Regional Sur Central');
INSERT INTO `provincias` VALUES ('3', '3', 'Bahoruco', '2', 'Bahoruco', null, null, null, null, null, null, null, null, null, null, 'Regional Sur');
INSERT INTO `provincias` VALUES ('4', '4', 'Barahona', '3', 'Barahona', 'Luis Alberto ', 'Sanchez Garo', null, null, null, null, null, null, null, null, 'Regional Sur');
INSERT INTO `provincias` VALUES ('5', '5', 'Dajabon', '4', 'Dajabon', 'Nicaragua gran ', 'Saludo Mutuo', null, null, null, null, null, null, null, null, 'Regional Noroeste');
INSERT INTO `provincias` VALUES ('6', '6', 'Duarte', '5', 'Duarte', null, null, null, null, null, null, null, null, null, null, 'Regional Noreste');
INSERT INTO `provincias` VALUES ('7', '7', 'Elias Pina', '6', 'Elias Pina', null, null, null, null, null, null, null, null, null, null, 'Regional Suroeste');
INSERT INTO `provincias` VALUES ('8', '8', 'El Seibo', '7', 'El Seibo', null, null, null, null, null, null, null, null, null, null, 'Regional Este');
INSERT INTO `provincias` VALUES ('9', '9', 'Espaillat', '8', 'Espaillat', null, null, null, null, null, null, null, null, null, null, 'Regional La Vega');
INSERT INTO `provincias` VALUES ('10', '10', 'Hato Mayor', '9', 'Hato Mayor', null, null, null, null, null, null, null, null, null, null, 'Regional Sureste');
INSERT INTO `provincias` VALUES ('11', '11', 'Hermanas Mirabal', '10', 'Hermanas Mirabal', null, null, null, null, null, null, null, null, null, null, 'Regional Noreste');
INSERT INTO `provincias` VALUES ('12', '12', 'Independencia', '11', 'Independencia', null, null, null, null, null, null, null, null, null, null, 'Regional Sur');
INSERT INTO `provincias` VALUES ('13', '13', 'La Altagracia', '12', 'La Altagracia', 'Juan Thomas ', 'Villa Arrendel', null, null, null, null, null, null, null, null, 'Regional La Altagracia');
INSERT INTO `provincias` VALUES ('14', '14', 'La Romana', '13', 'La Romana', null, null, null, null, null, null, null, null, null, null, 'Regional Este');
INSERT INTO `provincias` VALUES ('15', '15', 'La Vega', '14', 'La Vega', null, null, null, null, null, null, null, null, null, null, 'Regional La Vega');
INSERT INTO `provincias` VALUES ('16', '16', 'Maria Trinidad Sanchez', '15', 'Maria Trinidad Sanchez', null, null, null, null, null, null, null, null, null, null, 'Regional Maria Trinidad Sanchez');
INSERT INTO `provincias` VALUES ('17', '17', 'Monsenol Nouel', '16', 'Monsenol Nouel', null, null, null, null, null, null, null, null, null, null, 'Regional Cibao Sur');
INSERT INTO `provincias` VALUES ('18', '18', 'Monte Cristi', '17', 'Monte Cristi', null, null, null, null, null, null, null, null, null, null, 'Regional Noroeste');
INSERT INTO `provincias` VALUES ('19', '19', 'Monte Plata', '18', 'Monte Plata', null, null, null, null, null, null, null, null, null, null, 'Regional Sto. Dgo. Norte');
INSERT INTO `provincias` VALUES ('20', '20', 'Pedernales', '19', 'Pedernales', null, null, null, null, null, null, null, null, null, null, 'Regional Sur');
INSERT INTO `provincias` VALUES ('21', '21', 'Peravia', '20', 'Peravia', null, null, null, null, null, null, null, null, null, null, 'Regional Sur Central');
INSERT INTO `provincias` VALUES ('22', '22', 'Puerto Plata', '21', 'Puerto Plata', null, null, null, null, null, null, null, null, null, null, 'Regional Norte');
INSERT INTO `provincias` VALUES ('23', '23', 'Samana', '22', 'Samana', null, null, null, null, null, null, null, null, null, null, 'Regional Maria Trinidad Sanchez');
INSERT INTO `provincias` VALUES ('24', '24', 'Sanchez Ramirez', '23', 'Sanchez Ramirez', null, null, null, null, null, null, null, null, null, null, 'Regional Cibao Sur');
INSERT INTO `provincias` VALUES ('25', '25', 'San Cristobal', '24', 'San Cristobal', null, null, null, null, null, null, null, null, null, null, 'Regional San Cristobal');
INSERT INTO `provincias` VALUES ('26', '26', 'San Jose de Ocoa', '25', 'San Jose de Ocoa', null, null, null, null, null, null, null, null, null, null, 'Regional Sur Central');
INSERT INTO `provincias` VALUES ('27', '27', 'San Juan', '26', 'San Juan', null, null, null, null, null, null, null, null, null, null, 'Regional Suroeste');
INSERT INTO `provincias` VALUES ('28', '28', 'San Pedro de Macoris', '27', 'San Pedro de Macoris', null, null, null, null, null, null, null, null, null, null, 'Regional Sureste');
INSERT INTO `provincias` VALUES ('29', '29', 'Santiago', '28', 'Santiago', null, null, null, null, null, null, null, null, null, null, 'Regional Cibao Central');
INSERT INTO `provincias` VALUES ('30', '30', 'Santiago Rodriguez', '29', 'Santiago Rodriguez', null, null, null, null, null, null, null, null, null, null, 'Regional Noroeste');
INSERT INTO `provincias` VALUES ('31', '31', 'Santo Domingo', '30', 'Santo Domingo', 'Carlos De Los Santos', 'Jimenez Peralta', null, null, null, null, null, null, null, null, 'Regional Sto. Dgo. Este');
INSERT INTO `provincias` VALUES ('33', '33', 'Valverde', '32', 'Valverde', null, null, null, null, null, null, null, null, null, null, 'Regional Noroeste');
INSERT INTO `provincias` VALUES ('36', null, '', null, null, null, null, null, null, null, null, null, null, null, null, null);
INSERT INTO `provincias` VALUES ('37', '31', 'Santo Domingo', '30', 'Santo Domingo', 'Carlos De Los Santos', 'Jimenez Peralta', '', '', '', '', '', '', '', '', 'Regional Sto. Dgo. Norte');
INSERT INTO `provincias` VALUES ('38', '31', 'Santo Domingo', '30', 'Santo Domingo', 'Carlos De Los Santos', 'Jimenez Peralta', '', '', '', '', '', '', '', '', 'Regional Sto. Dgo. Oeste');

-- ----------------------------
-- Table structure for `torneos`
-- ----------------------------
DROP TABLE IF EXISTS `torneos`;
CREATE TABLE `torneos` (
  `id` int(11) NOT NULL AUTO_INCREMENT,
  `descripcion` varchar(64) DEFAULT NULL,
  `direccion` varchar(100) DEFAULT NULL,
  `provincia` varchar(64) DEFAULT NULL,
  `email` varchar(64) DEFAULT NULL,
  `telefono` varchar(16) DEFAULT NULL,
  `celular` varchar(16) DEFAULT NULL,
  `fecha_inic` date DEFAULT NULL,
  `fecha_fin` date DEFAULT NULL,
  `status` int(11) DEFAULT NULL,
  `nota` varchar(2000) DEFAULT NULL,
  PRIMARY KEY (`id`)
) ENGINE=InnoDB AUTO_INCREMENT=4 DEFAULT CHARSET=utf8mb4;

-- ----------------------------
-- Records of torneos
-- ----------------------------
INSERT INTO `torneos` VALUES ('1', 'Torneo Drango', null, null, null, null, null, null, null, '1', null);
INSERT INTO `torneos` VALUES ('2', 'Torneo del Distrito', null, null, null, null, null, null, null, '0', null);
INSERT INTO `torneos` VALUES ('3', 'Torneo Pedernales', null, null, null, null, null, null, null, '0', null);
